000
CXUS55 KCYS 011530
CLMCDR
CLIMATE REPORT
NATIONAL WEATHER SERVICE CHEYENNE WY
930 AM MDT SAT APR 01 2023
...................................
...THE CHADRON NEBRASKA AIRPORT CLIMATE SUMMARY FOR THE MONTH OF MARCH 2023...
CLIMATE NORMAL PERIOD 1991 TO 2020
CLIMATE RECORD PERIOD 1895 TO 2023
WEATHER OBSERVED NORMAL DEPART LAST YEAR`S
VALUE DATE(S) VALUE FROM VALUE DATE(S)
NORMAL
................................................................
TEMPERATURE (F)
RECORD
HIGH 85 03/31/1946
LOW -26 03/05/1989
HIGHEST 65 03/14 MM MM 83
03/15
LOWEST 10 03/04 MM MM -15
03/31
AVG. MAXIMUM 43.4 52.0 -8.6 51.6
AVG. MINIMUM 19.4 23.8 -4.4 21.0
MEAN 31.4 37.9 -6.5 36.3
DAYS MAX >= 90 0 0.0 0.0 0
DAYS MAX <= 32 7 3.1 3.9 7
DAYS MIN <= 32 31 26.2 4.8 26
DAYS MIN <= 0 0 1.2 -1.2 2
PRECIPITATION (INCHES)
RECORD
MAXIMUM 3.22 2000
TOTALS 0.08 0.81 -0.73 0.69
DAYS >= .01 2 4.7 -2.7 MM
DAYS >= .10 0 2.1 -2.1 MM
DAYS >= .50 0 0.4 -0.4 MM
DAYS >= 1.00 0 0.1 -0.1 MM
GREATEST
24 HR. TOTAL 0.04 03/31 TO 03/31 0.48 03/29 TO 03/30
DEGREE DAYS
HEATING TOTAL 1034 840 194 882
SINCE 7/1 6239 5902 337 MM
COOLING TOTAL 0 0 0 0
SINCE 1/1 0 0 0 MM
................................................................
WIND (MPH)
AVERAGE WIND SPEED 9.7
HIGHEST WIND SPEED/DIRECTION 39/170 DATE 03/05
HIGHEST GUST SPEED/DIRECTION 51/170 DATE 03/05
SKY COVER
POSSIBLE SUNSHINE (PERCENT) MM
AVERAGE SKY COVER 0.44
NUMBER OF DAYS FAIR 16
NUMBER OF DAYS PC 7
NUMBER OF DAYS CLOUDY 8
AVERAGE RH (PERCENT) 66
WEATHER CONDITIONS. NUMBER OF DAYS WITH
THUNDERSTORM 0 MIXED PRECIP 0
HEAVY RAIN 0 RAIN 0
LIGHT RAIN 1 FREEZING RAIN 0
LT FREEZING RAIN 0 HAIL 0
HEAVY SNOW 1 SNOW 6
LIGHT SNOW 15 SLEET 0
FOG 14 FOG W/VIS <= 1/4 MILE 3
HAZE 6
- INDICATES NEGATIVE NUMBERS.
R INDICATES RECORD WAS SET OR TIED.
MM INDICATES DATA IS MISSING.
T INDICATES TRACE AMOUNT.
$$