000
CXUS51 KLWX 011434
CF6CHO
PRELIMINARY LOCAL CLIMATOLOGICAL DATA (WS FORM: F-6)
STATION: CHARLOTTESVILLE VA
MONTH: SEPTEMBER
YEAR: 2021
LATITUDE: 38 7 N
LONGITUDE: 78 27 W
TEMPERATURE IN F: :PCPN: SNOW: WIND :SUNSHINE: SKY :PK WND
================================================================================
1 2 3 4 5 6A 6B 7 8 9 10 11 12 13 14 15 16 17 18
12Z AVG MX 2MIN
DY MAX MIN AVG DEP HDD CDD WTR SNW DPTH SPD SPD DIR MIN PSBL S-S WX SPD DR
================================================================================
1 78 69 74 0 0 9 0.94 M M 7.0 22 200 M M 8 18 30 180
2 81 59 70 -4 0 5 0.00 M M 4.8 14 350 M M 0 20 350
3 79 54 67 -7 0 2 0.00 M M 1.1 8 110 M M 0 11 110
4 82 57 70 -4 0 5 0.00 M M 3.8 13 200 M M 0 17 200
5 81 66 74 0 0 9 0.01 M M 3.8 10 180 M M 5 12 190
6 86 62 74 1 0 9 0.01 M M 2.5 10 30 M M 3 15 330
7 86 59 73 0 0 8 0.00 M M 2.3 12 180 M M 0 15 200
8 89 62 76 3 0 11 T M M 7.1 17 190 M M 2 22 180
9 81 62 72 0 0 7 0.03 M M 3.4 13 340 M M 4 1 18 330
10 77 58 68 -4 0 3 0.00 M M 4.1 14 330 M M 2 20 310
11 81 53 67 -5 0 2 0.00 M M 4.5 14 200 M M 1 18 190
12 87 61 74 2 0 9 0.00 M M 6.9 14 200 M M 0 19 190
13 90 67 79 8 0 14 0.00 M M 2.7 9 200 M M 0 1 12 210
14 91 67 79 8 0 14 0.00 M M 1.2 7 70 M M 0 1 9 190
15 90 68 79 8 0 14 0.00 M M 6.4 16 200 M M 0 1 20 180
16 84 70 77 7 0 12 0.14 M M 4.9 16 110 M M 6 1 22 100
17 82 71 77 7 0 12 T M M 4.7 12 50 M M 7 1 15 40
18 88 68 78 8 0 13 T M M 1.5 9 100 M M 4 12 12 100
19 88 66 77 8 0 12 0.00 M M 4.8 13 50 M M 1 1 16 40
20 77 67 72 3 0 7 T M M 3.8 8 60 M M 10 11 50
21 76 63 70 1 0 5 0.06 M M 3.8 9 160 M M 9 1 12 140
22 77 64 71 3 0 6 1.27 M M 9.2 22 160 M M 10 18 32 150
23 73 53 63 -5 2 0 0.09 M M 4.2 14 300 M M 3 1 18 270
24 75 47 61 -7 4 0 0.00 M M 1.2 8 20 M M 0 11 30
25 76 49 63 -4 2 0 0.00 M M 2.6 13 190 M M 1 1 18 210
26 77 54 66 -1 0 1 0.00 M M 3.8 9 320 M M 0 16 10
27 81 50 66 0 0 1 0.00 M M 5.2 13 190 M M 0 18 190
28 84 59 72 6 0 7 0.04 M M 6.2 29 30 M M 1 138 33 20
29 76 57 67 1 0 2 0.00 M M 4.0 9 140 M M 2 1 15 80
30 78 50 64 -1 1 0 0.00 M M 2.2 9 30 M M 1 1 13 10
================================================================================
SM 2451 1812 9 199 2.59 M 123.7 M 80
================================================================================
AV 81.7 60.4 4.1 FASTST M M 3 MAX(MPH)
MISC ----> 29 30 33 20
================================================================================
NOTES:
# LAST OF SEVERAL OCCURRENCES
COLUMN 17 PEAK WIND IN M.P.H.
PRELIMINARY LOCAL CLIMATOLOGICAL DATA (WS FORM: F-6) , PAGE 2
STATION: CHARLOTTESVILLE VA
MONTH: SEPTEMBER
YEAR: 2021
LATITUDE: 38 7 N
LONGITUDE: 78 27 W
[TEMPERATURE DATA] [PRECIPITATION DATA] SYMBOLS USED IN COLUMN 16
AVERAGE MONTHLY: 71.1 TOTAL FOR MONTH: 2.59 1 = FOG OR MIST
DPTR FM NORMAL: 0.7 DPTR FM NORMAL: -1.50 2 = FOG REDUCING VISIBILITY
HIGHEST: 91 ON 14 GRTST 24HR 3.08 ON 31- 1 TO 1/4 MILE OR LESS
LOWEST: 47 ON 24 3 = THUNDER
SNOW, ICE PELLETS, HAIL 4 = ICE PELLETS
TOTAL MONTH: M 5 = HAIL
GRTST 24HR M ON M 6 = FREEZING RAIN OR DRIZZLE
GRTST DEPTH: M ON M 7 = DUSTSTORM OR SANDSTORM:
VSBY 1/2 MILE OR LESS
8 = SMOKE OR HAZE
[NO. OF DAYS WITH] [WEATHER - DAYS WITH] 9 = BLOWING SNOW
X = TORNADO
MAX 32 OR BELOW: 0 0.01 INCH OR MORE: 9
MAX 90 OR ABOVE: 3 0.10 INCH OR MORE: 3
MIN 32 OR BELOW: 0 0.50 INCH OR MORE: 2
MIN 0 OR BELOW: 0 1.00 INCH OR MORE: 1
[HDD (BASE 65) ]
TOTAL THIS MO. 9 CLEAR (SCALE 0-3) 20
DPTR FM NORMAL -19 PTCLDY (SCALE 4-7) 7
TOTAL FM JUL 1 9 CLOUDY (SCALE 8-10) 3
DPTR FM NORMAL -18
[CDD (BASE 65) ]
TOTAL THIS MO. 199
DPTR FM NORMAL 10 [PRESSURE DATA]
TOTAL FM JAN 1 1597 HIGHEST SLP 30.28 ON 20
DPTR FM NORMAL 137 LOWEST SLP 29.52 ON 1
[REMARKS]
#FINAL-09-21#