000
CXUS52 KCHS 021347
CF6CHS
PRELIMINARY LOCAL CLIMATOLOGICAL DATA (WS FORM: F-6)
STATION: NORTH CHARLESTON SC
MONTH: JUNE
YEAR: 2021
LATITUDE: 32 54 N
LONGITUDE: 80 2 W
TEMPERATURE IN F: :PCPN: SNOW: WIND :SUNSHINE: SKY :PK WND
================================================================================
1 2 3 4 5 6A 6B 7 8 9 10 11 12 13 14 15 16 17 18
12Z AVG MX 2MIN
DY MAX MIN AVG DEP HDD CDD WTR SNW DPTH SPD SPD DIR MIN PSBL S-S WX SPD DR
================================================================================
1 80 58 69 -8 0 4 T 0.0 0 7.4 15 120 M M 7 23 120
2 85 68 77 0 0 12 T 0.0 0 9.0 20 140 M M 7 1 25 160
3 82 72 77 0 0 12 0.03 0.0 0 9.4 22 200 M M 7 1 27 200
4 90 71 81 4 0 16 0.86 0.0 0 7.4 18 340 M M 7 13 22 340
5 88 72 80 2 0 15 0.01 0.0 0 5.2 22 50 M M 8 3 31 50
6 82 75 79 1 0 14 0.04 0.0 0 7.4 14 170 M M 9 3 18 190
7 86 75 81 3 0 16 T 0.0 0 10.7 22 180 M M 8 26 170
8 88 74 81 3 0 16 T 0.0 0 7.9 16 180 M M 7 20 200
9 87 72 80 2 0 15 1.15 0.0 0 5.7 17 230 M M 7 138 22 260
10 90 72 81 2 0 16 0.05 0.0 0 8.8 18 200 M M 5 13 23 200
11 92 75 84 5 0 19 0.04 0.0 0 10.2 22 250 M M 6 38 29 240
12 88 71 80 1 0 15 1.91 0.0 0 8.0 23 30 M M 7 13 28 30
13 80 71 76 -3 0 11 1.18 0.0 0 6.3 14 20 M M 9 1 18 10
14 90 71 81 2 0 16 0.00 0.0 0 5.5 17 170 M M 5 1 21 180
15 94 71 83 3 0 18 0.12 0.0 0 7.7 23 140 M M 4 13 27 340
16 87 69 78 -2 0 13 0.12 0.0 0 5.8 22 50 M M 4 13 27 10
17 90 66 78 -2 0 13 0.00 0.0 0 5.4 13 350 M M 2 1 15 350
18 89 68 79 -1 0 14 0.00 0.0 0 5.3 15 160 M M 4 18 180
19 89 71 80 0 0 15 0.13 0.0 0 5.9 35 240 M M 7 18 46 240
20 87 73 80 0 0 15 0.85 0.0 0 14.5 29 200 M M 8 13 40 200
21 91 74 83 3 0 18 0.05 0.0 0 12.6 18 210 M M 6 1 24 270
22 80 73 77 -4 0 12 0.41 0.0 0 8.6 20 270 M M 8 1 27 240
23 84 69 77 -4 0 12 T 0.0 0 9.0 20 100 M M 6 25 110
24 84 67 76 -5 0 11 0.00 0.0 0 9.6 18 20 M M 4 28 50
25 87 66 77 -4 0 12 0.00 0.0 0 7.8 15 110 M M 6 19 120
26 87 71 79 -2 0 14 T 0.0 0 8.8 20 140 M M 5 38 24 160
27 88 74 81 0 0 16 T 0.0 0 8.4 18 130 M M 4 23 130
28 83 72 78 -3 0 13 0.25 0.0 0 12.1 25 130 M M 7 1 35 130
29 88 70 79 -3 0 14 T 0.0 0 7.4 15 140 M M 4 1 21 100
30 88 73 81 -1 0 16 T 0.0 0 6.0 15 150 M M 5 1 19 160
================================================================================
SM 2604 2124 0 423 7.20 0.0 243.8 M 183
================================================================================
AV 86.8 70.8 8.1 FASTST M M 6 MAX(MPH)
MISC ----> 35 240 46 240
================================================================================
NOTES:
# LAST OF SEVERAL OCCURRENCES
COLUMN 17 PEAK WIND IN M.P.H.
PRELIMINARY LOCAL CLIMATOLOGICAL DATA (WS FORM: F-6) , PAGE 2
STATION: NORTH CHARLESTON SC
MONTH: JUNE
YEAR: 2021
LATITUDE: 32 54 N
LONGITUDE: 80 2 W
[TEMPERATURE DATA] [PRECIPITATION DATA] SYMBOLS USED IN COLUMN 16
AVERAGE MONTHLY: 78.8 TOTAL FOR MONTH: 7.20 1 = FOG OR MIST
DPTR FM NORMAL: -0.6 DPTR FM NORMAL: 0.99 2 = FOG REDUCING VISIBILITY
HIGHEST: 94 ON 15 GRTST 24HR 3.09 ON 12-13 TO 1/4 MILE OR LESS
LOWEST: 58 ON 1 3 = THUNDER
SNOW, ICE PELLETS, HAIL 4 = ICE PELLETS
TOTAL MONTH: 0.0 INCH 5 = HAIL
GRTST 24HR 0.0 6 = FREEZING RAIN OR DRIZZLE
GRTST DEPTH: 0 7 = DUSTSTORM OR SANDSTORM:
VSBY 1/2 MILE OR LESS
8 = SMOKE OR HAZE
[NO. OF DAYS WITH] [WEATHER - DAYS WITH] 9 = BLOWING SNOW
X = TORNADO
MAX 32 OR BELOW: 0 0.01 INCH OR MORE: 16
MAX 90 OR ABOVE: 7 0.10 INCH OR MORE: 10
MIN 32 OR BELOW: 0 0.50 INCH OR MORE: 5
MIN 0 OR BELOW: 0 1.00 INCH OR MORE: 3
[HDD (BASE 65) ]
TOTAL THIS MO. 0 CLEAR (SCALE 0-3) 1
DPTR FM NORMAL 0 PTCLDY (SCALE 4-7) 25
TOTAL FM JUL 1 1687 CLOUDY (SCALE 8-10) 4
DPTR FM NORMAL -159
[CDD (BASE 65) ]
TOTAL THIS MO. 423
DPTR FM NORMAL -11 [PRESSURE DATA]
TOTAL FM JAN 1 818 HIGHEST SLP 30.27 ON 29
DPTR FM NORMAL -23 LOWEST SLP 29.70 ON 12
[REMARKS]
#FINAL-06-21#