000
CXUS55 KDVN 011000
CF6CID
PRELIMINARY LOCAL CLIMATOLOGICAL DATA (WS FORM: F-6)
STATION: CEDAR RAPIDS IA
MONTH: MARCH
YEAR: 2022
LATITUDE: 41 52 N
LONGITUDE: 91 42 W
TEMPERATURE IN F: :PCPN: SNOW: WIND :SUNSHINE: SKY :PK WND
================================================================================
1 2 3 4 5 6A 6B 7 8 9 10 11 12 13 14 15 16 17 18
12Z AVG MX 2MIN
DY MAX MIN AVG DEP HDD CDD WTR SNW DPTH SPD SPD DIR MIN PSBL S-S WX SPD DR
================================================================================
1 56 34 45 15 20 0 0.00 M M 6.3 14 10 M M 3 17 360
2 61 28 45 15 20 0 0.00 M M 7.0 18 10 M M 2 1 28 10
3 32 23 28 -3 37 0 0.00 M M 10.6 16 50 M M 6 21 30
4 45 23 34 3 31 0 T M M 16.0 26 120 M M 1 34 110
5 63 36 50 18 15 0 0.72 M M 12.3 39 250 M M 7 138 52 240
6 36 28 32 0 33 0 0.10 M M 17.3 37 270 M M 9 1 49 270
7 29 12 21 -11 44 0 0.03 M M 13.3 24 330 M M 7 1 30 320
8 33 6 20 -13 45 0 0.00 M M 7.6 17 200 M M 0 1 23 200
9 27 18 23 -10 42 0 0.00 M M 12.1 22 300 M M 4 28 330
10 19 13 16 -18 49 0 T M M 8.2 20 350 M M 7 8 24 360
11 25 7 16 -18 49 0 0.00 M M 17.5 35 300 M M 1 44 300
12 23 3 13 -22 52 0 0.00 M M 13.2 23 190 M M 1 29 190
13 53 19 36 1 29 0 0.00 M M 9.2 21 190 M M 2 31 180
14 59 33 46 10 19 0 0.00 M M 8.3 21 210 M M 1 28 200
15 56 28 42 6 23 0 0.00 M M 4.3 12 340 M M 0 1 13 340
16 68 32 50 13 15 0 0.00 M M 9.5 23 220 M M 0 18 30 220
17 54 40 47 10 18 0 T M M 12.4 20 20 M M 7 26 30
18 44 34 39 1 26 0 0.62 M M 21.3 30 30 M M 10 1 41 40
19 51 31 41 3 24 0 T M M 13.1 24 290 M M 3 33 310
20 67 29 48 10 17 0 0.00 M M 5.8 13 150 M M 0 17 150
21 75 49 62 23 3 0 0.00 M M 11.7 26 210 M M 0 35 230
22 54 47 51 12 14 0 0.84 M M 10.1 29 210 M M 10 12 37 210
23 50 33 42 2 23 0 0.06 M M 14.5 23 350 M M 10 12 29 350
24 40 32 36 -4 29 0 0.01 M M 10.1 16 320 M M 10 1 22 320
25 47 31 39 -2 26 0 T M M 23.1 43 310 M M 7 1 66 310
26 36 23 30 -11 35 0 0.00 M M 19.3 33 350 M M 0 41 340
27 36 16 26 -15 39 0 0.00 M M 8.9 17 350 M M 0 23 360
28 41 20 31 -11 34 0 0.00 M M 11.0 18 130 M M 3 28 110
29 43 29 36 -6 29 0 0.04 M M 21.9 32 120 M M 10 3 41 120
30 52 33 43 0 22 0 0.30 M M 15.3 26 100 M M 9 13 38 100
31 35 30 33 -10 32 0 0.02 M M 15.4 25 320 M M 10 1 35 330
================================================================================
SM 1410 820 894 0 2.74 M 386.6 M 140
================================================================================
AV 45.5 26.5 12.5 FASTST M M 5 MAX(MPH)
MISC ----> 43 310 66 310
================================================================================
NOTES:
# LAST OF SEVERAL OCCURRENCES
COLUMN 17 PEAK WIND IN M.P.H.
PRELIMINARY LOCAL CLIMATOLOGICAL DATA (WS FORM: F-6) , PAGE 2
STATION: CEDAR RAPIDS IA
MONTH: MARCH
YEAR: 2022
LATITUDE: 41 52 N
LONGITUDE: 91 42 W
[TEMPERATURE DATA] [PRECIPITATION DATA] SYMBOLS USED IN COLUMN 16
AVERAGE MONTHLY: 36.0 TOTAL FOR MONTH: 2.74 1 = FOG OR MIST
DPTR FM NORMAL: -0.5 DPTR FM NORMAL: 0.75 2 = FOG REDUCING VISIBILITY
HIGHEST: 75 ON 21 GRTST 24HR 0.84 ON 22-22 TO 1/4 MILE OR LESS
LOWEST: 3 ON 12 3 = THUNDER
SNOW, ICE PELLETS, HAIL 4 = ICE PELLETS
TOTAL MONTH: M 5 = HAIL
GRTST 24HR M ON M 6 = FREEZING RAIN OR DRIZZLE
GRTST DEPTH: M ON M 7 = DUSTSTORM OR SANDSTORM:
VSBY 1/2 MILE OR LESS
8 = SMOKE OR HAZE
[NO. OF DAYS WITH] [WEATHER - DAYS WITH] 9 = BLOWING SNOW
X = TORNADO
MAX 32 OR BELOW: 6 0.01 INCH OR MORE: 10
MAX 90 OR ABOVE: 0 0.10 INCH OR MORE: 5
MIN 32 OR BELOW: 22 0.50 INCH OR MORE: 3
MIN 0 OR BELOW: 0 1.00 INCH OR MORE: 0
[HDD (BASE 65) ]
TOTAL THIS MO. 894 CLEAR (SCALE 0-3) 16
DPTR FM NORMAL 11 PTCLDY (SCALE 4-7) 7
TOTAL FM JUL 1 5960 CLOUDY (SCALE 8-10) 8
DPTR FM NORMAL -150
[CDD (BASE 65) ]
TOTAL THIS MO. 0
DPTR FM NORMAL -1 [PRESSURE DATA]
TOTAL FM JAN 1 0 HIGHEST SLP 30.47 ON 3
DPTR FM NORMAL -1 LOWEST SLP 29.30 ON 30
[REMARKS]
#FINAL-03-22#