000
CXUS54 KHGX 011410
CF6CLL
PRELIMINARY LOCAL CLIMATOLOGICAL DATA (WS FORM: F-6)
STATION: COLLEGE STATION
MONTH: APRIL
YEAR: 2022
LATITUDE: 30 34 N
LONGITUDE: 96 22 W
TEMPERATURE IN F: :PCPN: SNOW: WIND :SUNSHINE: SKY :PK WND
================================================================================
1 2 3 4 5 6A 6B 7 8 9 10 11 12 13 14 15 16 17 18
12Z AVG MX 2MIN
DY MAX MIN AVG DEP HDD CDD WTR SNW DPTH SPD SPD DIR MIN PSBL S-S WX SPD DR
================================================================================
1 80 53 67 1 0 2 0.00 0.0 0 9.0 18 150 M M 0 25 140
2 83 56 70 4 0 5 0.00 0.0 0 6.4 17 310 M M 1 22 320
3 84 56 70 4 0 5 0.00 0.0 0 8.1 21 160 M M 1 12 28 140
4 79 60 70 4 0 5 0.03 0.0 0 8.7 16 130 M M 9 8 22 130
5 92 71 82 16 0 17 0.00 0.0 0 10.0 20 170 M M 4 18 32 170
6 78 59 69 2 0 4 0.00 0.0 0 16.2 30 360 M M 2 18 38 360
7 76 48 62 -5 3 0 0.00 0.0 0 10.1 28 330 M M 0 38 310
8 75 47 61 -6 4 0 0.00 0.0 0 10.2 26 310 M M 2 36 320
9 85 44 65 -2 0 0 0.00 0.0 0 10.4 25 170 M M 0 35 150
10 84 61 73 5 0 8 0.00 0.0 0 19.6 35 170 M M 5 49 170
11 85 71 78 10 0 13 T 0.0 0 16.9 30 180 M M 7 43 170
12 85 72 79 11 0 14 T 0.0 0 17.1 30 160 M M 9 1 42 140
13 92 65 79 11 0 14 T 0.0 0 14.8 29 160 M M 6 1 37 150
14 82 55 69 1 0 4 0.00 0.0 0 8.7 16 130 M M 0 22 100
15 80 60 70 2 0 5 T 0.0 0 9.5 20 160 M M 7 18 25 170
16 85 73 79 10 0 14 0.00 0.0 0 7.8 17 190 M M 7 1 23 190
17 87 67 77 8 0 12 0.02 0.0 0 6.5 15 30 M M 6 1 21 20
18 78 60 69 0 0 4 0.00 0.0 0 11.1 20 30 M M 2 26 30
19 76 54 65 -4 0 0 0.00 0.0 0 12.9 24 120 M M 5 34 140
20 85 70 78 8 0 13 T 0.0 0 17.1 31 180 M M 9 44 170
21 83 72 78 8 0 13 T 0.0 0 12.4 20 150 M M 9 25 150
22 88 70 79 9 0 14 0.00 0.0 0 16.0 24 150 M M 6 33 130
23 87 71 79 9 0 14 0.00 0.0 0 18.1 28 150 M M 7 40 160
24 89 71 80 10 0 15 0.00 0.0 0 13.8 25 160 M M 7 34 160
25 77 64 71 0 0 6 2.60 0.0 0 9.9 28 10 M M 7 13 36 360
26 79 62 71 0 0 6 T 0.0 0 9.6 17 20 M M 6 1 24 20
27 82 60 71 0 0 6 0.00 0.0 0 7.4 14 180 M M 1 22 150
28 86 63 75 4 0 10 0.00 0.0 0 11.1 21 150 M M 5 1 28 150
29 87 71 79 7 0 14 0.00 0.0 0 15.9 23 160 M M 8 32 150
30 89 70 80 8 0 15 0.10 0.0 0 8.1 17 180 M M 6 13 24 170
================================================================================
SM 2498 1876 7 252 2.75 0.0 353.4 M 144
================================================================================
AV 83.3 62.5 11.8 FASTST M M 5 MAX(MPH)
MISC ----> 35 170 49 170
================================================================================
NOTES:
# LAST OF SEVERAL OCCURRENCES
COLUMN 17 PEAK WIND IN M.P.H.
PRELIMINARY LOCAL CLIMATOLOGICAL DATA (WS FORM: F-6) , PAGE 2
STATION: COLLEGE STATION
MONTH: APRIL
YEAR: 2022
LATITUDE: 30 34 N
LONGITUDE: 96 22 W
[TEMPERATURE DATA] [PRECIPITATION DATA] SYMBOLS USED IN COLUMN 16
AVERAGE MONTHLY: 72.9 TOTAL FOR MONTH: 2.75 1 = FOG OR MIST
DPTR FM NORMAL: 4.2 DPTR FM NORMAL: -0.12 2 = FOG REDUCING VISIBILITY
HIGHEST: 92 ON 13, 5 GRTST 24HR 2.60 ON 25-25 TO 1/4 MILE OR LESS
LOWEST: 44 ON 9 3 = THUNDER
SNOW, ICE PELLETS, HAIL 4 = ICE PELLETS
TOTAL MONTH: 0.0 INCH 5 = HAIL
GRTST 24HR 0.0 6 = FREEZING RAIN OR DRIZZLE
GRTST DEPTH: 0 7 = DUSTSTORM OR SANDSTORM:
VSBY 1/2 MILE OR LESS
8 = SMOKE OR HAZE
[NO. OF DAYS WITH] [WEATHER - DAYS WITH] 9 = BLOWING SNOW
X = TORNADO
MAX 32 OR BELOW: 0 0.01 INCH OR MORE: 4
MAX 90 OR ABOVE: 2 0.10 INCH OR MORE: 2
MIN 32 OR BELOW: 0 0.50 INCH OR MORE: 1
MIN 0 OR BELOW: 0 1.00 INCH OR MORE: 1
[HDD (BASE 65) ]
TOTAL THIS MO. 7 CLEAR (SCALE 0-3) 10
DPTR FM NORMAL -37 PTCLDY (SCALE 4-7) 16
TOTAL FM JUL 1 1294 CLOUDY (SCALE 8-10) 4
DPTR FM NORMAL -248
[CDD (BASE 65) ]
TOTAL THIS MO. 252
DPTR FM NORMAL 98 [PRESSURE DATA]
TOTAL FM JAN 1 323 HIGHEST SLP 30.32 ON 26
DPTR FM NORMAL 69 LOWEST SLP 29.50 ON 5
[REMARKS]
#FINAL-04-22#