000
CXUS54 KHGX 011401
CLMCLL
CLIMATE REPORT
NATIONAL WEATHER SERVICE HOUSTON/GALVESTON TX
901 AM CDT MON MAY 01 2023
...................................
...THE COLLEGE STATION CLIMATE SUMMARY FOR THE MONTH OF APRIL 2023...
CLIMATE NORMAL PERIOD: 1991 TO 2020
CLIMATE RECORD PERIOD: 1902 TO 2023
WEATHER OBSERVED NORMAL DEPART LAST YEAR`S
VALUE DATE(S) VALUE FROM VALUE DATE(S)
NORMAL
................................................................
TEMPERATURE (F)
RECORD
HIGH 96 04/19/2011
04/30/1933
04/16/1920
LOW 28 04/10/1973
HIGHEST 89 04/03 MM MM 92 04/05
04/15
04/13
LOWEST 49 04/17 MM MM 44 04/09
AVG. MAXIMUM 77.9 79.2 -1.3 83.3
AVG. MINIMUM 58.4 58.1 0.3 62.5
MEAN 68.2 68.7 -0.5 72.9
DAYS MAX >= 90 0 1.2 -1.2 2
DAYS MAX <= 32 0 0.0 0.0 0
DAYS MIN <= 32 0 0.0 0.0 0
DAYS MIN <= 0 0 0.0 0.0 0
PRECIPITATION (INCHES)
RECORD
MAXIMUM 12.50 1957
TOTALS 8.94 2.87 6.07 2.75
DAILY AVG. 0.30 0.10 0.20 0.09
DAYS >= .01 11 7.2 3.8 4
DAYS >= .10 8 4.2 3.8 2
DAYS >= .50 6 2.0 4.0 1
DAYS >= 1.00 3 1.0 2.0 1
GREATEST
24 HR. TOTAL 3.02 04/06 TO 04/06 2.60 04/25 TO 04/25
SNOWFALL (INCHES)
RECORDS
TOTAL T 2007
TOTALS 0.0
SINCE 7/1 0.0
LIQUID 7/1 0.00
DAYS >= TRACE 0
GREATEST
24 HR TOTAL MM
DEGREE DAYS
HEATING TOTAL 33 44 -11 7
SINCE 7/1 1264 1542 -278 MM
COOLING TOTAL 135 154 -19 252
SINCE 1/1 338 254 84 MM
................................................................
WIND (MPH)
AVERAGE WIND SPEED 9.5
HIGHEST WIND SPEED/DIRECTION 38/300 DATE 04/28
HIGHEST GUST SPEED/DIRECTION 56/300 DATE 04/28
SKY COVER
AVERAGE SKY COVER 0.56
AVERAGE RH (PERCENT) 69
WEATHER CONDITIONS. NUMBER OF DAYS WITH
THUNDERSTORM 11 MIXED PRECIP 0
HEAVY RAIN 6 RAIN 6
LIGHT RAIN 15 FREEZING RAIN 0
LT FREEZING RAIN 0 HAIL 0
HEAVY SNOW 0 SNOW 0
LIGHT SNOW 0 SLEET 0
FOG 8 FOG W/VIS <= 1/4 MILE 1
HAZE 2
- INDICATES NEGATIVE NUMBERS.
R INDICATES RECORD WAS SET OR TIED.
MM INDICATES DATA IS MISSING.
T INDICATES TRACE AMOUNT.
$$