000
CXUS52 KGSP 011215
CLMCLT
CLIMATE REPORT
NATIONAL WEATHER SERVICE GREENVILLE-SPARTANBURG SC
815 AM EDT MON MAY 01 2023
...................................
...THE CHARLOTTE NC CLIMATE SUMMARY FOR THE MONTH OF APRIL 2023...
CLIMATE NORMAL PERIOD 1991 TO 2020
CLIMATE RECORD PERIOD 1878 TO 2023
WEATHER OBSERVED NORMAL DEPART LAST YEAR`S
VALUE DATE(S) VALUE FROM VALUE DATE(S)
NORMAL
................................................................
TEMPERATURE (F)
RECORD
HIGH 96 04/24/1925
LOW 21 04/08/2007
HIGHEST 86 04/05 MM MM 84 04/22
04/25
04/26
LOWEST 37 04/10 MM MM 31 04/10
04/11
AVG. MAXIMUM 73.4 73.2 0.2 74.5
AVG. MINIMUM 51.5 49.1 2.4 49.6
MEAN 62.4 61.1 1.3 62.0
DAYS MAX >= 90 0 0.1 -0.1 0
DAYS MAX <= 32 0 0.0 0.0 0
DAYS MIN <= 32 0 0.7 -0.7 1
DAYS MIN <= 0 0 0.0 0.0 0
PRECIPITATION (INCHES)
RECORD
MAXIMUM 9.01 1936
MINIMUM 0.30 1976
TOTALS 6.52 3.84 2.68 3.33
DAILY AVG. 0.22 0.13 0.09 0.11
DAYS >= .01 14 9.0 5.0 4
DAYS >= .10 9 6.1 2.9 3
DAYS >= .50 4 2.7 1.3 2
DAYS >= 1.00 3 1.2 1.8 2
GREATEST
24 HR. TOTAL 1.95 04/27 TO 04/27 1.77 04/17 TO 04/18
STORM TOTAL 1.95 1.74
(MM/DD(HH)) MM
SNOWFALL (INCHES)
RECORDS
TOTAL 3.5 1880
24 HR TOTAL 3.5 04/09/1880 TO 04/09/1880
SNOW DEPTH MM MM
TOTALS 0.0 0.0 0.0 0.0
LIQUID EQUIV 0.00 0.00 0.00 0.00
SINCE 7/1 0.0 3.5 -3.5 MM
LIQUID 7/1 0.00 0.30 -0.30 MM
SNOWDEPTH AVG. 0 0
DAYS >= TRACE 0 0.0 0.0 0
DAYS >= 1.0 0 0.0 0.0 0
GREATEST
SNOW DEPTH 0 0 MM
24 HR TOTAL MM MM
STORM TOTAL 0.0 0.0
(MM/DD(HH)) MM
DEGREE DAYS
HEATING TOTAL 132 163 -31 135
SINCE 7/1 2470 3017 -547 MM
COOLING TOTAL 59 47 12 54
SINCE 1/1 92 59 33 MM
FREEZE DATES
RECORD
EARLIEST MM
LATEST MM
EARLIEST 10/19
LATEST 04/10
................................................................
WIND (MPH)
AVERAGE WIND SPEED 6.9
HIGHEST WIND SPEED/DIRECTION 28/220 DATE 04/01
28/300 04/30
HIGHEST GUST SPEED/DIRECTION 40/300 DATE 04/30
SKY COVER
POSSIBLE SUNSHINE (PERCENT) MM
AVERAGE SKY COVER 0.55
NUMBER OF DAYS FAIR 8
NUMBER OF DAYS PC 13
NUMBER OF DAYS CLOUDY 9
AVERAGE RH (PERCENT) 62
WEATHER CONDITIONS. NUMBER OF DAYS WITH
THUNDERSTORM 6 MIXED PRECIP 0
HEAVY RAIN 5 RAIN 7
LIGHT RAIN 15 FREEZING RAIN 0
LT FREEZING RAIN 0 HAIL 0
HEAVY SNOW 0 SNOW 0
LIGHT SNOW 0 SLEET 0
FOG 15 FOG W/VIS <= 1/4 MILE 1
HAZE 6
- INDICATES NEGATIVE NUMBERS.
R INDICATES RECORD WAS SET OR TIED.
MM INDICATES DATA IS MISSING.
T INDICATES TRACE AMOUNT.
$$