000
CXUS56 KLOX 011155
CF6CMA
PRELIMINARY LOCAL CLIMATOLOGICAL DATA (WS FORM: F-6)
STATION: CAMARILLO AIRPORT CA
MONTH: SEPTEMBER
YEAR: 2021
LATITUDE: 34 12 N
LONGITUDE: 119 6 W
TEMPERATURE IN F: :PCPN: SNOW: WIND :SUNSHINE: SKY :PK WND
================================================================================
1 2 3 4 5 6A 6B 7 8 9 10 11 12 13 14 15 16 17 18
12Z AVG MX 2MIN
DY MAX MIN AVG DEP HDD CDD WTR SNW DPTH SPD SPD DIR MIN PSBL S-S WX SPD DR
================================================================================
1 79 64 72 1 0 7 0.00 M M 4.6 14 220 M M 5 8 18 230
2 78 59 69 -2 0 4 0.00 M M 4.2 14 260 M M 3 8 19 250
3 78 58 68 -3 0 3 0.00 M M 4.6 14 270 M M 2 8 17 270
4 81 55 68 -3 0 3 0.00 M M 4.2 13 260 M M 0 8 15 260
5 87 57 72 1 0 7 0.00 M M 3.5 12 240 M M 2 128 14 240
6 83 63 73 2 0 8 0.00 M M 5.1 14 230 M M 2 8 17 210
7 82 68 75 5 0 10 0.00 M M 5.4 15 240 M M 2 8 19 220
8 79 64 72 2 0 7 0.00 M M 4.6 12 230 M M 7 128 14 230
9 87 63 75 5 0 10 0.00 M M 4.7 12 230 M M 4 128 15 220
10 82 64 73 3 0 8 0.00 M M 4.8 12 260 M M 2 18 15 240
11 82 63 73 3 0 8 0.00 M M 4.6 13 270 M M 0 8 15 270
12 76 62 69 -1 0 4 0.00 M M 4.3 14 240 M M 5 18 18 250
13 77 60 69 -1 0 4 0.00 M M 3.8 12 260 M M 6 128 15 230
14 76 60 68 -2 0 3 0.00 M M 4.9 13 220 M M 5 18 16 250
15 73 61 67 -3 0 2 0.00 M M 4.2 13 270 M M 6 18 16 260
16 72 62 67 -3 0 2 0.00 M M 4.0 13 260 M M 8 8 17 280
17 75 59 67 -3 0 2 0.00 M M 4.7 14 230 M M 4 8 19 240
18 76 55 66 -3 0 1 0.00 M M 4.6 14 260 M M 2 17 270
19 77 54 66 -3 0 1 0.00 M M 3.7 14 240 M M 0 8 21 210
20 78 58 68 -1 0 3 0.00 M M 3.8 13 250 M M 0 17 240
21 86 62 74 5 0 9 0.00 M M 4.1 10 270 M M 2 18 14 230
22 79 62 71 2 0 6 0.00 M M 4.5 13 240 M M 0 17 250
23 76 61 69 0 0 4 0.00 M M 4.4 12 260 M M 5 18 16 260
24 73 61 67 -1 0 2 0.00 M M 4.1 12 230 M M 5 18 18 210
25 74 61 68 0 0 3 0.00 M M 4.0 12 240 M M 7 18 17 260
26 69 62 66 -2 0 1 0.00 M M 3.4 10 210 M M 10 16 210
27 71 63 67 -1 0 2 0.00 M M 3.7 12 270 M M 9 18 15 260
28 74 60 67 -1 0 2 0.00 M M 4.6 13 240 M M 7 19 250
29 75 55 65 -3 0 0 0.00 M M 4.0 14 220 M M 0 8 22 230
30 99 50 75 8 0 10 0.00 M M 6.3 22 200 M M 0 31 60
================================================================================
SM 2354 1806 0 136 0.00 M 131.4 M 110
================================================================================
AV 78.5 60.2 4.4 FASTST M M 4 MAX(MPH)
MISC ----> 22 200 31 60
================================================================================
NOTES:
# LAST OF SEVERAL OCCURRENCES
COLUMN 17 PEAK WIND IN M.P.H.
PRELIMINARY LOCAL CLIMATOLOGICAL DATA (WS FORM: F-6) , PAGE 2
STATION: CAMARILLO AIRPORT CA
MONTH: SEPTEMBER
YEAR: 2021
LATITUDE: 34 12 N
LONGITUDE: 119 6 W
[TEMPERATURE DATA] [PRECIPITATION DATA] SYMBOLS USED IN COLUMN 16
AVERAGE MONTHLY: 69.3 TOTAL FOR MONTH: 0.00 1 = FOG OR MIST
DPTR FM NORMAL: -0.2 DPTR FM NORMAL: -0.06 2 = FOG REDUCING VISIBILITY
HIGHEST: 99 ON 30 GRTST 24HR 0.00 ON 1- 1 TO 1/4 MILE OR LESS
LOWEST: 50 ON 30 3 = THUNDER
SNOW, ICE PELLETS, HAIL 4 = ICE PELLETS
TOTAL MONTH: M 5 = HAIL
GRTST 24HR M ON M 6 = FREEZING RAIN OR DRIZZLE
GRTST DEPTH: M ON M 7 = DUSTSTORM OR SANDSTORM:
VSBY 1/2 MILE OR LESS
8 = SMOKE OR HAZE
[NO. OF DAYS WITH] [WEATHER - DAYS WITH] 9 = BLOWING SNOW
X = TORNADO
MAX 32 OR BELOW: 0 0.01 INCH OR MORE: 0
MAX 90 OR ABOVE: 1 0.10 INCH OR MORE: 0
MIN 32 OR BELOW: 0 0.50 INCH OR MORE: 0
MIN 0 OR BELOW: 0 1.00 INCH OR MORE: 0
[HDD (BASE 65) ]
TOTAL THIS MO. 0 CLEAR (SCALE 0-3) 15
DPTR FM NORMAL -7 PTCLDY (SCALE 4-7) 13
TOTAL FM JUL 1 0 CLOUDY (SCALE 8-10) 2
DPTR FM NORMAL -7
[CDD (BASE 65) ]
TOTAL THIS MO. 136
DPTR FM NORMAL -6 [PRESSURE DATA]
TOTAL FM JAN 1 781 HIGHEST SLP 30.12 ON 22
DPTR FM NORMAL 235 LOWEST SLP 29.82 ON 8
[REMARKS]
#FINAL-09-21#