000
CXUS56 KSGX 170941
CF6CNO
PRELIMINARY LOCAL CLIMATOLOGICAL DATA (WS FORM: F-6)
STATION: CHINO AIRPORT CA
MONTH: MARCH
YEAR: 2023
LATITUDE: 33 58 N
LONGITUDE: 117 38 W
TEMPERATURE IN F: :PCPN: SNOW: WIND :SUNSHINE: SKY :PK WND
================================================================================
1 2 3 4 5 6A 6B 7 8 9 10 11 12 13 14 15 16 17 18
12Z AVG MX 2MIN
DY MAX MIN AVG DEP HDD CDD WTR SNW DPTH SPD SPD DIR MIN PSBL S-S WX SPD DR
================================================================================
1 53 32 43 -15 22 0 0.93 M M 15.0 31 270 M M 7 13 39 270
2 63 32 48 -10 17 0 0.00 M M 4.9 15 240 M M 0 17 240
3 64 35 50 -8 15 0 0.00 M M 2.5 16 240 M M 1 18 19 250
4 61 38 50 -8 15 0 0.00 M M 7.4 18 230 M M 5 18 25 230
5 54 44 49 -9 16 0 0.04 M M 4.7 13 230 M M 8 18 16 220
6 61 44 53 -5 12 0 0.01 M M 5.9 15 230 M M 6 1 20 260
7 63 39 51 -7 14 0 0.00 M M 3.6 15 240 M M 2 128 19 230
8 61 37 49 -9 16 0 0.00 M M 3.2 13 240 M M 4 17 230
9 70 40 55 -3 10 0 0.00 0.0 M 4.4 15 240 M M 3 18 18 240
10 56 51 54 -5 11 0 0.83 0.0 M 2.1 9 350 M M 10 1 12 40
11 65 56 61 2 4 0 0.16 0.0 M 4.2 14 250 M M 10 1 18 240
12 68 55 62 3 3 0 0.00 M M 5.5 15 240 M M 8 1 20 240
13 69 52 61 2 4 0 0.00 M M 4.6 14 230 M M 8 18 17 230
14 59 51 55 -4 10 0 1.59 M M 3.9 12 10 M M 9 18 14 10
15 62 52 57 -2 8 0 1.07 M M 7.2 18 240 M M 10 18 22 240
16 63 47 55 -4 10 0 0.00 M M 5.2 15 240 M M 7 18 240
17 71 41 56 -3 9 0 0.00 M M 2.7 10 230 M M 6 128 12 240
18 76 43 60 1 5 0 0.00 M M 5.4 15 250 M M 2 20 230
19 65 52 59 -1 6 0 0.08 M M 4.1 16 260 M M 8 18 20 260
20 62 52 57 -3 8 0 0.10 M M 6.5 20 240 M M 9 18 23 230
21 60 47 54 -6 11 0 1.34 M M 9.4 25 230 M M 9 138 31 230
22 59 44 52 -8 13 0 0.75 M M 4.8 17 240 M M 9 1 24 240
23 60 44 52 -8 13 0 0.07 M M 4.9 17 220 M M 7 12 21 240
24 66 40 53 -7 12 0 0.00 M M 4.4 18 220 M M 3 1 23 210
25 65 38 52 -8 13 0 0.00 M M 4.4 17 240 M M 2 1 21 240
26 65 38 52 -8 13 0 0.00 M M 4.8 16 220 M M 2 1 22 230
27 71 39 55 -5 10 0 0.00 M M 8.2 22 90 M M 2 28 80
28 71 40 56 -4 9 0 0.00 M M 5.2 17 230 M M 2 8 21 250
29 59 44 52 -8 13 0 0.53 M M 5.4 18 220 M M 8 18 24 230
30 59 43 51 -9 14 0 0.26 M M 4.4 14 270 M M 6 1 17 260
31 66 40 53 -8 12 0 0.00 M M 3.5 14 250 M M 3 1 16 260
================================================================================
SM 1967 1350 348 0 7.76 0.0 162.4 M 176
================================================================================
AV 63.5 43.5 5.2 FASTST M M 6 MAX(MPH)
MISC ----> 31 270 39 270
================================================================================
NOTES:
# LAST OF SEVERAL OCCURRENCES
COLUMN 17 PEAK WIND IN M.P.H.
PRELIMINARY LOCAL CLIMATOLOGICAL DATA (WS FORM: F-6) , PAGE 2
STATION: CHINO AIRPORT CA
MONTH: MARCH
YEAR: 2023
LATITUDE: 33 58 N
LONGITUDE: 117 38 W
[TEMPERATURE DATA] [PRECIPITATION DATA] SYMBOLS USED IN COLUMN 16
AVERAGE MONTHLY: 53.5 TOTAL FOR MONTH: 7.76 1 = FOG OR MIST
DPTR FM NORMAL: -5.6 DPTR FM NORMAL: 6.33 2 = FOG REDUCING VISIBILITY
HIGHEST: 76 ON 18 GRTST 24HR 2.63 ON 14-15 TO 1/4 MILE OR LESS
LOWEST: 32 ON 2, 1 3 = THUNDER
SNOW, ICE PELLETS, HAIL 4 = ICE PELLETS
TOTAL MONTH: 0.0 INCH 5 = HAIL
GRTST 24HR 0.0 6 = FREEZING RAIN OR DRIZZLE
GRTST DEPTH: M ON M 7 = DUSTSTORM OR SANDSTORM:
VSBY 1/2 MILE OR LESS
8 = SMOKE OR HAZE
[NO. OF DAYS WITH] [WEATHER - DAYS WITH] 9 = BLOWING SNOW
X = TORNADO
MAX 32 OR BELOW: 0 0.01 INCH OR MORE: 14
MAX 90 OR ABOVE: 0 0.10 INCH OR MORE: 10
MIN 32 OR BELOW: 2 0.50 INCH OR MORE: 7
MIN 0 OR BELOW: 0 1.00 INCH OR MORE: 3
[HDD (BASE 65) ]
TOTAL THIS MO. 348 CLEAR (SCALE 0-3) 10
DPTR FM NORMAL 153 PTCLDY (SCALE 4-7) 11
TOTAL FM JUL 1 1701 CLOUDY (SCALE 8-10) 10
DPTR FM NORMAL 452
[CDD (BASE 65) ]
TOTAL THIS MO. 0
DPTR FM NORMAL -14 [PRESSURE DATA]
TOTAL FM JAN 1 0 HIGHEST SLP 30.27 ON 24
DPTR FM NORMAL -23 LOWEST SLP 29.68 ON 1
[REMARKS]
#FINAL-03-23#