000
CXUS56 KSGX 011245
CF6CNO
PRELIMINARY LOCAL CLIMATOLOGICAL DATA (WS FORM: F-6)
STATION: CHINO AIRPORT CA
MONTH: JULY
YEAR: 2020
LATITUDE: 33 58 N
LONGITUDE: 117 38 W
TEMPERATURE IN F: :PCPN: SNOW: WIND :SUNSHINE: SKY :PK WND
================================================================================
1 2 3 4 5 6A 6B 7 8 9 10 11 12 13 14 15 16 17 18
12Z AVG MX 2MIN
DY MAX MIN AVG DEP HDD CDD WTR SNW DPTH SPD SPD DIR MIN PSBL S-S WX SPD DR
================================================================================
1 84 60 72 -2 0 7 0.00 0.0 0 5.7 16 240 M M 4 18 20 270
2 90 63 77 3 0 12 0.00 0.0 0 5.5 18 240 M M 4 8 21 240
3 99 57 78 4 0 13 0.00 0.0 0 5.2 15 240 M M 0 8 20 220
4 98 64 81 7 0 16 0.00 0.0 0 6.0 18 250 M M 0 8 24 240
5 104 62 83 8 0 18 0.00 0.0 0 5.0 18 250 M M 0 8 22 290
6 102 61 82 7 0 17 0.00 0.0 0 5.7 17 260 M M 0 8 22 280
7 98 61 80 5 0 15 0.00 0.0 0 6.4 18 260 M M 0 8 22 260
8 96 62 79 4 0 14 0.00 0.0 0 6.1 18 260 M M 0 8 25 260
9 97 61 79 4 0 14 0.00 0.0 0 5.8 18 240 M M 0 8 24 230
10 103 64 84 8 0 19 0.00 0.0 0 4.8 17 240 M M 1 8 21 240
11 109 70 90 14 0 25 0.00 0.0 0 5.6 20 240 M M 1 8 26 260
12 106 70 88 12 0 23 0.00 0.0 0 6.4 17 240 M M 1 8 21 260
13 98 67 83 7 0 18 0.00 0.0 0 6.9 21 260 M M 1 8 26 290
14 94 64 79 3 0 14 0.00 0.0 0 7.1 20 270 M M 1 8 24 250
15 94 65 80 4 0 15 0.00 0.0 0 6.7 20 240 M M 3 8 24 280
16 92 62 77 1 0 12 0.00 0.0 0 7.8 20 240 M M 1 8 23 230
17 94 63 79 3 0 14 0.00 0.0 0 6.9 17 250 M M 0 23 260
18 97 64 81 5 0 16 0.00 0.0 0 6.2 16 240 M M 0 21 280
19 96 63 80 4 0 15 0.00 0.0 0 6.3 18 230 M M 0 26 250
20 93 63 78 2 0 13 0.00 0.0 0 5.8 16 260 M M 0 8 22 280
21 94 62 78 1 0 13 0.00 0.0 0 7.2 20 240 M M 0 8 22 240
22 90 62 76 -1 0 11 0.00 0.0 0 8.1 21 240 M M 2 8 26 250
23 87 62 75 -2 0 10 0.00 0.0 0 5.8 18 240 M M 4 8 21 230
24 89 60 75 -2 0 10 0.00 0.0 0 7.7 20 240 M M 3 8 24 240
25 95 60 78 1 0 13 0.00 0.0 0 6.2 20 240 M M 1 8 23 240
26 99 62 81 4 0 16 0.00 0.0 0 6.2 20 270 M M 1 8 23 260
27 93 63 78 1 0 13 0.00 0.0 0 7.2 18 250 M M 0 8 23 260
28 94 61 78 1 0 13 0.00 0.0 0 6.4 18 240 M M 0 8 24 260
29 97 61 79 2 0 14 0.00 0.0 0 5.2 17 250 M M 0 8 22 250
30 105 64 85 8 0 20 0.00 0.0 0 5.4 18 250 M M 0 8 21 250
31 108 68 88 11 0 23 0.00 0.0 0 5.0 17 280 M M 0 8 22 270
================================================================================
SM 2995 1951 0 466 0.00 0.0 192.3 M 28
================================================================================
AV 96.6 62.9 6.2 FASTST M M 1 MAX(MPH)
MISC ----> # 21 260 # 26 260
================================================================================
NOTES:
# LAST OF SEVERAL OCCURRENCES
COLUMN 17 PEAK WIND IN M.P.H.
PRELIMINARY LOCAL CLIMATOLOGICAL DATA (WS FORM: F-6) , PAGE 2
STATION: CHINO AIRPORT CA
MONTH: JULY
YEAR: 2020
LATITUDE: 33 58 N
LONGITUDE: 117 38 W
[TEMPERATURE DATA] [PRECIPITATION DATA] SYMBOLS USED IN COLUMN 16
AVERAGE MONTHLY: 79.8 TOTAL FOR MONTH: 0.00 1 = FOG OR MIST
DPTR FM NORMAL: 3.9 DPTR FM NORMAL: -0.07 2 = FOG REDUCING VISIBILITY
HIGHEST: 109 ON 11 GRTST 24HR T ON 30- 1 TO 1/4 MILE OR LESS
LOWEST: 57 ON 3 3 = THUNDER
SNOW, ICE PELLETS, HAIL 4 = ICE PELLETS
TOTAL MONTH: 0.0 INCH 5 = HAIL
GRTST 24HR 0.0 6 = FREEZING RAIN OR DRIZZLE
GRTST DEPTH: 0 7 = DUSTSTORM OR SANDSTORM:
VSBY 1/2 MILE OR LESS
8 = SMOKE OR HAZE
[NO. OF DAYS WITH] [WEATHER - DAYS WITH] 9 = BLOWING SNOW
X = TORNADO
MAX 32 OR BELOW: 0 0.01 INCH OR MORE: 0
MAX 90 OR ABOVE: 28 0.10 INCH OR MORE: 0
MIN 32 OR BELOW: 0 0.50 INCH OR MORE: 0
MIN 0 OR BELOW: 0 1.00 INCH OR MORE: 0
[HDD (BASE 65) ]
TOTAL THIS MO. 0 CLEAR (SCALE 0-3) 28
DPTR FM NORMAL 0 PTCLDY (SCALE 4-7) 3
TOTAL FM JUL 1 0 CLOUDY (SCALE 8-10) 0
DPTR FM NORMAL 0
[CDD (BASE 65) ]
TOTAL THIS MO. 466
DPTR FM NORMAL 127 [PRESSURE DATA]
TOTAL FM JAN 1 1080 HIGHEST SLP M ON M
DPTR FM NORMAL 469 LOWEST SLP 29.77 ON 21
[REMARKS]
#FINAL-07-20#