000
CXUS53 KICT 031928
CF6CNU
PRELIMINARY LOCAL CLIMATOLOGICAL DATA (WS FORM: F-6)
STATION: CHANUTE KS
MONTH: JULY
YEAR: 2021
LATITUDE: 37 40 N
LONGITUDE: 95 29 W
TEMPERATURE IN F: :PCPN: SNOW: WIND :SUNSHINE: SKY :PK WND
================================================================================
1 2 3 4 5 6A 6B 7 8 9 10 11 12 13 14 15 16 17 18
12Z AVG MX 2MIN
DY MAX MIN AVG DEP HDD CDD WTR SNW DPTH SPD SPD DIR MIN PSBL S-S WX SPD DR
================================================================================
1 86 73 80 1 0 15 T M M 6.9 13 40 M M 5 1 19 30
2 88 68 78 -2 0 13 0.00 M M 5.0 15 60 M M 0 21 60
3 90 65 78 -2 0 13 0.00 M M 1.5 8 120 M M 3 14 140
4 89 68 79 -1 0 14 0.00 M M 4.4 10 180 M M 2 1 16 190
5 89 68 79 -1 0 14 0.00 M M 4.3 10 150 M M 1 1 13 130
6 90 67 79 -1 0 14 0.00 M M 4.1 13 200 M M 1 16 180
7 90 68 79 -1 0 14 T M M 5.1 22 260 M M 3 3 31 260
8 90 67 79 -1 0 14 0.00 M M 4.2 9 20 M M 0 15 20
9 94 71 83 3 0 18 0.00 M M 10.1 23 190 M M 0 33 170
10 87 70 79 -1 0 14 0.02 M M 7.4 17 190 M M 4 13 23 170
11 82 65 74 -6 0 9 0.28 M M 7.6 21 20 M M 5 1 31 10
12 84 66 75 -5 0 10 0.00 M M 5.7 13 350 M M 7 20 310
13 90 63 77 -4 0 12 0.00 M M 9.3 17 170 M M 0 1 24 170
14 92 74 83 2 0 18 0.00 M M 12.8 23 190 M M 0 34 180
15 87 70 79 -2 0 14 3.02 M M 9.8 28 10 M M 6 13 39 20
16 85 68 77 -4 0 12 1.60 M M 4.9 15 190 M M 8 13 19 60
17 85 73 79 -2 0 14 0.10 M M 5.1 17 190 M M 3 13 24 190
18 88 72 80 -1 0 15 0.00 M M 5.8 13 50 M M 4 18 50
19 87 69 78 -3 0 13 0.00 M M 6.1 13 30 M M 2 17 60
20 87 67 77 -4 0 12 0.00 M M 4.2 13 80 M M 0 18 19 80
21 88 67 78 -3 0 13 0.00 M M 3.3 10 150 M M 1 1 14 150
22 90 67 79 -2 0 14 0.00 M M 5.8 14 190 M M 0 18 19 200
23 93 72 83 2 0 18 0.00 M M 7.8 16 200 M M 1 18 21 190
24 96 76 86 5 0 21 0.00 M M 6.9 13 190 M M 0 17 180
25 93 76 85 4 0 20 0.00 M M 4.7 17 50 M M 0 24 90
26 94 76 85 4 0 20 0.00 M M 6.5 13 120 M M 1 17 110
27 98 75 87 6 0 22 0.00 M M 4.1 9 110 M M 1 12 110
28 97 75 86 5 0 21 0.00 M M 5.7 12 220 M M 0 8 15 210
29 98 75 87 6 0 22 0.00 M M 6.5 14 220 M M 1 18 19 260
30 97 71 84 3 0 19 0.00 M M 5.6 12 210 M M 0 1 17 200
31 98 76 87 6 0 22 0.08 M M 7.8 17 30 M M 2 13 26 60
================================================================================
SM 2802 2178 0 484 5.10 M 189.0 M 61
================================================================================
AV 90.4 70.3 6.1 FASTST M M 2 MAX(MPH)
MISC ----> 28 10 39 20
================================================================================
NOTES:
# LAST OF SEVERAL OCCURRENCES
COLUMN 17 PEAK WIND IN M.P.H.
PRELIMINARY LOCAL CLIMATOLOGICAL DATA (WS FORM: F-6) , PAGE 2
STATION: CHANUTE KS
MONTH: JULY
YEAR: 2021
LATITUDE: 37 40 N
LONGITUDE: 95 29 W
[TEMPERATURE DATA] [PRECIPITATION DATA] SYMBOLS USED IN COLUMN 16
AVERAGE MONTHLY: 80.3 TOTAL FOR MONTH: 5.10 1 = FOG OR MIST
DPTR FM NORMAL: -0.3 DPTR FM NORMAL: 0.68 2 = FOG REDUCING VISIBILITY
HIGHEST: 98 ON 31,29 GRTST 24HR 4.62 ON 15-16 TO 1/4 MILE OR LESS
LOWEST: 63 ON 13 3 = THUNDER
SNOW, ICE PELLETS, HAIL 4 = ICE PELLETS
TOTAL MONTH: M 5 = HAIL
GRTST 24HR M ON M 6 = FREEZING RAIN OR DRIZZLE
GRTST DEPTH: M ON M 7 = DUSTSTORM OR SANDSTORM:
VSBY 1/2 MILE OR LESS
8 = SMOKE OR HAZE
[NO. OF DAYS WITH] [WEATHER - DAYS WITH] 9 = BLOWING SNOW
X = TORNADO
MAX 32 OR BELOW: 0 0.01 INCH OR MORE: 6
MAX 90 OR ABOVE: 17 0.10 INCH OR MORE: 4
MIN 32 OR BELOW: 0 0.50 INCH OR MORE: 2
MIN 0 OR BELOW: 0 1.00 INCH OR MORE: 2
[HDD (BASE 65) ]
TOTAL THIS MO. 0 CLEAR (SCALE 0-3) 23
DPTR FM NORMAL 0 PTCLDY (SCALE 4-7) 7
TOTAL FM JUL 1 0 CLOUDY (SCALE 8-10) 1
DPTR FM NORMAL 0
[CDD (BASE 65) ]
TOTAL THIS MO. 484
DPTR FM NORMAL 0 [PRESSURE DATA]
TOTAL FM JAN 1 992 HIGHEST SLP 30.14 ON 20
DPTR FM NORMAL 1 LOWEST SLP 29.80 ON 10
[REMARKS]
#FINAL-07-21#