000
CXUS53 KICT 020314
CF6CNU
PRELIMINARY LOCAL CLIMATOLOGICAL DATA (WS FORM: F-6)
STATION: CHANUTE KS
MONTH: SEPTEMBER
YEAR: 2023
LATITUDE: 37 40 N
LONGITUDE: 95 29 W
TEMPERATURE IN F: :PCPN: SNOW: WIND :SUNSHINE: SKY :PK WND
================================================================================
1 2 3 4 5 6A 6B 7 8 9 10 11 12 13 14 15 16 17 18
12Z AVG MX 2MIN
DY MAX MIN AVG DEP HDD CDD WTR SNW DPTH SPD SPD DIR MIN PSBL S-S WX SPD DR
================================================================================
1 91 60 76 0 0 11 0.00 M M 7.3 13 180 M M 0 17 140
2 94 58 76 0 0 11 0.00 M M 7.1 15 200 M M 0 20 210
3 96 61 79 3 0 14 0.00 M M 9.1 18 170 M M 0 24 170
4 97 71 84 9 0 19 0.00 M M 14.2 28 180 M M 0 42 150
5 102 75 89 14 0 24 T M M 13.5 24 190 M M 1 32 180
6 89 60 75 0 0 10 0.00 M M 6.6 16 350 M M 0 8 24 350
7 89 53 71 -3 0 6 0.00 M M 4.5 13 110 M M 1 18 16 110
8 90 64 77 3 0 12 0.16 M M 7.5 21 150 M M 3 138 27 150
9 90 53 72 -2 0 7 0.00 M M 4.6 12 70 M M 0 17 80
10 85 57 71 -2 0 6 0.00 M M 5.5 13 160 M M 0 17 190
11 71 65 68 -5 0 3 0.29 M M 3.9 12 30 M M 8 1 15 40
12 80 63 72 0 0 7 0.00 M M 5.0 12 70 M M 6 1 17 80
13 81 49 65 -7 0 0 0.00 M M 4.6 15 140 M M 0 19 100
14 82 51 67 -5 0 2 0.00 M M 5.5 13 120 M M 1 16 190
15 83 59 71 0 0 6 0.03 M M 5.5 14 310 M M 2 20 310
16 81 58 70 -1 0 5 0.15 M M 5.8 22 40 M M 6 3 31 40
17 83 53 68 -3 0 3 0.00 M M 5.3 13 350 M M 0 8 21 330
18 90 52 71 1 0 6 0.00 M M 8.7 16 180 M M 0 18 24 180
19 72 64 68 -2 0 3 0.04 M M 9.9 25 210 M M 5 13 34 200
20 85 64 75 6 0 10 0.00 M M 9.6 18 180 M M 2 24 170
21 89 65 77 8 0 12 0.00 M M 9.6 17 150 M M 1 25 140
22 79 66 73 4 0 8 1.24 M M 12.8 22 160 M M 5 13 30 170
23 90 67 79 11 0 14 T M M 11.0 23 180 M M 3 3 30 200
24 87 60 74 6 0 9 0.00 M M 4.4 12 20 M M 1 1 18 30
25 89 56 73 5 0 8 0.00 M M 2.7 13 250 M M 0 17 260
26 92 59 76 9 0 11 0.00 M M 5.4 14 280 M M 0 19 280
27 89 59 74 7 0 9 0.00 M M 4.7 15 260 M M 1 8 19 260
28 92 63 78 12 0 13 0.00 M M 7.2 16 170 M M 0 21 170
29 92 66 79 13 0 14 0.00 M M 10.9 22 170 M M 0 30 190
30 91 66 79 13 0 14 0.00 M M 9.6 21 160 M M 0 27 150
================================================================================
SM 2621 1817 0 277 1.91 M 222.0 M 46
================================================================================
AV 87.4 60.6 7.4 FASTST M M 2 MAX(MPH)
MISC ----> 28 180 42 150
================================================================================
NOTES:
# LAST OF SEVERAL OCCURRENCES
COLUMN 17 PEAK WIND IN M.P.H.
PRELIMINARY LOCAL CLIMATOLOGICAL DATA (WS FORM: F-6) , PAGE 2
STATION: CHANUTE KS
MONTH: SEPTEMBER
YEAR: 2023
LATITUDE: 37 40 N
LONGITUDE: 95 29 W
[TEMPERATURE DATA] [PRECIPITATION DATA] SYMBOLS USED IN COLUMN 16
AVERAGE MONTHLY: 74.0 TOTAL FOR MONTH: 1.91 1 = FOG OR MIST
DPTR FM NORMAL: 2.9 DPTR FM NORMAL: -2.19 2 = FOG REDUCING VISIBILITY
HIGHEST: 102 ON 5 GRTST 24HR 1.24 ON 22-22 TO 1/4 MILE OR LESS
LOWEST: 49 ON 13 3 = THUNDER
SNOW, ICE PELLETS, HAIL 4 = ICE PELLETS
TOTAL MONTH: M 5 = HAIL
GRTST 24HR M ON M 6 = FREEZING RAIN OR DRIZZLE
GRTST DEPTH: M ON M 7 = DUSTSTORM OR SANDSTORM:
VSBY 1/2 MILE OR LESS
8 = SMOKE OR HAZE
[NO. OF DAYS WITH] [WEATHER - DAYS WITH] 9 = BLOWING SNOW
X = TORNADO
MAX 32 OR BELOW: 0 0.01 INCH OR MORE: 6
MAX 90 OR ABOVE: 13 0.10 INCH OR MORE: 4
MIN 32 OR BELOW: 0 0.50 INCH OR MORE: 1
MIN 0 OR BELOW: 0 1.00 INCH OR MORE: 1
[HDD (BASE 65) ]
TOTAL THIS MO. 0 CLEAR (SCALE 0-3) 25
DPTR FM NORMAL -33 PTCLDY (SCALE 4-7) 5
TOTAL FM JUL 1 0 CLOUDY (SCALE 8-10) 0
DPTR FM NORMAL -33
[CDD (BASE 65) ]
TOTAL THIS MO. 277
DPTR FM NORMAL 61 [PRESSURE DATA]
TOTAL FM JAN 1 1905 HIGHEST SLP 30.18 ON 10
DPTR FM NORMAL 245 LOWEST SLP 29.67 ON 4
[REMARKS]
#FINAL-09-23#