000
CXUS55 KGJT 011537
CLMCNY
CLIMATE REPORT
NATIONAL WEATHER SERVICE GRAND JUNCTION CO
837 AM MST THU FEB 01 2024
...................................
...THE CANYONLANDS AIRPORT UT CLIMATE SUMMARY FOR THE MONTH OF JANUARY 2024...
CLIMATE NORMAL PERIOD 1991 TO 2020
CLIMATE RECORD PERIOD 9999 TO 9999
WEATHER OBSERVED NORMAL DEPART LAST YEAR`S
VALUE DATE(S) VALUE FROM VALUE DATE(S)
NORMAL
................................................................
TEMPERATURE (F)
HIGHEST 57 01/30 MM MM 56 01/10
01/31
LOWEST 10 01/09 MM MM 3 01/19
AVG. MAXIMUM 44.5 38.7 5.8 38.8
AVG. MINIMUM 23.2 17.4 5.8 22.1
MEAN 33.8 28.0 5.8 30.5
DAYS MAX >= 90 0 0.0 0.0 0
DAYS MAX <= 32 2 8.1 -6.1 8
DAYS MIN <= 32 27 29.5 -2.5 28
DAYS MIN <= 0 0 1.9 -1.9 0
PRECIPITATION (INCHES)
TOTALS 0.51 0.45 0.06 0.64
DAILY AVG. 0.02 0.01 0.01 0.02
DAYS >= .01 6 4.8 1.2 6
DAYS >= .10 3 1.5 1.5 2
DAYS >= .50 0 0.0 0.0 0
DAYS >= 1.00 0 0.0 0.0 0
GREATEST
24 HR. TOTAL 0.21 01/21 TO 01/22 0.24
SNOWFALL (INCHES)
TOTALS MM MM MM MM
SINCE 7/1 MM MM MM MM
SNOWDEPTH AVG. MM MM
DAYS >= 1.0 MM MM MM MM
GREATEST
SNOW DEPTH MM MM MM
24 HR TOTAL MM MM
DEGREE DAYS
HEATING TOTAL 960 1145 -185 1064
SINCE 7/1 3001 3456 -455 3328
COOLING TOTAL 0 0 0 0
SINCE 1/1 0 0 0 MM
................................................................
WIND (MPH)
AVERAGE WIND SPEED 4.2
HIGHEST WIND SPEED/DIRECTION 26/290 DATE 01/11
HIGHEST GUST SPEED/DIRECTION 33/280 DATE 01/11
SKY COVER
POSSIBLE SUNSHINE (PERCENT) MM
AVERAGE SKY COVER 0.33
NUMBER OF DAYS FAIR 17
NUMBER OF DAYS PC 9
NUMBER OF DAYS CLOUDY 5
AVERAGE RH (PERCENT) 68
WEATHER CONDITIONS. NUMBER OF DAYS WITH
THUNDERSTORM 0 MIXED PRECIP 0
HEAVY RAIN 0 RAIN 0
LIGHT RAIN 3 FREEZING RAIN 0
LT FREEZING RAIN 0 HAIL 0
HEAVY SNOW 1 SNOW 1
LIGHT SNOW 4 SLEET 0
FOG 7 FOG W/VIS <= 1/4 MILE 1
HAZE 1
- INDICATES NEGATIVE NUMBERS.
R INDICATES RECORD WAS SET OR TIED.
MM INDICATES DATA IS MISSING.
T INDICATES TRACE AMOUNT.
$$