000
CXUS55 KPUB 011809
CF6COS
PRELIMINARY LOCAL CLIMATOLOGICAL DATA (WS FORM: F-6)
STATION: COLORADO SPRINGS CO
MONTH: OCTOBER
YEAR: 2020
LATITUDE: 38 49 N
LONGITUDE: 104 43 W
TEMPERATURE IN F: :PCPN: SNOW: WIND :SUNSHINE: SKY :PK WND
================================================================================
1 2 3 4 5 6A 6B 7 8 9 10 11 12 13 14 15 16 17 18
12Z AVG MX 2MIN
DY MAX MIN AVG DEP HDD CDD WTR SNW DPTH SPD SPD DIR MIN PSBL S-S WX SPD DR
================================================================================
1 64 42 53 -2 12 0 0.00 0.0 0 6.1 15 190 M M 4 21 200
2 78 44 61 7 4 0 0.00 0.0 0 9.0 29 360 M M 6 8 37 360
3 68 43 56 2 9 0 0.00 0.0 0 6.3 18 320 M M 2 28 330
4 78 37 58 4 7 0 0.00 0.0 0 9.0 21 170 M M 1 28 160
5 83 49 66 13 0 1 0.00 0.0 0 9.0 20 30 M M 1 8 26 30
6 81 46 64 11 1 0 0.00 0.0 0 5.2 12 70 M M 0 8 15 150
7 84 51 68 16 0 3 0.00 0.0 0 8.1 16 150 M M 0 8 21 140
8 87 48 68 16 0 3 0.00 0.0 0 8.8 24 210 M M 1 8 33 220
9 84 57 71 19 0 6 0.00 0.0 0 8.0 18 170 M M 4 8 25 170
10 80 48 64 13 1 0 0.00 0.0 0 9.9 28 160 M M 2 8 34 160
11 80 40 60 9 5 0 0.00 0.0 0 13.2 46 300 M M 3 64 310
12 77 33 55 4 10 0 0.00 0.0 0 8.7 28 280 M M 1 37 290
13 74 43 59 9 6 0 0.00 0.0 0 11.3 28 140 M M 2 35 150
14 87 40 64 14 1 0 0.00 0.0 0 12.4 35 70 M M 6 46 280
15 51 36 44 -6 21 0 0.00 0.0 0 8.9 17 70 M M 8 25 180
16 58 28 43 -6 22 0 0.00 0.0 0 3.4 20 80 M M 6 24 80
17 76 47 62 13 3 0 0.00 0.0 0 8.7 26 330 M M 7 41 310
18 49 33 41 -8 24 0 0.00 0.0 0 8.1 18 150 M M 9 128 22 150
19 73 28 51 3 14 0 0.00 0.0 0 5.1 20 150 M M 7 22 150
20 74 42 58 10 7 0 0.00 0.0 0 9.5 29 80 M M 7 38 90
21 78 40 59 11 6 0 0.00 0.0 0 8.8 28 180 M M 6 35 180
22 72 28 50 3 15 0 0.00 0.0 0 13.8 29 350 M M 7 38 350
23 32 24 28 -19 37 0 0.00 0.0 0 14.1 22 170 M M 10 8 30 340
24 75 20 48 1 17 0 0.00 0.0 0 9.7 31 130 M M 4 38 120
25 33 9 21 -25 44 0 0.08 1.3 0 14.8 25 360 M M 10 18 32 10
26 11 3 7 -39 58 0 0.17 1.9 3 6.1 13 170 M M 8 18 15 180
27 40 1 21 -25 44 0 0.00 0.0 2 5.7 14 340 M M 3 18 20 330
28 53 29 41 -5 24 0 0.00 0.0 T 17.9 39 350 M M 5 50 350
29 58 30 44 -1 21 0 0.00 0.0 0 5.9 15 10 M M 0 17 340
30 62 34 48 3 17 0 0.00 0.0 0 8.1 20 160 M M 1 26 150
31 70 37 54 10 11 0 0.00 0.0 0 10.3 25 50 M M 1 32 50
================================================================================
SM 2070 1090 441 13 0.25 3.2 283.9 M 132
================================================================================
AV 66.8 35.2 9.2 FASTST M M 4 MAX(MPH)
MISC ----> 46 300 64 310
================================================================================
NOTES:
COLUMN 17 PEAK WIND IN M.P.H.
PRELIMINARY LOCAL CLIMATOLOGICAL DATA (WS FORM: F-6) , PAGE 2
STATION: COLORADO SPRINGS CO
MONTH: OCTOBER
YEAR: 2020
LATITUDE: 38 49 N
LONGITUDE: 104 43 W
[TEMPERATURE DATA] [PRECIPITATION DATA] SYMBOLS USED IN COLUMN 16
AVERAGE MONTHLY: 51.0 TOTAL FOR MONTH: 0.25 1 = FOG OR MIST
DPTR FM NORMAL: 1.6 DPTR FM NORMAL: -0.57 2 = FOG REDUCING VISIBILITY
HIGHEST: 87 ON 14, 8 GRTST 24HR 0.24 ON 25-26 TO 1/4 MILE OR LESS
LOWEST: 1 ON 27 3 = THUNDER
SNOW, ICE PELLETS, HAIL 4 = ICE PELLETS
TOTAL MONTH: 3.2 INCHES 5 = HAIL
GRTST 24HR 3.2 ON 25-26 6 = FREEZING RAIN OR DRIZZLE
GRTST DEPTH: 3 ON 26 7 = DUSTSTORM OR SANDSTORM:
VSBY 1/2 MILE OR LESS
8 = SMOKE OR HAZE
[NO. OF DAYS WITH] [WEATHER - DAYS WITH] 9 = BLOWING SNOW
X = TORNADO
MAX 32 OR BELOW: 2 0.01 INCH OR MORE: 2
MAX 90 OR ABOVE: 0 0.10 INCH OR MORE: 1
MIN 32 OR BELOW: 10 0.50 INCH OR MORE: 0
MIN 0 OR BELOW: 0 1.00 INCH OR MORE: 0
[HDD (BASE 65) ]
TOTAL THIS MO. 441 CLEAR (SCALE 0-3) 14
DPTR FM NORMAL -43 PTCLDY (SCALE 4-7) 12
TOTAL FM JUL 1 578 CLOUDY (SCALE 8-10) 5
DPTR FM NORMAL -97
[CDD (BASE 65) ]
TOTAL THIS MO. 13
DPTR FM NORMAL 12 [PRESSURE DATA]
TOTAL FM JAN 1 904 HIGHEST SLP 30.50 ON 26
DPTR FM NORMAL 449 LOWEST SLP 29.45 ON 11
[REMARKS]
#FINAL-10-20#