000
CXUS56 KLOX 011155
CF6CQT
PRELIMINARY LOCAL CLIMATOLOGICAL DATA (WS FORM: F-6)
STATION: DOWNTOWN LOS ANGELES (USC) CA
MONTH: APRIL
YEAR: 2023
LATITUDE: 34 1 N
LONGITUDE: 118 17 W
TEMPERATURE IN F: :PCPN: SNOW: WIND :SUNSHINE: SKY :PK WND
================================================================================
1 2 3 4 5 6A 6B 7 8 9 10 11 12 13 14 15 16 17 18
12Z AVG MX 2MIN
DY MAX MIN AVG DEP HDD CDD WTR SNW DPTH SPD SPD DIR MIN PSBL S-S WX SPD DR
================================================================================
1 71 48 60 -2 5 0 0.00 M M 1.5 10 270 M M 0 16 260
2 68 52 60 -2 5 0 0.00 M M 1.5 9 260 M M 1 16 260
3 65 52 59 -4 6 0 0.00 M M 4.5 14 330 M M 5 28 320
4 63 49 56 -7 9 0 0.00 M M 4.7 14 260 M M 0 26 260
5 70 48 59 -4 6 0 0.00 M M 1.8 12 260 M M 0 8 17 260
6 73 52 63 0 2 0 0.00 M M 2.1 10 260 M M 0 19 260
7 72 55 64 1 1 0 0.00 M M 1.2 10 260 M M 0 8 17 260
8 70 54 62 -1 3 0 0.00 M M 1.3 10 260 M M 1 16 270
9 72 55 64 1 1 0 0.00 M M 1.9 8 260 M M 4 18 13 260
10 75 54 65 2 0 0 0.00 M M 1.0 7 270 M M 5 18 12 270
11 68 55 62 -1 3 0 0.00 M M 0.5 8 270 M M 7 18 13 280
12 63 55 59 -4 6 0 0.01 M M 0.9 7 90 M M 10 18 9 90
13 60 54 57 -6 8 0 0.05 M M 0.9 9 130 M M 10 18 14 140
14 65 53 59 -5 6 0 T M M M 6 270 M M 8 13 260
15 71 51 61 -3 4 0 0.00 M M 1.5 10 260 M M 0 17 270
16 65 52 59 -5 6 0 0.00 M M 0.9 8 260 M M 5 13 260
17 67 55 61 -3 4 0 0.00 M M 0.9 9 260 M M 8 8 14 260
18 68 54 61 -3 4 0 0.00 M M 0.9 9 260 M M 5 17 260
19 71 52 62 -2 3 0 0.00 M M 1.8 9 260 M M 0 8 18 260
20 83 53 68 4 0 3 0.00 M M 1.2 9 270 M M 0 8 13 270
21 89 60 75 11 0 10 0.00 M M 1.8 9 260 M M 0 8 16 260
22 86 62 74 10 0 9 0.00 M M 1.4 9 260 M M 0 13 260
23 75 59 67 3 0 2 0.00 M M 1.5 9 260 M M 2 18 15 270
24 71 59 65 1 0 0 0.00 M M 2.2 9 260 M M 7 16 270
25 71 57 64 0 1 0 0.00 M M 1.8 8 270 M M 6 8 14 270
26 73 56 65 1 0 0 0.00 M M 1.5 8 280 M M 5 18 13 260
27 71 56 64 -1 1 0 0.00 M M 1.0 8 260 M M 6 18 13 270
28 69 56 63 -2 2 0 0.00 M M 1.9 8 260 M M 6 18 13 260
29 74 56 65 0 0 0 0.00 M M 1.2 8 270 M M 7 18 16 260
30 67 58 63 -2 2 0 0.00 M M 1.3 6 140 M M 9 18 M M
================================================================================
SM 2126 1632 88 24 0.06 M 46.6 M 117
================================================================================
AV 70.9 54.4 1.6 FASTST M M 4 MAX(MPH)
MISC ----> # 14 330 28 320
================================================================================
NOTES:
# LAST OF SEVERAL OCCURRENCES
COLUMN 17 PEAK WIND IN M.P.H.
PRELIMINARY LOCAL CLIMATOLOGICAL DATA (WS FORM: F-6) , PAGE 2
STATION: DOWNTOWN LOS ANGELES (USC) CA
MONTH: APRIL
YEAR: 2023
LATITUDE: 34 1 N
LONGITUDE: 118 17 W
[TEMPERATURE DATA] [PRECIPITATION DATA] SYMBOLS USED IN COLUMN 16
AVERAGE MONTHLY: 62.6 TOTAL FOR MONTH: 0.06 1 = FOG OR MIST
DPTR FM NORMAL: -1.0 DPTR FM NORMAL: -0.63 2 = FOG REDUCING VISIBILITY
HIGHEST: 89 ON 21 GRTST 24HR 0.05 ON 13-13 TO 1/4 MILE OR LESS
LOWEST: 48 ON 5, 1 3 = THUNDER
SNOW, ICE PELLETS, HAIL 4 = ICE PELLETS
TOTAL MONTH: M 5 = HAIL
GRTST 24HR M ON M 6 = FREEZING RAIN OR DRIZZLE
GRTST DEPTH: M ON M 7 = DUSTSTORM OR SANDSTORM:
VSBY 1/2 MILE OR LESS
8 = SMOKE OR HAZE
[NO. OF DAYS WITH] [WEATHER - DAYS WITH] 9 = BLOWING SNOW
X = TORNADO
MAX 32 OR BELOW: 0 0.01 INCH OR MORE: 2
MAX 90 OR ABOVE: 0 0.10 INCH OR MORE: 0
MIN 32 OR BELOW: 0 0.50 INCH OR MORE: 0
MIN 0 OR BELOW: 0 1.00 INCH OR MORE: 0
[HDD (BASE 65) ]
TOTAL THIS MO. 88 CLEAR (SCALE 0-3) 13
DPTR FM NORMAL 1 PTCLDY (SCALE 4-7) 13
TOTAL FM JUL 1 1228 CLOUDY (SCALE 8-10) 4
DPTR FM NORMAL 264
[CDD (BASE 65) ]
TOTAL THIS MO. 24
DPTR FM NORMAL -21 [PRESSURE DATA]
TOTAL FM JAN 1 24 HIGHEST SLP M ON M
DPTR FM NORMAL -63 LOWEST SLP 29.77 ON 23
[REMARKS]
#FINAL-04-23#