000
CXUS56 KLOX 011155
CF6CQT
PRELIMINARY LOCAL CLIMATOLOGICAL DATA (WS FORM: F-6)
STATION: DOWNTOWN LOS ANGELES (USC) CA
MONTH: MAY
YEAR: 2022
LATITUDE: 34 1 N
LONGITUDE: 118 17 W
TEMPERATURE IN F: :PCPN: SNOW: WIND :SUNSHINE: SKY :PK WND
================================================================================
1 2 3 4 5 6A 6B 7 8 9 10 11 12 13 14 15 16 17 18
12Z AVG MX 2MIN
DY MAX MIN AVG DEP HDD CDD WTR SNW DPTH SPD SPD DIR MIN PSBL S-S WX SPD DR
================================================================================
1 73 57 65 0 0 0 0.00 M M 1.3 10 260 M M 3 17 270
2 70 58 64 -1 1 0 0.00 M M 1.7 9 260 M M 5 15 260
3 69 58 64 -1 1 0 0.00 M M 1.8 9 260 M M 6 16 260
4 75 57 66 1 0 1 0.00 M M 1.1 8 260 M M 2 18 15 270
5 75 56 66 1 0 1 0.00 M M 2.0 9 260 M M 3 18 14 280
6 75 55 65 0 0 0 0.00 M M 0.8 8 260 M M 0 18 14 260
7 74 59 67 2 0 2 0.00 M M 1.6 9 270 M M 2 15 280
8 68 57 63 -2 2 0 0.00 M M 1.5 10 260 M M 5 8 16 260
9 69 54 62 -4 3 0 0.00 M M 2.5 9 260 M M 2 8 18 270
10 68 51 60 -6 5 0 0.00 M M 2.6 13 270 M M 0 25 270
11 70 51 61 -5 4 0 0.00 M M 4.6 17 270 M M 0 8 29 260
12 79 53 66 0 0 1 0.00 M M 2.5 12 270 M M 0 8 20 270
13 87 57 72 6 0 7 0.00 M M 2.3 10 270 M M 0 16 270
14 89 61 75 9 0 10 0.00 M M 1.3 8 270 M M 0 13 280
15 84 59 72 6 0 7 0.00 M M 1.4 9 270 M M 0 8 16 280
16 70 58 64 -2 1 0 0.00 M M 1.2 9 260 M M 3 8 15 260
17 71 57 64 -2 1 0 0.00 M M 1.9 8 270 M M 4 8 14 260
18 70 57 64 -2 1 0 0.00 M M 1.3 8 260 M M 5 18 12 260
19 67 59 63 -3 2 0 0.00 M M 1.4 8 260 M M 10 18 14 270
20 69 58 64 -2 1 0 0.00 M M 1.1 7 270 M M 10 11 120
21 69 57 63 -3 2 0 0.00 M M 1.8 10 260 M M 7 16 270
22 69 54 62 -4 3 0 0.00 M M 2.6 10 270 M M 0 18 280
23 69 55 62 -4 3 0 0.00 M M 1.2 7 260 M M 6 8 12 270
24 71 59 65 -1 0 0 0.00 M M 1.2 7 260 M M 5 18 14 260
25 73 59 66 0 0 1 0.00 M M 1.1 10 260 M M 3 18 15 270
26 75 60 68 1 0 3 0.00 M M 2.1 10 260 M M 5 8 16 270
27 71 59 65 -2 0 0 0.00 M M 2.2 10 270 M M 5 17 260
28 68 58 63 -4 2 0 0.00 M M 1.3 12 270 M M 8 17 270
29 72 57 65 -2 0 0 0.00 M M 1.5 12 260 M M 2 15 260
30 72 58 65 -2 0 0 0.00 M M 2.2 10 270 M M 2 17 270
31 74 57 66 -1 0 1 0.00 M M 1.6 9 270 M M 1 8 15 270
================================================================================
SM 2255 1765 32 34 0.00 M 54.7 M 104
================================================================================
AV 72.7 56.9 1.8 FASTST M M 3 MAX(MPH)
MISC ----> 17 270 29 260
================================================================================
NOTES:
# LAST OF SEVERAL OCCURRENCES
COLUMN 17 PEAK WIND IN M.P.H.
PRELIMINARY LOCAL CLIMATOLOGICAL DATA (WS FORM: F-6) , PAGE 2
STATION: DOWNTOWN LOS ANGELES (USC) CA
MONTH: MAY
YEAR: 2022
LATITUDE: 34 1 N
LONGITUDE: 118 17 W
[TEMPERATURE DATA] [PRECIPITATION DATA] SYMBOLS USED IN COLUMN 16
AVERAGE MONTHLY: 64.8 TOTAL FOR MONTH: 0.00 1 = FOG OR MIST
DPTR FM NORMAL: -1.1 DPTR FM NORMAL: -0.32 2 = FOG REDUCING VISIBILITY
HIGHEST: 89 ON 14 GRTST 24HR T ON 14-14 TO 1/4 MILE OR LESS
LOWEST: 51 ON 11,10 3 = THUNDER
SNOW, ICE PELLETS, HAIL 4 = ICE PELLETS
TOTAL MONTH: M 5 = HAIL
GRTST 24HR M ON M 6 = FREEZING RAIN OR DRIZZLE
GRTST DEPTH: M ON M 7 = DUSTSTORM OR SANDSTORM:
VSBY 1/2 MILE OR LESS
8 = SMOKE OR HAZE
[NO. OF DAYS WITH] [WEATHER - DAYS WITH] 9 = BLOWING SNOW
X = TORNADO
MAX 32 OR BELOW: 0 0.01 INCH OR MORE: 0
MAX 90 OR ABOVE: 0 0.10 INCH OR MORE: 0
MIN 32 OR BELOW: 0 0.50 INCH OR MORE: 0
MIN 0 OR BELOW: 0 1.00 INCH OR MORE: 0
[HDD (BASE 65) ]
TOTAL THIS MO. 32 CLEAR (SCALE 0-3) 16
DPTR FM NORMAL -7 PTCLDY (SCALE 4-7) 13
TOTAL FM JUL 1 1028 CLOUDY (SCALE 8-10) 2
DPTR FM NORMAL 26
[CDD (BASE 65) ]
TOTAL THIS MO. 34
DPTR FM NORMAL -33 [PRESSURE DATA]
TOTAL FM JAN 1 135 HIGHEST SLP M ON M
DPTR FM NORMAL -19 LOWEST SLP 29.76 ON 20
[REMARKS]
#FINAL-05-22#