000
CXUS56 KLOX 011255
CF6CQT
PRELIMINARY LOCAL CLIMATOLOGICAL DATA (WS FORM: F-6)
STATION: DOWNTOWN LOS ANGELES (USC) CA
MONTH: FEBRUARY
YEAR: 2024
LATITUDE: 34 1 N
LONGITUDE: 118 17 W
TEMPERATURE IN F: :PCPN: SNOW: WIND :SUNSHINE: SKY :PK WND
================================================================================
1 2 3 4 5 6A 6B 7 8 9 10 11 12 13 14 15 16 17 18
12Z AVG MX 2MIN
DY MAX MIN AVG DEP HDD CDD WTR SNW DPTH SPD SPD DIR MIN PSBL S-S WX SPD DR
================================================================================
1 59 50 55 -4 10 0 1.54 M M 5.4 20 90 M M 9 1 32 110
2 63 48 56 -3 9 0 0.00 M M 1.5 12 270 M M 1 19 260
3 62 47 55 -4 10 0 0.15 M M 1.1 9 100 M M 3 18 15 110
4 60 52 56 -3 9 0 4.10 M M 7.2 14 80 M M 9 1 26 140
5 58 54 56 -3 9 0 2.93 M M 4.3 12 100 M M 10 1 17 110
6 56 50 53 -6 12 0 1.48 M M 1.0 8 110 M M 10 1 14 80
7 60 47 54 -5 11 0 0.37 M M 1.3 10 260 M M 7 1 20 260
8 60 43 52 -7 13 0 0.00 M M 1.0 7 260 M M 4 13 270
9 62 49 56 -3 9 0 0.00 M M 2.6 9 340 M M 3 21 350
10 66 48 57 -2 8 0 0.00 M M 1.6 8 90 M M 0 18 320
11 66 44 55 -4 10 0 0.00 M M 1.2 8 260 M M 0 15 260
12 68 46 57 -2 8 0 0.00 M M 1.6 8 270 M M 0 15 270
13 67 46 57 -2 8 0 0.00 M M 1.1 9 270 M M 0 8 17 270
14 65 53 59 0 6 0 0.00 M M 0.7 8 260 M M 4 18 15 250
15 65 50 58 -1 7 0 0.00 M M 1.0 8 260 M M 3 8 16 280
16 68 56 62 3 3 0 0.00 M M 1.4 9 270 M M 6 18 16 260
17 64 56 60 1 5 0 0.01 M M 0.2 7 270 M M 8 18 15 280
18 65 55 60 1 5 0 0.01 M M 1.4 8 270 M M 10 1 15 260
19 59 56 58 -1 7 0 1.05 M M 4.1 9 100 M M 10 1 17 120
20 60 57 59 0 6 0 0.69 M M 3.2 10 130 M M 10 1 18 120
21 65 54 60 1 5 0 0.23 M M 1.4 8 270 M M 4 1 16 250
22 68 53 61 2 4 0 0.00 M M 1.5 8 260 M M 2 1 14 260
23 79 53 66 7 0 1 0.00 M M 0.7 7 80 M M 0 12 60
24 77 58 68 8 0 3 0.00 M M 0.5 7 250 M M 0 14 280
25 69 53 61 1 4 0 0.00 M M 0.5 8 260 M M 0 14 260
26 66 54 60 0 5 0 0.10 M M 0.2 6 270 M M 5 18 13 270
27 67 55 61 1 4 0 0.00 M M 0.3 6 280 M M 5 1 15 270
28 69 51 60 0 5 0 0.00 M M 1.0 9 260 M M 1 8 17 260
29 65 57 61 1 4 0 0.00 M M 1.3 7 250 M M 9 16 270
================================================================================
SM 1878 1495 196 4 12.66 M 50.3 M 133
================================================================================
AV 64.8 51.6 1.7 FASTST M M 5 MAX(MPH)
MISC ----> 20 90 32 110
================================================================================
NOTES:
# LAST OF SEVERAL OCCURRENCES
COLUMN 17 PEAK WIND IN M.P.H.
PRELIMINARY LOCAL CLIMATOLOGICAL DATA (WS FORM: F-6) , PAGE 2
STATION: DOWNTOWN LOS ANGELES (USC) CA
MONTH: FEBRUARY
YEAR: 2024
LATITUDE: 34 1 N
LONGITUDE: 118 17 W
[TEMPERATURE DATA] [PRECIPITATION DATA] SYMBOLS USED IN COLUMN 16
AVERAGE MONTHLY: 58.2 TOTAL FOR MONTH: 12.66 1 = FOG OR MIST
DPTR FM NORMAL: -0.8 DPTR FM NORMAL: 9.02 2 = FOG REDUCING VISIBILITY
HIGHEST: 79 ON 23 GRTST 24HR 6.67 ON 4- 5 TO 1/4 MILE OR LESS
LOWEST: 43 ON 8 3 = THUNDER
SNOW, ICE PELLETS, HAIL 4 = ICE PELLETS
TOTAL MONTH: M 5 = HAIL
GRTST 24HR M ON M 6 = FREEZING RAIN OR DRIZZLE
GRTST DEPTH: M ON M 7 = DUSTSTORM OR SANDSTORM:
VSBY 1/2 MILE OR LESS
8 = SMOKE OR HAZE
[NO. OF DAYS WITH] [WEATHER - DAYS WITH] 9 = BLOWING SNOW
X = TORNADO
MAX 32 OR BELOW: 0 0.01 INCH OR MORE: 12
MAX 90 OR ABOVE: 0 0.10 INCH OR MORE: 10
MIN 32 OR BELOW: 0 0.50 INCH OR MORE: 6
MIN 0 OR BELOW: 0 1.00 INCH OR MORE: 5
[HDD (BASE 65) ]
TOTAL THIS MO. 196 CLEAR (SCALE 0-3) 11
DPTR FM NORMAL 16 PTCLDY (SCALE 4-7) 9
TOTAL FM JUL 1 526 CLOUDY (SCALE 8-10) 9
DPTR FM NORMAL -221
[CDD (BASE 65) ]
TOTAL THIS MO. 4
DPTR FM NORMAL -8 [PRESSURE DATA]
TOTAL FM JAN 1 8 HIGHEST SLP M ON M
DPTR FM NORMAL -12 LOWEST SLP 29.64 ON 6
[REMARKS]
#FINAL-02-24#