000
CXUS52 KILM 011000
CF6CRE
PRELIMINARY LOCAL CLIMATOLOGICAL DATA (WS FORM: F-6)
STATION: N.MYRTLE BEACH SOUTH CAROLINA
MONTH: JULY
YEAR: 2022
LATITUDE: 33 49 N
LONGITUDE: 78 43 W
TEMPERATURE IN F: :PCPN: SNOW: WIND :SUNSHINE: SKY :PK WND
================================================================================
1 2 3 4 5 6A 6B 7 8 9 10 11 12 13 14 15 16 17 18
12Z AVG MX 2MIN
DY MAX MIN AVG DEP HDD CDD WTR SNW DPTH SPD SPD DIR MIN PSBL S-S WX SPD DR
================================================================================
1 80 74 77 -3 0 12 0.54 M M 7.2 21 170 M M 6 1 28 160
2 83 74 79 -1 0 14 0.70 M M 10.4 23 190 M M 7 1 32 190
3 90 76 83 3 0 18 T M M 9.5 22 210 M M 3 3 26 210
4 86 74 80 0 0 15 1.10 M M 5.3 29 60 M M 6 123 37 70
5 87 74 81 0 0 16 0.68 M M 8.6 18 220 M M 3 1 23 220
6 89 77 83 2 0 18 0.00 M M 11.6 22 220 M M 2 28 200
7 90 74 82 1 0 17 0.00 M M 10.0 21 210 M M 2 29 200
8 89 76 83 2 0 18 0.08 M M 12.3 28 210 M M 3 13 36 210
9 90 76 83 2 0 18 0.00 M M 10.5 25 220 M M 1 33 220
10 86 73 80 -1 0 15 1.36 M M 6.8 22 360 M M 9 13 28 10
11 82 70 76 -5 0 11 T M M 6.2 13 20 M M 9 1 17 10
12 85 73 79 -2 0 14 0.08 M M 4.4 13 220 M M 4 3 15 220
13 87 76 82 1 0 17 0.07 M M 8.7 24 210 M M 2 13 31 210
14 88 76 82 1 0 17 0.01 M M 8.0 16 200 M M 3 13 21 190
15 82 72 77 -4 0 12 0.77 M M 4.7 13 320 M M 6 13 17 330
16 83 75 79 -2 0 14 0.07 M M 6.1 14 200 M M 4 13 23 180
17 85 72 79 -2 0 14 0.00 M M 6.6 16 180 M M 1 1 22 190
18 86 76 81 0 0 16 0.44 M M 12.1 28 210 M M 4 138 34 210
19 87 77 82 1 0 17 T M M 12.5 24 220 M M 2 32 220
20 88 75 82 1 0 17 T M M 12.7 30 220 M M 2 3 38 220
21 87 77 82 1 0 17 T M M 16.3 30 220 M M 3 38 210
22 88 74 81 0 0 16 2.93 M M 10.4 21 60 M M 4 123 28 190
23 85 71 78 -3 0 13 1.80 M M 6.0 20 210 M M 4 13 24 210
24 86 76 81 0 0 16 0.00 M M 11.9 21 200 M M 1 26 190
25 87 80 84 3 0 19 T M M 15.2 22 210 M M 2 3 29 200
26 87 80 84 3 0 19 0.00 M M 15.5 23 210 M M 2 30 210
27 90 80 85 5 0 20 0.00 M M 13.1 22 210 M M 1 28 230
28 92 79 86 6 0 21 0.00 M M 13.8 24 220 M M 1 30 220
29 88 80 84 4 0 19 0.00 M M 14.0 25 220 M M 0 31 200
30 90 78 84 4 0 19 T M M 6.5 22 210 M M 2 3 27 210
31 88 78 83 3 0 18 0.28 M M 9.2 20 210 M M 2 3 24 210
================================================================================
SM 2691 2343 0 507 10.91 M 306.1 M 101
================================================================================
AV 86.8 75.6 9.9 FASTST M M 3 MAX(MPH)
MISC ----> # 30 220 # 38 220
================================================================================
NOTES:
# LAST OF SEVERAL OCCURRENCES
COLUMN 17 PEAK WIND IN M.P.H.
PRELIMINARY LOCAL CLIMATOLOGICAL DATA (WS FORM: F-6) , PAGE 2
STATION: N.MYRTLE BEACH SOUTH CAROLINA
MONTH: JULY
YEAR: 2022
LATITUDE: 33 49 N
LONGITUDE: 78 43 W
[TEMPERATURE DATA] [PRECIPITATION DATA] SYMBOLS USED IN COLUMN 16
AVERAGE MONTHLY: 81.2 TOTAL FOR MONTH: 10.91 1 = FOG OR MIST
DPTR FM NORMAL: 0.6 DPTR FM NORMAL: 5.51 2 = FOG REDUCING VISIBILITY
HIGHEST: 92 ON 28 GRTST 24HR 4.73 ON 22-23 TO 1/4 MILE OR LESS
LOWEST: 70 ON 11 3 = THUNDER
SNOW, ICE PELLETS, HAIL 4 = ICE PELLETS
TOTAL MONTH: M 5 = HAIL
GRTST 24HR M ON M 6 = FREEZING RAIN OR DRIZZLE
GRTST DEPTH: M ON M 7 = DUSTSTORM OR SANDSTORM:
VSBY 1/2 MILE OR LESS
8 = SMOKE OR HAZE
[NO. OF DAYS WITH] [WEATHER - DAYS WITH] 9 = BLOWING SNOW
X = TORNADO
MAX 32 OR BELOW: 0 0.01 INCH OR MORE: 15
MAX 90 OR ABOVE: 6 0.10 INCH OR MORE: 10
MIN 32 OR BELOW: 0 0.50 INCH OR MORE: 8
MIN 0 OR BELOW: 0 1.00 INCH OR MORE: 4
[HDD (BASE 65) ]
TOTAL THIS MO. 0 CLEAR (SCALE 0-3) 20
DPTR FM NORMAL 0 PTCLDY (SCALE 4-7) 9
TOTAL FM JUL 1 0 CLOUDY (SCALE 8-10) 2
DPTR FM NORMAL 0
[CDD (BASE 65) ]
TOTAL THIS MO. 507
DPTR FM NORMAL 22 [PRESSURE DATA]
TOTAL FM JAN 1 1215 HIGHEST SLP 30.18 ON 31
DPTR FM NORMAL 105 LOWEST SLP 29.88 ON 20
[REMARKS]
#FINAL-07-22#