000
CXUS56 KSGX 011145
CF6CRQ
PRELIMINARY LOCAL CLIMATOLOGICAL DATA (WS FORM: F-6)
STATION: CARLSBAD PALOMAR AIRPORT CA
MONTH: NOVEMBER
YEAR: 2022
LATITUDE: 33 7 N
LONGITUDE: 117 17 W
TEMPERATURE IN F: :PCPN: SNOW: WIND :SUNSHINE: SKY :PK WND
================================================================================
1 2 3 4 5 6A 6B 7 8 9 10 11 12 13 14 15 16 17 18
12Z AVG MX 2MIN
DY MAX MIN AVG DEP HDD CDD WTR SNW DPTH SPD SPD DIR MIN PSBL S-S WX SPD DR
================================================================================
1 68 59 64 0 1 0 0.00 M M 6.8 15 230 M M 6 20 220
2 65 57 61 -3 4 0 0.04 M M 7.0 16 240 M M 7 1 21 240
3 61 50 56 -8 9 0 0.04 M M 7.3 16 270 M M 3 25 290
4 66 47 57 -6 8 0 0.00 M M 3.5 10 250 M M 0 14 260
5 68 48 58 -5 7 0 0.00 M M 2.8 10 250 M M 0 13 240
6 66 51 59 -4 6 0 0.00 M M 4.9 10 220 M M 0 21 250
7 68 58 63 0 2 0 0.09 M M 6.5 14 220 M M 10 18 19 220
8 63 54 59 -4 6 0 0.88 M M 10.4 24 230 M M 10 1 33 230
9 62 49 56 -6 9 0 0.15 M M 4.1 14 260 M M 3 1 20 280
10 63 46 55 -7 10 0 0.00 M M 2.5 10 260 M M 0 13 260
11 72 45 59 -3 6 0 0.00 M M 3.6 13 210 M M 0 15 230
12 66 46 56 -6 9 0 0.00 M M 4.3 12 250 M M 0 15 250
13 62 49 56 -6 9 0 T M M 4.5 13 240 M M 3 17 240
14 67 47 57 -4 8 0 0.00 M M 3.2 12 270 M M 0 17 250
15 67 48 58 -3 7 0 0.00 M M 2.9 12 260 M M 0 15 260
16 76 50 63 2 2 0 0.00 M M 3.9 12 260 M M 0 17 260
17 72 51 62 2 3 0 0.00 M M 3.2 10 260 M M 0 14 30
18 65 47 56 -4 9 0 0.00 M M 3.1 10 260 M M 0 1 13 240
19 75 47 61 1 4 0 0.00 M M 4.0 15 250 M M 0 18 260
20 76 51 64 4 1 0 0.00 M M 3.3 10 260 M M 0 15 250
21 74 50 62 2 3 0 0.00 M M 2.6 8 280 M M 0 11 250
22 70 50 60 1 5 0 0.00 M M 3.0 10 250 M M 0 13 240
23 68 45 57 -2 8 0 0.00 M M 2.7 10 250 M M 0 13 240
24 79 46 63 4 2 0 0.00 M M 4.0 18 110 M M 0 22 110
25 76 49 63 4 2 0 0.00 M M 3.3 15 220 M M 0 17 260
26 69 48 59 1 6 0 0.00 M M 3.8 13 210 M M 0 16 210
27 67 46 57 -1 8 0 0.00 M M 3.5 9 210 M M 1 12 210
28 61 55 58 0 7 0 0.00 M M 6.0 15 230 M M 9 20 230
29 64 49 57 -1 8 0 0.00 M M 5.0 15 220 M M 4 17 220
30 59 48 54 -4 11 0 0.00 M M 4.4 12 220 M M 8 13 230
================================================================================
SM 2035 1486 180 0 1.20 M 130.1 M 64
================================================================================
AV 67.8 49.5 4.3 FASTST M M 2 MAX(MPH)
MISC ----> 24 230 33 230
================================================================================
NOTES:
# LAST OF SEVERAL OCCURRENCES
COLUMN 17 PEAK WIND IN M.P.H.
PRELIMINARY LOCAL CLIMATOLOGICAL DATA (WS FORM: F-6) , PAGE 2
STATION: CARLSBAD PALOMAR AIRPORT CA
MONTH: NOVEMBER
YEAR: 2022
LATITUDE: 33 7 N
LONGITUDE: 117 17 W
[TEMPERATURE DATA] [PRECIPITATION DATA] SYMBOLS USED IN COLUMN 16
AVERAGE MONTHLY: 58.7 TOTAL FOR MONTH: 1.20 1 = FOG OR MIST
DPTR FM NORMAL: -2.1 DPTR FM NORMAL: 0.21 2 = FOG REDUCING VISIBILITY
HIGHEST: 79 ON 24 GRTST 24HR 1.01 ON 8- 9 TO 1/4 MILE OR LESS
LOWEST: 45 ON 23,11 3 = THUNDER
SNOW, ICE PELLETS, HAIL 4 = ICE PELLETS
TOTAL MONTH: M 5 = HAIL
GRTST 24HR M ON M 6 = FREEZING RAIN OR DRIZZLE
GRTST DEPTH: M ON M 7 = DUSTSTORM OR SANDSTORM:
VSBY 1/2 MILE OR LESS
8 = SMOKE OR HAZE
[NO. OF DAYS WITH] [WEATHER - DAYS WITH] 9 = BLOWING SNOW
X = TORNADO
MAX 32 OR BELOW: 0 0.01 INCH OR MORE: 5
MAX 90 OR ABOVE: 0 0.10 INCH OR MORE: 2
MIN 32 OR BELOW: 0 0.50 INCH OR MORE: 1
MIN 0 OR BELOW: 0 1.00 INCH OR MORE: 0
[HDD (BASE 65) ]
TOTAL THIS MO. 180 CLEAR (SCALE 0-3) 20
DPTR FM NORMAL 32 PTCLDY (SCALE 4-7) 7
TOTAL FM JUL 1 197 CLOUDY (SCALE 8-10) 3
DPTR FM NORMAL 7
[CDD (BASE 65) ]
TOTAL THIS MO. 0
DPTR FM NORMAL -22 [PRESSURE DATA]
TOTAL FM JAN 1 837 HIGHEST SLP 30.27 ON 4
DPTR FM NORMAL 232 LOWEST SLP 29.83 ON 8
[REMARKS]
#FINAL-11-22#