000
CXUS52 KFFC 011110
CF6CSG
PRELIMINARY LOCAL CLIMATOLOGICAL DATA (WS FORM: F-6)
STATION: COLUMBUS
MONTH: DECEMBER
YEAR: 2022
LATITUDE: 32 31 N
LONGITUDE: 84 56 W
TEMPERATURE IN F: :PCPN: SNOW: WIND :SUNSHINE: SKY :PK WND
================================================================================
1 2 3 4 5 6A 6B 7 8 9 10 11 12 13 14 15 16 17 18
12Z AVG MX 2MIN
DY MAX MIN AVG DEP HDD CDD WTR SNW DPTH SPD SPD DIR MIN PSBL S-S WX SPD DR
================================================================================
1 60 37 49 -4 16 0 0.00 0.0 M 6.2 16 20 M M 0 24 10
2 69 42 56 3 9 0 0.00 0.0 M 7.8 16 150 M M 4 22 160
3 70 49 60 7 5 0 T M M 2.3 10 230 M M 6 12 14 20
4 71 55 63 10 2 0 0.00 0.0 M 3.2 14 330 M M 5 12 19 340
5 68 54 61 9 4 0 T 0.0 M 4.8 10 170 M M 10 16 110
6 77 61 69 17 0 4 0.00 0.0 M 4.4 14 240 M M 7 18 220
7 77 61 69 17 0 4 0.00 0.0 M 3.5 12 310 M M 6 1 16 240
8 80 57 69 17 0 4 0.00 0.0 M 3.5 15 290 M M 4 12 21 270
9 75 55 65 13 0 0 0.00 0.0 M 2.1 9 270 M M 5 12 13 280
10 66 56 61 10 4 0 0.00 0.0 M 5.8 12 120 M M 10 1 15 130
11 60 55 58 7 7 0 0.04 0.0 M 4.7 9 120 M M 10 1 13 110
12 61 54 58 7 7 0 0.11 0.0 M 5.8 12 110 M M 9 1 17 110
13 58 54 56 5 9 0 0.00 0.0 M 10.4 17 110 M M 10 24 90
14 64 49 57 6 8 0 0.54 M M 9.5 14 160 M M 10 1 20 150
15 67 44 56 5 9 0 0.31 M M 10.8 18 220 M M 4 1 27 190
16 58 35 47 -3 18 0 0.00 0.0 M 3.8 21 290 M M 0 29 300
17 50 37 44 -6 21 0 0.00 0.0 M 4.0 14 300 M M 7 18 290
18 53 28 41 -9 24 0 0.00 0.0 M 4.9 17 340 M M 0 23 20
19 53 26 40 -10 25 0 0.01 M M 3.7 13 120 M M 3 18 120
20 47 41 44 -6 21 0 0.32 M M 7.9 16 100 M M 10 18 23 80
21 48 41 45 -5 20 0 T M M 8.3 14 90 M M 10 1 19 70
22 51 42 47 -3 18 0 0.02 M M 3.8 12 250 M M 10 1 19 250
23 54 18 36 -13 29 0 T M M 17.1 30 300 M M 3 48 310
24 31 13 22 -27 43 0 0.00 0.0 M 11.5 22 310 M M 0 31 330
25 41 21 31 -18 34 0 0.00 0.0 M 7.3 14 350 M M 0 19 340
26 45 19 32 -17 33 0 0.00 0.0 M 1.5 10 280 M M 0 13 270
27 54 29 42 -7 23 0 0.00 0.0 M 0.6 8 330 M M 3 10 120
28 62 26 44 -5 21 0 0.00 0.0 M 3.0 12 160 M M 2 15 130
29 72 46 59 10 6 0 0.00 0.0 M 5.3 14 130 M M 3 21 140
30 75 44 60 11 5 0 0.11 M M 6.6 18 180 M M 3 1 23 180
31 66 52 59 10 6 0 0.10 0.0 M 2.3 26 150 M M 7 12 39 150
================================================================================
SM 1883 1301 427 12 1.56 0.0 176.4 M 161
================================================================================
AV 60.7 42.0 5.7 FASTST M M 5 MAX(MPH)
MISC ----> 30 300 48 310
================================================================================
NOTES:
# LAST OF SEVERAL OCCURRENCES
COLUMN 17 PEAK WIND IN M.P.H.
PRELIMINARY LOCAL CLIMATOLOGICAL DATA (WS FORM: F-6) , PAGE 2
STATION: COLUMBUS
MONTH: DECEMBER
YEAR: 2022
LATITUDE: 32 31 N
LONGITUDE: 84 56 W
[TEMPERATURE DATA] [PRECIPITATION DATA] SYMBOLS USED IN COLUMN 16
AVERAGE MONTHLY: 51.4 TOTAL FOR MONTH: 1.56 1 = FOG OR MIST
DPTR FM NORMAL: 0.8 DPTR FM NORMAL: -3.23 2 = FOG REDUCING VISIBILITY
HIGHEST: 80 ON 8 GRTST 24HR 0.85 ON 14-15 TO 1/4 MILE OR LESS
LOWEST: 13 ON 24 3 = THUNDER
SNOW, ICE PELLETS, HAIL 4 = ICE PELLETS
TOTAL MONTH: 0.0 INCH 5 = HAIL
GRTST 24HR 0.0 6 = FREEZING RAIN OR DRIZZLE
GRTST DEPTH: M ON M 7 = DUSTSTORM OR SANDSTORM:
VSBY 1/2 MILE OR LESS
8 = SMOKE OR HAZE
[NO. OF DAYS WITH] [WEATHER - DAYS WITH] 9 = BLOWING SNOW
X = TORNADO
MAX 32 OR BELOW: 1 0.01 INCH OR MORE: 9
MAX 90 OR ABOVE: 0 0.10 INCH OR MORE: 6
MIN 32 OR BELOW: 8 0.50 INCH OR MORE: 1
MIN 0 OR BELOW: 0 1.00 INCH OR MORE: 0
[HDD (BASE 65) ]
TOTAL THIS MO. 427 CLEAR (SCALE 0-3) 12
DPTR FM NORMAL -24 PTCLDY (SCALE 4-7) 10
TOTAL FM JUL 1 736 CLOUDY (SCALE 8-10) 9
DPTR FM NORMAL -29
[CDD (BASE 65) ]
TOTAL THIS MO. 12
DPTR FM NORMAL 7 [PRESSURE DATA]
TOTAL FM JAN 1 2510 HIGHEST SLP 30.47 ON 24
DPTR FM NORMAL -23 LOWEST SLP 29.68 ON 15
[REMARKS]
#FINAL-12-22#