000
CXUS52 KFFC 011010
CF6CSG
PRELIMINARY LOCAL CLIMATOLOGICAL DATA (WS FORM: F-6)
STATION: COLUMBUS
MONTH: JULY
YEAR: 2022
LATITUDE: 32 31 N
LONGITUDE: 84 56 W
TEMPERATURE IN F: :PCPN: SNOW: WIND :SUNSHINE: SKY :PK WND
================================================================================
1 2 3 4 5 6A 6B 7 8 9 10 11 12 13 14 15 16 17 18
12Z AVG MX 2MIN
DY MAX MIN AVG DEP HDD CDD WTR SNW DPTH SPD SPD DIR MIN PSBL S-S WX SPD DR
================================================================================
1 91 73 82 0 0 17 T 0.0 M 4.8 13 90 M M 2 3 16 80
2 93 73 83 1 0 18 0.00 0.0 M 4.6 15 260 M M 1 3 21 220
3 94 74 84 1 0 19 0.07 0.0 M 5.6 24 80 M M 4 13 33 80
4 91 73 82 -1 0 17 0.05 0.0 M 2.6 15 20 M M 2 13 19 10
5 95 74 85 2 0 20 0.00 0.0 M 2.6 10 210 M M 3 13 14 230
6 96 78 87 4 0 22 0.00 0.0 M 3.5 15 280 M M 1 3 24 220
7 98 77 88 5 0 23 0.00 0.0 M 4.9 13 300 M M 1 3 21 300
8 98 75 87 4 0 22 0.60 0.0 M 5.5 22 290 M M 2 13 30 280
9 84 73 79 -4 0 14 0.14 0.0 M 4.3 15 20 M M 3 13 24 20
10 92 73 83 0 0 18 0.00 0.0 M 6.3 14 300 M M 6 17 290
11 85 75 80 -3 0 15 0.00 0.0 M 8.1 15 90 M M 6 21 90
12 89 73 81 -2 0 16 0.01 0.0 M 4.5 15 150 M M 4 3 20 140
13 90 74 82 -1 0 17 0.08 0.0 M 5.3 18 210 M M 6 3 23 210
14 87 71 79 -4 0 14 0.67 0.0 M 4.4 13 340 M M 4 13 18 340
15 92 72 82 -1 0 17 T 0.0 M 2.7 21 130 M M 3 3 28 130
16 92 71 82 -1 0 17 0.00 0.0 M 3.8 14 190 M M 2 19 180
17 92 72 82 -1 0 17 0.00 0.0 M 2.3 13 240 M M 1 17 240
18 93 75 84 1 0 19 0.16 0.0 M 5.1 25 320 M M 3 13 33 310
19 92 73 83 0 0 18 0.58 0.0 M 4.2 20 190 M M 4 13 28 230
20 94 75 85 1 0 20 0.00 0.0 M 6.8 21 190 M M 4 26 220
21 91 73 82 -2 0 17 0.07 0.0 M 7.8 31 320 M M 6 13 43 310
22 92 70 81 -3 0 16 0.17 0.0 M 3.8 26 200 M M 3 13 38 210
23 90 71 81 -3 0 16 0.00 0.0 M 2.6 12 330 M M 5 3 18 310
24 94 74 84 0 0 19 0.00 0.0 M 5.2 14 250 M M 1 21 10
25 92 72 82 -2 0 17 0.58 0.0 M 4.3 20 180 M M 2 13 25 180
26 92 73 83 -1 0 18 T 0.0 M 3.8 13 220 M M 3 1 17 230
27 94 74 84 0 0 19 0.00 0.0 M 4.9 13 210 M M 2 17 210
28 93 75 84 1 0 19 0.00 0.0 M 6.6 17 230 M M 2 22 230
29 94 75 85 2 0 20 0.00 0.0 M 6.6 15 260 M M 3 3 20 250
30 91 77 84 1 0 19 0.01 0.0 M 5.2 15 330 M M 4 3 23 310
31 95 72 84 1 0 19 0.00 0.0 M 4.4 17 240 M M 1 22 240
================================================================================
SM 2856 2280 0 559 3.19 0.0 147.1 M 94
================================================================================
AV 92.1 73.5 4.7 FASTST M M 3 MAX(MPH)
MISC ----> 31 320 43 310
================================================================================
NOTES:
# LAST OF SEVERAL OCCURRENCES
COLUMN 17 PEAK WIND IN M.P.H.
PRELIMINARY LOCAL CLIMATOLOGICAL DATA (WS FORM: F-6) , PAGE 2
STATION: COLUMBUS
MONTH: JULY
YEAR: 2022
LATITUDE: 32 31 N
LONGITUDE: 84 56 W
[TEMPERATURE DATA] [PRECIPITATION DATA] SYMBOLS USED IN COLUMN 16
AVERAGE MONTHLY: 82.8 TOTAL FOR MONTH: 3.19 1 = FOG OR MIST
DPTR FM NORMAL: -0.4 DPTR FM NORMAL: -1.16 2 = FOG REDUCING VISIBILITY
HIGHEST: 98 ON 8, 7 GRTST 24HR 0.75 ON 13-14 TO 1/4 MILE OR LESS
LOWEST: 70 ON 22 3 = THUNDER
SNOW, ICE PELLETS, HAIL 4 = ICE PELLETS
TOTAL MONTH: 0.0 INCH 5 = HAIL
GRTST 24HR 0.0 6 = FREEZING RAIN OR DRIZZLE
GRTST DEPTH: M ON M 7 = DUSTSTORM OR SANDSTORM:
VSBY 1/2 MILE OR LESS
8 = SMOKE OR HAZE
[NO. OF DAYS WITH] [WEATHER - DAYS WITH] 9 = BLOWING SNOW
X = TORNADO
MAX 32 OR BELOW: 0 0.01 INCH OR MORE: 13
MAX 90 OR ABOVE: 27 0.10 INCH OR MORE: 7
MIN 32 OR BELOW: 0 0.50 INCH OR MORE: 4
MIN 0 OR BELOW: 0 1.00 INCH OR MORE: 0
[HDD (BASE 65) ]
TOTAL THIS MO. 0 CLEAR (SCALE 0-3) 19
DPTR FM NORMAL 0 PTCLDY (SCALE 4-7) 12
TOTAL FM JUL 1 0 CLOUDY (SCALE 8-10) 0
DPTR FM NORMAL 0
[CDD (BASE 65) ]
TOTAL THIS MO. 559
DPTR FM NORMAL -5 [PRESSURE DATA]
TOTAL FM JAN 1 1551 HIGHEST SLP 30.22 ON 31
DPTR FM NORMAL 102 LOWEST SLP 29.84 ON 10
[REMARKS]
#FINAL-07-22#