000
CXUS52 KFFC 011110
CF6CSG
PRELIMINARY LOCAL CLIMATOLOGICAL DATA (WS FORM: F-6)
STATION: COLUMBUS
MONTH: OCTOBER
YEAR: 2020
LATITUDE: 32 31 N
LONGITUDE: 84 56 W
TEMPERATURE IN F: :PCPN: SNOW: WIND :SUNSHINE: SKY :PK WND
================================================================================
1 2 3 4 5 6A 6B 7 8 9 10 11 12 13 14 15 16 17 18
12Z AVG MX 2MIN
DY MAX MIN AVG DEP HDD CDD WTR SNW DPTH SPD SPD DIR MIN PSBL S-S WX SPD DR
================================================================================
1 83 53 68 -3 0 3 0.00 0.0 M 5.4 14 350 M M 0 8 22 360
2 74 53 64 -7 1 0 0.00 0.0 M 6.3 14 350 M M 0 20 20
3 77 47 62 -9 3 0 0.00 0.0 M 4.7 14 90 M M 0 19 120
4 77 53 65 -5 0 0 0.00 0.0 M 3.0 13 110 M M 0 16 120
5 79 53 66 -4 0 1 0.00 0.0 M 3.4 12 110 M M 0 18 120
6 80 60 70 0 0 5 T 0.0 M 4.5 14 80 M M 8 17 80
7 89 66 78 9 0 13 0.00 0.0 M 2.1 9 340 M M 3 14 10
8 87 62 75 6 0 10 0.00 0.0 M 1.9 8 300 M M 0 12 300
9 75 69 72 3 0 7 0.93 0.0 M 7.3 17 180 M M 8 1 23 180
10 82 70 76 8 0 11 1.09 0.0 M 9.1 18 160 M M 10 1 26 140
11 79 71 75 7 0 10 0.03 0.0 M 8.2 16 270 M M 10 1 24 230
12 84 70 77 9 0 12 0.00 0.0 M 5.2 13 280 M M 7 17 280
13 86 61 74 7 0 9 0.00 0.0 M 3.5 14 330 M M 3 18 350
14 84 54 69 2 0 4 0.00 0.0 M 3.4 13 170 M M 1 8 18 160
15 84 63 74 7 0 9 0.00 0.0 M 2.9 15 240 M M 4 128 23 220
16 73 54 64 -2 1 0 0.00 0.0 M 6.9 16 320 M M 3 30 360
17 73 47 60 -6 5 0 0.00 0.0 M 8.4 21 100 M M 0 30 110
18 79 54 67 1 0 2 0.00 0.0 M 8.0 14 90 M M 1 21 90
19 82 59 71 6 0 6 0.00 0.0 M 6.6 12 140 M M 0 17 110
20 83 62 73 8 0 8 0.00 0.0 M 7.8 14 90 M M 3 21 110
21 84 66 75 10 0 10 0.02 0.0 M 7.6 15 100 M M 4 20 90
22 84 66 75 11 0 10 T 0.0 M 7.8 18 120 M M 1 24 110
23 84 67 76 12 0 11 0.00 0.0 M 5.1 10 130 M M 3 1 17 180
24 79 66 73 9 0 8 1.70 0.0 M 3.4 16 320 M M 6 123 21 300
25 78 67 73 9 0 8 0.00 0.0 M 1.8 7 290 M M 9 1 14 10
26 81 65 73 10 0 8 0.00 0.0 M 4.7 13 90 M M 7 12 18 90
27 80 68 74 11 0 9 0.61 0.0 M 7.2 12 120 M M 10 13 19 110
28 83 72 78 15 0 13 0.00 0.0 M 7.3 18 150 M M 7 25 140
29 85 51 68 6 0 3 0.13 0.0 M 16.1 36 180 M M 6 1 57 180
30 68 50 59 -3 6 0 0.00 0.0 M 9.3 20 330 M M 4 29 10
31 71 51 61 -1 4 0 0.00 0.0 M 9.0 21 90 M M 5 27 90
================================================================================
SM 2487 1870 20 190 4.51 0.0 187.9 M 123
================================================================================
AV 80.2 60.3 6.1 FASTST M M 4 MAX(MPH)
MISC ----> 36 180 57 180
================================================================================
NOTES:
# LAST OF SEVERAL OCCURRENCES
COLUMN 17 PEAK WIND IN M.P.H.
PRELIMINARY LOCAL CLIMATOLOGICAL DATA (WS FORM: F-6) , PAGE 2
STATION: COLUMBUS
MONTH: OCTOBER
YEAR: 2020
LATITUDE: 32 31 N
LONGITUDE: 84 56 W
[TEMPERATURE DATA] [PRECIPITATION DATA] SYMBOLS USED IN COLUMN 16
AVERAGE MONTHLY: 70.3 TOTAL FOR MONTH: 4.51 1 = FOG OR MIST
DPTR FM NORMAL: 3.8 DPTR FM NORMAL: 1.93 2 = FOG REDUCING VISIBILITY
HIGHEST: 89 ON 7 GRTST 24HR 1.70 ON 24-24 TO 1/4 MILE OR LESS
LOWEST: 47 ON 17, 3 3 = THUNDER
SNOW, ICE PELLETS, HAIL 4 = ICE PELLETS
TOTAL MONTH: 0.0 INCH 5 = HAIL
GRTST 24HR 0.0 6 = FREEZING RAIN OR DRIZZLE
GRTST DEPTH: M ON M 7 = DUSTSTORM OR SANDSTORM:
VSBY 1/2 MILE OR LESS
8 = SMOKE OR HAZE
[NO. OF DAYS WITH] [WEATHER - DAYS WITH] 9 = BLOWING SNOW
X = TORNADO
MAX 32 OR BELOW: 0 0.01 INCH OR MORE: 7
MAX 90 OR ABOVE: 0 0.10 INCH OR MORE: 5
MIN 32 OR BELOW: 0 0.50 INCH OR MORE: 4
MIN 0 OR BELOW: 0 1.00 INCH OR MORE: 2
[HDD (BASE 65) ]
TOTAL THIS MO. 20 CLEAR (SCALE 0-3) 16
DPTR FM NORMAL -53 PTCLDY (SCALE 4-7) 11
TOTAL FM JUL 1 22 CLOUDY (SCALE 8-10) 4
DPTR FM NORMAL -56
[CDD (BASE 65) ]
TOTAL THIS MO. 190
DPTR FM NORMAL 72 [PRESSURE DATA]
TOTAL FM JAN 1 2577 HIGHEST SLP 30.32 ON 31
DPTR FM NORMAL 237 LOWEST SLP 29.61 ON 29
[REMARKS]
#FINAL-10-20#