000
CXUS52 KFFC 011010
CF6CSG
PRELIMINARY LOCAL CLIMATOLOGICAL DATA (WS FORM: F-6)
STATION: COLUMBUS
MONTH: JULY
YEAR: 2020
LATITUDE: 32 31 N
LONGITUDE: 84 56 W
TEMPERATURE IN F: :PCPN: SNOW: WIND :SUNSHINE: SKY :PK WND
================================================================================
1 2 3 4 5 6A 6B 7 8 9 10 11 12 13 14 15 16 17 18
12Z AVG MX 2MIN
DY MAX MIN AVG DEP HDD CDD WTR SNW DPTH SPD SPD DIR MIN PSBL S-S WX SPD DR
================================================================================
1 85 71 78 -4 0 13 0.01 0.0 M 6.0 29 310 M M 2 42 320
2 92 72 82 0 0 17 T 0.0 M 5.2 15 320 M M 3 3 18 320
3 94 74 84 2 0 19 0.01 0.0 M 4.2 18 160 M M 2 38 25 150
4 93 71 82 0 0 17 0.00 0.0 M 4.3 13 210 M M 1 18 16 160
5 95 73 84 2 0 19 0.04 0.0 M 4.5 16 190 M M 2 8 22 180
6 87 74 81 -1 0 16 0.56 0.0 M 4.9 18 150 M M 9 1 23 150
7 88 75 82 0 0 17 0.08 M M 4.1 12 310 M M 6 1 16 310
8 89 77 83 1 0 18 0.08 M M 4.1 16 320 M M 5 13 20 330
9 92 75 84 2 0 19 0.00 M M 6.2 13 290 M M 5 19 300
10 96 75 86 4 0 21 0.00 0.0 M 6.4 17 320 M M 2 24 320
11 95 77 86 3 0 21 0.00 0.0 M 9.1 22 320 M M 0 29 310
12 96 72 84 1 0 19 0.18 M M 5.6 31 310 M M 1 138 47 320
13 93 70 82 -1 0 17 0.00 M M 4.0 13 330 M M 4 17 310
14 97 74 86 3 0 21 0.00 M M 2.8 10 300 M M 3 8 15 220
15 95 74 85 2 0 20 0.09 M M 3.5 21 250 M M 3 13 33 250
16 94 72 83 0 0 18 0.00 M M 3.2 13 150 M M 3 13 15 160
17 97 75 86 3 0 21 0.00 0.0 M 3.9 13 150 M M 1 18 110
18 96 75 86 3 0 21 0.00 0.0 M 3.4 12 170 M M 2 16 160
19 99 75 87 4 0 22 0.02 0.0 M 2.0 14 110 M M 2 20 10
20 98 76 87 4 0 22 0.00 0.0 M 3.2 22 310 M M 3 3 28 300
21 98 74 86 3 0 21 0.00 M M 3.0 10 310 M M 2 3 22 310
22 96 76 86 3 0 21 T M M 7.3 25 170 M M 0 33 170
23 95 73 84 1 0 19 T M M 6.7 29 180 M M 2 39 180
24 91 72 82 -1 0 17 0.00 M M 4.3 14 100 M M 3 38 20 110
25 96 72 84 1 0 19 1.96 M M 5.7 41 120 M M 1 13 60 120
26 91 70 81 -2 0 16 T M M 4.5 16 180 M M 1 22 180
27 96 73 85 2 0 20 0.00 0.0 M 3.8 16 270 M M 1 21 320
28 91 76 84 1 0 19 0.02 M M 6.5 20 250 M M 4 3 29 230
29 87 75 81 -2 0 16 0.44 0.0 M 7.4 24 230 M M 9 13 31 240
30 92 75 84 1 0 19 T M M 7.2 18 270 M M 7 26 280
31 94 76 85 2 0 20 0.00 M M 7.0 15 280 M M 3 22 230
================================================================================
SM 2898 2289 0 585 3.49 0.0 154.0 M 92
================================================================================
AV 93.5 73.8 5.0 FASTST M M 3 MAX(MPH)
MISC ----> 41 120 60 120
================================================================================
NOTES:
# LAST OF SEVERAL OCCURRENCES
COLUMN 17 PEAK WIND IN M.P.H.
PRELIMINARY LOCAL CLIMATOLOGICAL DATA (WS FORM: F-6) , PAGE 2
STATION: COLUMBUS
MONTH: JULY
YEAR: 2020
LATITUDE: 32 31 N
LONGITUDE: 84 56 W
[TEMPERATURE DATA] [PRECIPITATION DATA] SYMBOLS USED IN COLUMN 16
AVERAGE MONTHLY: 83.7 TOTAL FOR MONTH: 3.49 1 = FOG OR MIST
DPTR FM NORMAL: 1.2 DPTR FM NORMAL: -1.27 2 = FOG REDUCING VISIBILITY
HIGHEST: 99 ON 19 GRTST 24HR 1.96 ON 25-25 TO 1/4 MILE OR LESS
LOWEST: 70 ON 26,13 3 = THUNDER
SNOW, ICE PELLETS, HAIL 4 = ICE PELLETS
TOTAL MONTH: 0.0 INCH 5 = HAIL
GRTST 24HR 0.0 6 = FREEZING RAIN OR DRIZZLE
GRTST DEPTH: M ON M 7 = DUSTSTORM OR SANDSTORM:
VSBY 1/2 MILE OR LESS
8 = SMOKE OR HAZE
[NO. OF DAYS WITH] [WEATHER - DAYS WITH] 9 = BLOWING SNOW
X = TORNADO
MAX 32 OR BELOW: 0 0.01 INCH OR MORE: 12
MAX 90 OR ABOVE: 26 0.10 INCH OR MORE: 4
MIN 32 OR BELOW: 0 0.50 INCH OR MORE: 2
MIN 0 OR BELOW: 0 1.00 INCH OR MORE: 1
[HDD (BASE 65) ]
TOTAL THIS MO. 0 CLEAR (SCALE 0-3) 20
DPTR FM NORMAL 0 PTCLDY (SCALE 4-7) 9
TOTAL FM JUL 1 0 CLOUDY (SCALE 8-10) 2
DPTR FM NORMAL 0
[CDD (BASE 65) ]
TOTAL THIS MO. 585
DPTR FM NORMAL 41 [PRESSURE DATA]
TOTAL FM JAN 1 1460 HIGHEST SLP 30.18 ON 24
DPTR FM NORMAL 112 LOWEST SLP 29.88 ON 31
[REMARKS]
#FINAL-07-20#