000
CXUS55 KOHX 011824
CF6CSV
PRELIMINARY LOCAL CLIMATOLOGICAL DATA (WS FORM: F-6)
STATION: CROSSVILLE
MONTH: JULY
YEAR: 2022
LATITUDE: 35 57 N
LONGITUDE: 85 5 W
TEMPERATURE IN F: :PCPN: SNOW: WIND :SUNSHINE: SKY :PK WND
================================================================================
1 2 3 4 5 6A 6B 7 8 9 10 11 12 13 14 15 16 17 18
12Z AVG MX 2MIN
DY MAX MIN AVG DEP HDD CDD WTR SNW DPTH SPD SPD DIR MIN PSBL S-S WX SPD DR
================================================================================
1 85 66 76 3 0 11 0.00 M M 2.2 12 260 M M 2 13 16 170
2 85 68 77 4 0 12 0.00 M M 3.6 12 20 M M 3 3 20 230
3 83 67 75 2 0 10 0.46 M M 2.5 15 350 M M 4 123 22 10
4 86 66 76 3 0 11 0.00 M M 1.6 10 190 M M 4 12 16 250
5 89 70 80 6 0 15 0.00 M M 3.0 13 250 M M 1 1 17 260
6 89 71 80 6 0 15 0.06 M M 3.4 22 280 M M 2 13 30 280
7 88 69 79 5 0 14 2.36 M M 2.7 25 300 M M 4 123 44 290
8 90 68 79 5 0 14 0.11 M M 3.0 25 310 M M 2 13 44 330
9 81 69 75 1 0 10 0.08 M M 4.4 20 290 M M 6 1 26 290
10 79 66 73 -1 0 8 0.00 M M 5.7 14 10 M M 7 1 20 20
11 85 64 75 1 0 10 0.00 M M 2.3 8 320 M M 3 1 12 290
12 85 67 76 2 0 11 0.26 M M 4.1 20 330 M M 3 1 29 310
13 80 61 71 -3 0 6 0.00 M M 3.6 10 330 M M 3 1 15 280
14 84 59 72 -2 0 7 0.00 M M 2.6 10 340 M M 2 1 14 330
15 85 62 74 0 0 9 0.00 M M 3.2 14 350 M M 1 1 23 10
16 87 64 76 2 0 11 0.00 M M 1.8 9 280 M M 2 13 250
17 83 67 75 1 0 10 0.23 M M 4.0 18 180 M M 3 18 30 190
18 81 67 74 0 0 9 0.80 M M 4.4 29 270 M M 4 123 49 270
19 83 65 74 0 0 9 0.00 M M 2.6 10 270 M M 4 12 16 250
20 87 71 79 5 0 14 0.00 M M 5.6 15 260 M M 5 3 23 260
21 84 65 75 1 0 10 1.33 M M 3.7 25 20 M M 6 123 43 30
22 88 66 77 3 0 12 0.00 M M 1.2 8 330 M M 4 12 11 270
23 90 68 79 5 0 14 0.11 M M 3.1 14 50 M M 1 138 18 40
24 85 67 76 2 0 11 0.03 M M 3.4 13 260 M M 3 18 17 250
25 84 71 78 4 0 13 0.00 M M 5.7 15 260 M M 3 19 270
26 83 72 78 4 0 13 0.00 M M 5.1 16 270 M M 2 21 260
27 86 71 79 5 0 14 0.00 M M 5.8 17 260 M M 2 24 280
28 85 69 77 3 0 12 1.42 M M 5.3 25 290 M M 4 123 33 300
29 79 68 74 0 0 9 0.46 M M 3.8 10 280 M M 6 1 15 260
30 83 68 76 2 0 11 0.01 M M 3.2 13 20 M M 6 13 16 30
31 80 69 75 1 0 10 0.75 M M 5.4 15 260 M M 7 13 23 230
================================================================================
SM 2622 2081 0 345 8.47 M 112.0 M 109
================================================================================
AV 84.6 67.1 3.6 FASTST M M 4 MAX(MPH)
MISC ----> 29 270 49 270
================================================================================
NOTES:
# LAST OF SEVERAL OCCURRENCES
COLUMN 17 PEAK WIND IN M.P.H.
PRELIMINARY LOCAL CLIMATOLOGICAL DATA (WS FORM: F-6) , PAGE 2
STATION: CROSSVILLE
MONTH: JULY
YEAR: 2022
LATITUDE: 35 57 N
LONGITUDE: 85 5 W
[TEMPERATURE DATA] [PRECIPITATION DATA] SYMBOLS USED IN COLUMN 16
AVERAGE MONTHLY: 75.9 TOTAL FOR MONTH: 8.47 1 = FOG OR MIST
DPTR FM NORMAL: 2.1 DPTR FM NORMAL: 3.01 2 = FOG REDUCING VISIBILITY
HIGHEST: 90 ON 23, 8 GRTST 24HR 2.36 ON 7- 7 TO 1/4 MILE OR LESS
LOWEST: 59 ON 14 3 = THUNDER
SNOW, ICE PELLETS, HAIL 4 = ICE PELLETS
TOTAL MONTH: M 5 = HAIL
GRTST 24HR M ON M 6 = FREEZING RAIN OR DRIZZLE
GRTST DEPTH: M ON M 7 = DUSTSTORM OR SANDSTORM:
VSBY 1/2 MILE OR LESS
8 = SMOKE OR HAZE
[NO. OF DAYS WITH] [WEATHER - DAYS WITH] 9 = BLOWING SNOW
X = TORNADO
MAX 32 OR BELOW: 0 0.01 INCH OR MORE: 15
MAX 90 OR ABOVE: 2 0.10 INCH OR MORE: 11
MIN 32 OR BELOW: 0 0.50 INCH OR MORE: 5
MIN 0 OR BELOW: 0 1.00 INCH OR MORE: 3
[HDD (BASE 65) ]
TOTAL THIS MO. 0 CLEAR (SCALE 0-3) 14
DPTR FM NORMAL -1 PTCLDY (SCALE 4-7) 17
TOTAL FM JUL 1 0 CLOUDY (SCALE 8-10) 0
DPTR FM NORMAL 0
[CDD (BASE 65) ]
TOTAL THIS MO. 345
DPTR FM NORMAL 71 [PRESSURE DATA]
TOTAL FM JAN 1 649 HIGHEST SLP 30.18 ON 31
DPTR FM NORMAL 130 LOWEST SLP 29.79 ON 20
[REMARKS]
#FINAL-07-22#