000
CXUS55 KOHX 011010
CF6CSV
PRELIMINARY LOCAL CLIMATOLOGICAL DATA (WS FORM: F-6)
STATION: CROSSVILLE
MONTH: AUGUST
YEAR: 2020
LATITUDE: 35 57 N
LONGITUDE: 85 5 W
TEMPERATURE IN F: :PCPN: SNOW: WIND :SUNSHINE: SKY :PK WND
================================================================================
1 2 3 4 5 6A 6B 7 8 9 10 11 12 13 14 15 16 17 18
12Z AVG MX 2MIN
DY MAX MIN AVG DEP HDD CDD WTR SNW DPTH SPD SPD DIR MIN PSBL S-S WX SPD DR
================================================================================
1 81 68 75 0 0 10 0.00 M M 7.3 16 230 M M 7 30 220
2 77 62 70 -5 0 5 0.00 M M 2.9 12 340 M M 5 1 17 270
3 83 60 72 -3 0 7 0.00 M M 2.8 9 10 M M 3 1 14 10
4 81 61 71 -3 0 6 0.00 M M 3.7 13 290 M M 3 1 19 280
5 81 62 72 -2 0 7 0.00 M M 4.7 12 340 M M 3 1 16 340
6 80 65 73 -1 0 8 0.00 M M 2.9 13 30 M M 7 138 18 40
7 83 64 74 0 0 9 0.00 M M 2.7 10 320 M M 2 1 14 320
8 85 60 73 -1 0 8 0.00 M M 2.1 9 280 M M 0 1 14 330
9 87 62 75 1 0 10 0.00 M M 2.3 12 310 M M 1 1 16 290
10 82 66 74 0 0 9 0.82 M M 2.9 14 260 M M 6 13 22 250
11 85 66 76 2 0 11 0.10 M M 3.7 14 290 M M 3 1 21 290
12 87 66 77 3 0 12 0.27 M M 2.0 14 260 M M 2 13 20 220
13 84 65 75 1 0 10 0.93 M M 1.8 15 110 M M 5 123 22 90
14 79 67 73 -1 0 8 0.12 M M 1.6 8 260 M M 5 1 13 240
15 82 67 75 1 0 10 0.11 M M 5.3 14 320 M M 6 18 23 350
16 83 64 74 0 0 9 0.00 M M 3.8 12 300 M M 1 1 18 250
17 81 63 72 -2 0 7 0.00 M M 4.6 13 350 M M 0 22 40
18 83 58 71 -3 0 6 0.00 M M 1.6 10 330 M M 2 1 14 340
19 76 64 70 -4 0 5 T M M 5.3 12 70 M M 4 3 16 60
20 80 63 72 -2 0 7 0.00 M M 3.6 10 130 M M 2 13 18 110
21 73 65 69 -5 0 4 0.80 M M 2.0 10 70 M M 7 13 14 330
22 79 65 72 -2 0 7 0.01 M M 3.6 13 280 M M 7 1 19 290
23 80 64 72 -2 0 7 0.05 M M 3.0 9 150 M M 6 13 14 180
24 81 66 74 1 0 9 0.00 M M 2.2 9 190 M M 5 1 17 180
25 81 66 74 1 0 9 0.10 M M 2.0 8 170 M M 5 13 14 160
26 85 63 74 1 0 9 T M M 1.1 12 270 M M 3 123 16 270
27 82 69 76 3 0 11 0.00 M M 2.2 9 190 M M 1 1 15 210
28 79 69 74 1 0 9 1.06 M M 7.3 15 200 M M 6 138 29 190
29 82 66 74 2 0 9 0.49 M M 7.7 23 320 M M 6 138 34 330
30 82 66 74 2 0 9 0.15 M M 2.7 9 90 M M 5 123 14 120
31 82 67 75 3 0 10 T M M 3.1 10 290 M M 5 1 15 290
================================================================================
SM 2526 1999 0 257 5.01 M 104.5 M 123
================================================================================
AV 81.5 64.5 3.4 FASTST M M 4 MAX(MPH)
MISC ----> # 23 320 # 34 330
================================================================================
NOTES:
# LAST OF SEVERAL OCCURRENCES
COLUMN 17 PEAK WIND IN M.P.H.
PRELIMINARY LOCAL CLIMATOLOGICAL DATA (WS FORM: F-6) , PAGE 2
STATION: CROSSVILLE
MONTH: AUGUST
YEAR: 2020
LATITUDE: 35 57 N
LONGITUDE: 85 5 W
[TEMPERATURE DATA] [PRECIPITATION DATA] SYMBOLS USED IN COLUMN 16
AVERAGE MONTHLY: 73.0 TOTAL FOR MONTH: 5.01 1 = FOG OR MIST
DPTR FM NORMAL: -0.8 DPTR FM NORMAL: 1.02 2 = FOG REDUCING VISIBILITY
HIGHEST: 87 ON 12, 9 GRTST 24HR 2.20 ON 31- 1 TO 1/4 MILE OR LESS
LOWEST: 58 ON 18 3 = THUNDER
SNOW, ICE PELLETS, HAIL 4 = ICE PELLETS
TOTAL MONTH: M 5 = HAIL
GRTST 24HR M ON M 6 = FREEZING RAIN OR DRIZZLE
GRTST DEPTH: M ON M 7 = DUSTSTORM OR SANDSTORM:
VSBY 1/2 MILE OR LESS
8 = SMOKE OR HAZE
[NO. OF DAYS WITH] [WEATHER - DAYS WITH] 9 = BLOWING SNOW
X = TORNADO
MAX 32 OR BELOW: 0 0.01 INCH OR MORE: 13
MAX 90 OR ABOVE: 0 0.10 INCH OR MORE: 11
MIN 32 OR BELOW: 0 0.50 INCH OR MORE: 4
MIN 0 OR BELOW: 0 1.00 INCH OR MORE: 1
[HDD (BASE 65) ]
TOTAL THIS MO. 0 CLEAR (SCALE 0-3) 13
DPTR FM NORMAL -2 PTCLDY (SCALE 4-7) 18
TOTAL FM JUL 1 0 CLOUDY (SCALE 8-10) 0
DPTR FM NORMAL -2
[CDD (BASE 65) ]
TOTAL THIS MO. 257
DPTR FM NORMAL -19 [PRESSURE DATA]
TOTAL FM JAN 1 810 HIGHEST SLP 30.18 ON 24
DPTR FM NORMAL -42 LOWEST SLP 29.74 ON 29
[REMARKS]
#FINAL-08-20#