000
CXUS56 KTFX 070814
CF6CTB
PRELIMINARY LOCAL CLIMATOLOGICAL DATA (WS FORM: F-6)
STATION: CUT BANK MT
MONTH: MARCH
YEAR: 2024
LATITUDE: 48 37 N
LONGITUDE: 112 23 W
TEMPERATURE IN F: :PCPN: SNOW: WIND :SUNSHINE: SKY :PK WND
================================================================================
1 2 3 4 5 6A 6B 7 8 9 10 11 12 13 14 15 16 17 18
12Z AVG MX 2MIN
DY MAX MIN AVG DEP HDD CDD WTR SNW DPTH SPD SPD DIR MIN PSBL S-S WX SPD DR
================================================================================
1 41 16 29 3 36 0 0.00 M M 10.4 23 250 M M 1 1 30 250
2 25 1 13 -13 52 0 M M M 19.9 26 330 M M 9 129 33 330
3 7 -5 1 -25 64 0 0.00 M M 10.8 20 330 M M 0 24 330
4 12 -8 2 -25 63 0 T M M 5.6 13 340 M M M 1 15 350
5 31 -4 14 -13 51 0 T M M 10.0 22 10 M M 4 1 27 10
6 26 3 15 -12 50 0 T M T 5.8 15 350 M M 3 18 18 150
7 36 1 19 -9 46 0 0.00 M M 4.1 14 320 M M 0 21 320
8 47 19 33 5 32 0 0.00 M M 19.5 38 250 M M 0 46 260
9 60 31 46 18 19 0 0.00 M M 15.1 32 240 M M 0 38 240
10 50 33 42 13 23 0 0.00 M M 22.8 44 240 M M 0 55 230
11 49 31 40 11 25 0 0.00 M M 16.5 33 250 M M 0 43 250
12 50 29 40 10 25 0 0.00 M M 15.4 36 230 M M 1 47 250
13 45 26 36 6 29 0 0.00 M M 15.1 28 330 M M 4 37 330
14 48 25 37 7 28 0 0.00 M M 7.2 15 320 M M 4 20 310
15 57 26 42 11 23 0 0.00 M M 6.6 17 20 M M 0 23 50
16 59 23 41 10 24 0 0.00 M M 6.8 20 360 M M 0 23 360
17 61 22 42 10 23 0 0.00 M M 6.7 15 130 M M 0 21 130
18 68 30 49 17 16 0 0.00 M M 11.3 22 290 M M 0 29 220
19 52 31 42 10 23 0 0.00 M M 13.1 25 340 M M 3 34 320
20 32 23 28 -5 37 0 0.00 M M 9.5 16 120 M M 10 1 19 120
21 27 19 23 -10 42 0 0.01 M M 9.0 20 360 M M 10 1 24 360
22 23 18 21 -13 44 0 0.08 M M 7.2 14 90 M M 10 1 18 90
23 21 16 19 -15 46 0 0.13 M M 5.8 12 90 M M 10 18 15 90
24 23 11 17 -17 48 0 0.01 M M 5.0 12 120 M M 10 18 13 120
25 23 10 17 -17 48 0 0.00 M 4 9.7 16 150 M M 8 1 22 140
26 31 12 22 -13 43 0 0.00 M 3 6.4 12 170 M M 7 12 M M
27 42 20 31 -4 34 0 0.00 M 2 14.0 26 260 M M 3 33 260
28 46 26 36 0 29 0 0.00 M M 13.0 26 260 M M 5 18 32 260
29 28 22 25 -11 40 0 T M M 7.9 13 40 M M 10 1 16 40
30 36 20 28 -8 37 0 0.01 M M 8.6 15 140 M M 8 1 20 140
31 40 25 33 -3 32 0 T M M 10.3 23 340 M M 7 12 28 140
================================================================================
SM 1196 552 1132 0 0.24 M 329.1 M 127
================================================================================
AV 38.6 17.8 10.6 FASTST M M 4 MAX(MPH)
MISC ----> 44 240 55 230
================================================================================
NOTES:
# LAST OF SEVERAL OCCURRENCES
COLUMN 17 PEAK WIND IN M.P.H.
PRELIMINARY LOCAL CLIMATOLOGICAL DATA (WS FORM: F-6) , PAGE 2
STATION: CUT BANK MT
MONTH: MARCH
YEAR: 2024
LATITUDE: 48 37 N
LONGITUDE: 112 23 W
[TEMPERATURE DATA] [PRECIPITATION DATA] SYMBOLS USED IN COLUMN 16
AVERAGE MONTHLY: 28.2 TOTAL FOR MONTH: 0.24 1 = FOG OR MIST
DPTR FM NORMAL: -2.9 DPTR FM NORMAL: -0.12 2 = FOG REDUCING VISIBILITY
HIGHEST: 68 ON 18 GRTST 24HR 0.16 ON 22-23 TO 1/4 MILE OR LESS
LOWEST: -8 ON 4 3 = THUNDER
SNOW, ICE PELLETS, HAIL 4 = ICE PELLETS
TOTAL MONTH: M 5 = HAIL
GRTST 24HR M ON M 6 = FREEZING RAIN OR DRIZZLE
GRTST DEPTH: 4 ON 25 7 = DUSTSTORM OR SANDSTORM:
VSBY 1/2 MILE OR LESS
8 = SMOKE OR HAZE
[NO. OF DAYS WITH] [WEATHER - DAYS WITH] 9 = BLOWING SNOW
X = TORNADO
MAX 32 OR BELOW: 13 0.01 INCH OR MORE: 5
MAX 90 OR ABOVE: 0 0.10 INCH OR MORE: 1
MIN 32 OR BELOW: 30 0.50 INCH OR MORE: 0
MIN 0 OR BELOW: 3 1.00 INCH OR MORE: 0
[HDD (BASE 65) ]
TOTAL THIS MO. 1132 CLEAR (SCALE 0-3) 15
DPTR FM NORMAL 83 PTCLDY (SCALE 4-7) 8
TOTAL FM JUL 1 6600 CLOUDY (SCALE 8-10) 8
DPTR FM NORMAL -522
[CDD (BASE 65) ]
TOTAL THIS MO. 0
DPTR FM NORMAL 0 [PRESSURE DATA]
TOTAL FM JAN 1 0 HIGHEST SLP 30.46 ON 14
DPTR FM NORMAL 0 LOWEST SLP 29.43 ON 1
[REMARKS]
#FINAL-03-24#