000
CXUS52 KTAE 010800
CF6CTY
PRELIMINARY LOCAL CLIMATOLOGICAL DATA (WS FORM: F-6)
STATION: CROSS CITY
MONTH: MAY
YEAR: 2023
LATITUDE: 29 37 N
LONGITUDE: 83 6 W
TEMPERATURE IN F: :PCPN: SNOW: WIND :SUNSHINE: SKY :PK WND
================================================================================
1 2 3 4 5 6A 6B 7 8 9 10 11 12 13 14 15 16 17 18
12Z AVG MX 2MIN
DY MAX MIN AVG DEP HDD CDD WTR SNW DPTH SPD SPD DIR MIN PSBL S-S WX SPD DR
================================================================================
1 79 52 66 -5 0 1 0.00 0.0 0 11.0 23 250 M M 2 33 240
2 81 61 71 0 0 6 0.00 0.0 M 8.8 18 250 M M 2 25 250
3 81 55 68 -3 0 3 0.00 0.0 M 7.3 17 270 M M 0 24 270
4 82 48 65 -7 0 0 0.00 0.0 M 3.8 12 270 M M 0 M M
5 84 52 68 -4 0 3 0.00 0.0 M 3.7 8 90 M M 1 M M
6 84 64 74 2 0 9 0.00 0.0 M 5.7 10 100 M M 5 18 100
7 86 59 73 1 0 8 0.00 0.0 0 3.5 10 290 M M 2 M M
8 84 59 72 -1 0 7 0.00 0.0 0 6.6 14 270 M M 1 20 250
9 86 66 76 3 0 11 0.00 0.0 0 3.8 10 270 M M 3 12 M M
10 93 66 80 7 0 15 0.08 0.0 0 4.0 12 260 M M 4 18 25 240
11 90 66 78 4 0 13 0.02 0.0 0 5.6 10 100 M M 4 138 17 80
12 91 68 80 6 0 15 0.05 0.0 0 5.9 12 280 M M 5 123 21 330
13 86 64 75 1 0 10 0.00 0.0 0 4.0 10 230 M M 5 1 M M
14 88 66 77 3 0 12 0.06 0.0 0 3.3 10 260 M M 4 M M
15 90 64 77 3 0 12 0.34 0.0 0 3.2 16 240 M M 3 13 M M
16 86 68 77 2 0 12 0.00 0.0 0 4.7 13 220 M M 3 1 20 220
17 86 68 77 2 0 12 0.00 0.0 M 5.8 14 240 M M 3 1 22 270
18 84 68 76 1 0 11 0.77 M M 2.5 9 280 M M 3 13 21 160
19 88 66 77 1 0 12 0.00 M M 5.0 13 280 M M 6 128 M M
20 90 66 78 2 0 13 0.00 M M 4.1 7 30 M M 3 1 M M
21 90 68 79 3 0 14 0.00 0.0 0 4.0 12 270 M M 2 1 16 190
22 86 68 77 1 0 12 0.00 0.0 0 4.1 13 330 M M 3 20 330
23 88 68 78 2 0 13 0.87 0.0 M 6.1 12 110 M M 8 13 18 110
24 82 70 76 -1 0 11 0.00 0.0 M 7.3 14 40 M M 8 18 22 40
25 84 61 73 -4 0 8 0.00 0.0 M 5.8 10 10 M M 2 16 20
26 75 64 70 -7 0 5 0.00 0.0 M 8.8 17 30 M M 8 21 40
27 82 55 69 -8 0 4 0.00 0.0 M 8.9 14 20 M M 1 18 320
28 82 52 67 -11 0 2 0.00 0.0 M 5.0 13 260 M M 1 M M
29 84 59 72 -6 0 7 0.00 0.0 M 5.7 14 230 M M 1 1 M M
30 86 66 76 -2 0 11 0.00 0.0 0 3.6 10 250 M M 4 1 M M
31 88 68 78 0 0 13 0.00 0.0 0 5.6 9 70 M M 4 17 60
================================================================================
SM 2646 1945 0 285 2.19 0.0 167.3 M 101
================================================================================
AV 85.4 62.7 5.4 FASTST M M 3 MAX(MPH)
MISC ----> 23 250 33 240
================================================================================
NOTES:
# LAST OF SEVERAL OCCURRENCES
COLUMN 17 PEAK WIND IN M.P.H.
PRELIMINARY LOCAL CLIMATOLOGICAL DATA (WS FORM: F-6) , PAGE 2
STATION: CROSS CITY
MONTH: MAY
YEAR: 2023
LATITUDE: 29 37 N
LONGITUDE: 83 6 W
[TEMPERATURE DATA] [PRECIPITATION DATA] SYMBOLS USED IN COLUMN 16
AVERAGE MONTHLY: 74.0 TOTAL FOR MONTH: 2.19 1 = FOG OR MIST
DPTR FM NORMAL: -0.7 DPTR FM NORMAL: -0.55 2 = FOG REDUCING VISIBILITY
HIGHEST: 93 ON 10 GRTST 24HR 0.87 ON 23-23 TO 1/4 MILE OR LESS
LOWEST: 48 ON 4 3 = THUNDER
SNOW, ICE PELLETS, HAIL 4 = ICE PELLETS
TOTAL MONTH: 0.0 INCH 5 = HAIL
GRTST 24HR 0.0 6 = FREEZING RAIN OR DRIZZLE
GRTST DEPTH: 0 7 = DUSTSTORM OR SANDSTORM:
VSBY 1/2 MILE OR LESS
8 = SMOKE OR HAZE
[NO. OF DAYS WITH] [WEATHER - DAYS WITH] 9 = BLOWING SNOW
X = TORNADO
MAX 32 OR BELOW: 0 0.01 INCH OR MORE: 7
MAX 90 OR ABOVE: 6 0.10 INCH OR MORE: 3
MIN 32 OR BELOW: 0 0.50 INCH OR MORE: 2
MIN 0 OR BELOW: 0 1.00 INCH OR MORE: 0
[HDD (BASE 65) ]
TOTAL THIS MO. 0 CLEAR (SCALE 0-3) 16
DPTR FM NORMAL -3 PTCLDY (SCALE 4-7) 15
TOTAL FM JUL 1 810 CLOUDY (SCALE 8-10) 0
DPTR FM NORMAL -445
[CDD (BASE 65) ]
TOTAL THIS MO. 285
DPTR FM NORMAL -19 [PRESSURE DATA]
TOTAL FM JAN 1 668 HIGHEST SLP M ON M
DPTR FM NORMAL 154 LOWEST SLP M ON M
[REMARKS]
#FINAL-05-23#