000
CXUS52 KCAE 041304
CLMCUB
CLIMATE REPORT
NATIONAL WEATHER SERVICE COLUMBIA SC
804 AM EST MON MAR 04 2024
...................................
...THE HAMILTON - OWENS AIRPORT SC CLIMATE SUMMARY FOR THE MONTH OF FEBRUARY 2024...
CLIMATE NORMAL PERIOD: 1991 TO 2020
CLIMATE RECORD PERIOD: 9999 TO 9999
WEATHER OBSERVED NORMAL DEPART LAST YEAR`S
VALUE DATE(S) VALUE FROM VALUE
NORMAL
..............................................................
TEMPERATURE (F)
HIGHEST 75 02/28 MM MM
LOWEST 29 02/08 MM MM
AVG. MAXIMUM 63.3 61.0 2.3
AVG. MINIMUM 39.4 39.6 -0.2
MEAN 51.4 50.3 1.1
DAYS MAX >= 90 0 0.0 0.0
DAYS MAX <= 32 0 0.0 0.0
DAYS MIN <= 32 6 6.8 -0.8
DAYS MIN <= 0 0 0.0 0.0
PRECIPITATION (INCHES)
TOTALS 2.71 3.27 -0.56
DAYS >= .01 6 9.0 -3.0
DAYS >= .10 4 6.0 -2.0
DAYS >= .50 1 2.1 -1.1
DAYS >= 1.00 1 0.7 0.3
GREATEST
24 HR. TOTAL 2.07 02/11 TO 02/12
DAYS >= TRACE MM
DEGREE DAYS
HEATING TOTAL 389 416 -27
SINCE 7/1 1704 1869 -165
COOLING TOTAL 0 5 -5
SINCE 1/1 9 8 1
..............................................................
WIND (MPH)
AVERAGE WIND SPEED 3.9
RESULTANT WIND SPEED/DIRECTION 1/190
HIGHEST WIND SPEED/DIRECTION 28/250 DATE 02/13
28/300 02/28
HIGHEST GUST SPEED/DIRECTION 45/310 DATE 02/28
SKY COVER
POSSIBLE SUNSHINE (PERCENT) MM
AVERAGE SKY COVER 0.19
NUMBER OF DAYS FAIR 22
NUMBER OF DAYS PC 5
NUMBER OF DAYS CLOUDY 2
AVERAGE RH (PERCENT) 62
WEATHER CONDITIONS. NUMBER OF DAYS WITH
THUNDERSTORM 2 MIXED PRECIP 0
HEAVY RAIN 3 RAIN 4
LIGHT RAIN 6 FREEZING RAIN 0
LT FREEZING RAIN 0 HAIL 0
HEAVY SNOW 0 SNOW 0
LIGHT SNOW 0 SLEET 0
FOG 10 FOG W/VIS <= 1/4 MILE 1
HAZE 5
- INDICATES NEGATIVE NUMBERS.
R INDICATES RECORD WAS SET OR TIED.
MM INDICATES DATA IS MISSING.
T INDICATES TRACE AMOUNT.
$$