000
CXUS53 KUNR 010930
CF6CUT
PRELIMINARY LOCAL CLIMATOLOGICAL DATA (WS FORM: F-6)
STATION: CUSTER COUNTY AIRPORT SD
MONTH: OCTOBER
YEAR: 2021
LATITUDE: 43 43 N
LONGITUDE: 103 37 W
TEMPERATURE IN F: :PCPN: SNOW: WIND :SUNSHINE: SKY :PK WND
================================================================================
1 2 3 4 5 6A 6B 7 8 9 10 11 12 13 14 15 16 17 18
12Z AVG MX 2MIN
DY MAX MIN AVG DEP HDD CDD WTR SNW DPTH SPD SPD DIR MIN PSBL S-S WX SPD DR
================================================================================
1 66 34 50 1 15 0 0.00 M M 4.1 14 100 M M 0 18 110
2 69 37 53 5 12 0 0.00 M M 4.5 13 100 M M 1 18 40
3 75 40 58 10 7 0 0.00 M M 4.6 14 80 M M 0 23 130
4 77 43 60 12 5 0 0.00 M M 4.7 13 240 M M 0 20 140
5 80 47 64 17 1 0 0.00 M M 4.6 13 260 M M 0 22 280
6 75 47 61 14 4 0 0.00 M M 5.5 16 160 M M 1 27 180
7 72 46 59 13 6 0 0.00 M M 5.4 22 260 M M 2 33 290
8 69 45 57 11 8 0 T M M 5.9 16 240 M M 4 26 270
9 57 42 50 5 15 0 0.32 M M 7.9 23 270 M M 7 1 33 270
10 58 36 47 2 18 0 0.00 M M 7.4 22 270 M M 1 32 260
11 55 35 45 1 20 0 0.00 M M 10.1 22 70 M M 4 33 50
12 38 30 34 -10 31 0 1.41 M M 14.8 28 40 M M 10 126 42 40
13 34 26 30 -14 35 0 0.32 M M 14.6 29 280 M M 6 16 47 290
14 37 22 30 -13 35 0 0.00 M M 8.2 22 280 M M 4 31 290
15 39 26 33 -10 32 0 T M M 10.3 24 280 M M 2 34 270
16 54 33 44 1 21 0 0.00 M M 5.9 16 270 M M 0 24 250
17 65 35 50 8 15 0 0.00 M M 5.8 15 270 M M 0 22 240
18 67 41 54 12 11 0 0.00 M M 7.6 16 270 M M 0 29 230
19 50 30 40 -2 25 0 0.26 M M 8.6 17 360 M M 8 1 31 10
20 44 29 37 -4 28 0 0.06 M M 3.5 9 280 M M 6 1 15 250
21 60 29 45 4 20 0 0.00 M M 5.1 16 270 M M 0 24 260
22 61 33 47 6 18 0 0.00 M M 5.0 12 190 M M 0 19 170
23 59 32 46 6 19 0 0.00 M M 5.6 16 260 M M 2 24 230
24 55 31 43 3 22 0 0.01 M M 4.2 12 110 M M 4 18 360
25 58 37 48 8 17 0 0.00 M M 5.5 12 240 M M 1 18 220
26 59 33 46 7 19 0 0.08 M M 7.0 15 70 M M 4 1 27 360
27 50 37 44 5 21 0 T M M 10.2 22 280 M M 4 36 310
28 49 34 42 3 23 0 0.00 M M 8.7 20 320 M M 0 39 360
29 64 34 49 11 16 0 0.00 M M 8.5 21 270 M M 0 8 30 230
30 52 32 42 4 23 0 T M M 5.5 15 360 M M 6 24 360
31 32 23 28 -10 37 0 0.06 M M 5.3 10 240 M M 10 1 16 220
================================================================================
SM 1780 1079 579 0 2.52 M 214.6 M 87
================================================================================
AV 57.4 34.8 6.9 FASTST M M 3 MAX(MPH)
MISC ----> 29 280 47 290
================================================================================
NOTES:
# LAST OF SEVERAL OCCURRENCES
COLUMN 17 PEAK WIND IN M.P.H.
PRELIMINARY LOCAL CLIMATOLOGICAL DATA (WS FORM: F-6) , PAGE 2
STATION: CUSTER COUNTY AIRPORT SD
MONTH: OCTOBER
YEAR: 2021
LATITUDE: 43 43 N
LONGITUDE: 103 37 W
[TEMPERATURE DATA] [PRECIPITATION DATA] SYMBOLS USED IN COLUMN 16
AVERAGE MONTHLY: 46.1 TOTAL FOR MONTH: 2.52 1 = FOG OR MIST
DPTR FM NORMAL: 3.1 DPTR FM NORMAL: 1.23 2 = FOG REDUCING VISIBILITY
HIGHEST: 80 ON 5 GRTST 24HR 1.72 ON 12-13 TO 1/4 MILE OR LESS
LOWEST: 22 ON 14 3 = THUNDER
SNOW, ICE PELLETS, HAIL 4 = ICE PELLETS
TOTAL MONTH: M 5 = HAIL
GRTST 24HR M ON M 6 = FREEZING RAIN OR DRIZZLE
GRTST DEPTH: M ON M 7 = DUSTSTORM OR SANDSTORM:
VSBY 1/2 MILE OR LESS
8 = SMOKE OR HAZE
[NO. OF DAYS WITH] [WEATHER - DAYS WITH] 9 = BLOWING SNOW
X = TORNADO
MAX 32 OR BELOW: 1 0.01 INCH OR MORE: 8
MAX 90 OR ABOVE: 0 0.10 INCH OR MORE: 4
MIN 32 OR BELOW: 11 0.50 INCH OR MORE: 1
MIN 0 OR BELOW: 0 1.00 INCH OR MORE: 1
[HDD (BASE 65) ]
TOTAL THIS MO. 579 CLEAR (SCALE 0-3) 18
DPTR FM NORMAL -105 PTCLDY (SCALE 4-7) 11
TOTAL FM JUL 1 798 CLOUDY (SCALE 8-10) 2
DPTR FM NORMAL -304
[CDD (BASE 65) ]
TOTAL THIS MO. 0
DPTR FM NORMAL 0 [PRESSURE DATA]
TOTAL FM JAN 1 345 HIGHEST SLP 30.37 ON 31
DPTR FM NORMAL 136 LOWEST SLP 29.33 ON 26
[REMARKS]
#FINAL-10-21#