000
CXUS53 KUNR 011030
CF6CUT
PRELIMINARY LOCAL CLIMATOLOGICAL DATA (WS FORM: F-6)
STATION: CUSTER COUNTY AIRPORT SD
MONTH: JANUARY
YEAR: 2021
LATITUDE: 43 43 N
LONGITUDE: 103 37 W
TEMPERATURE IN F: :PCPN: SNOW: WIND :SUNSHINE: SKY :PK WND
================================================================================
1 2 3 4 5 6A 6B 7 8 9 10 11 12 13 14 15 16 17 18
12Z AVG MX 2MIN
DY MAX MIN AVG DEP HDD CDD WTR SNW DPTH SPD SPD DIR MIN PSBL S-S WX SPD DR
================================================================================
1 38 15 27 3 38 0 0.00 M M 5.6 15 270 M M 0 19 270
2 40 22 31 7 34 0 0.00 M M 7.3 15 240 M M 1 25 270
3 42 19 31 7 34 0 T M M 8.0 16 300 M M 3 27 280
4 41 21 31 7 34 0 0.00 M M 5.4 16 290 M M 0 28 290
5 46 28 37 13 28 0 0.00 M M 9.7 24 330 M M 4 41 360
6 40 14 27 3 38 0 0.00 M M 3.9 16 320 M M 0 28 320
7 43 17 30 6 35 0 T M M 2.5 8 240 M M 3 13 210
8 36 26 31 7 34 0 0.05 M M 2.3 9 100 M M 10 1 13 90
9 26 22 24 0 41 0 0.00 M M 2.5 7 230 M M 10 12 10 240
10 34 14 24 0 41 0 0.00 M M 8.4 21 270 M M 2 1 27 270
11 45 23 34 10 31 0 0.00 M M 6.8 18 290 M M 0 30 310
12 44 30 37 13 28 0 0.00 M M 6.9 18 260 M M 0 30 260
13 47 26 37 13 28 0 T M M 12.8 30 300 M M 2 1 65 340
14 28 19 24 0 41 0 T M M 19.3 36 310 M M 5 60 350
15 35 18 27 3 38 0 0.00 M M 11.9 30 310 M M 0 57 300
16 36 24 30 6 35 0 T M M 12.3 22 310 M M 2 38 300
17 34 20 27 3 38 0 0.01 M M 8.4 17 290 M M 4 1 30 330
18 31 16 24 0 41 0 0.02 M M 12.2 22 310 M M 4 12 42 300
19 29 21 25 1 40 0 0.01 M M 11.5 23 260 M M 5 39 250
20 38 24 31 7 34 0 0.00 M M 9.3 24 270 M M 0 37 270
21 32 18 25 1 40 0 0.03 M M 3.4 9 360 M M 5 1 14 340
22 24 16 20 -4 45 0 0.04 M M 3.5 9 190 M M 10 1 16 230
23 27 17 22 -2 43 0 0.17 M M 3.0 8 50 M M 10 1 13 250
24 26 7 17 -7 48 0 0.00 M M 5.8 13 210 M M 6 1 21 210
25 22 7 15 -9 50 0 T M M 6.1 13 70 M M 6 1 18 360
26 15 9 12 -12 53 0 T M M 5.0 12 200 M M 10 18 17 220
27 30 4 17 -7 48 0 T M M 9.2 21 250 M M 2 1 39 270
28 43 27 35 11 30 0 0.00 M M 10.4 M M M M 0 44 250
29 48 31 40 16 25 0 0.00 M M 8.6 17 270 M M 0 29 250
30 43 26 35 11 30 0 0.00 M M 7.6 18 340 M M 5 39 340
31 41 22 32 8 33 0 0.00 M M 5.4 16 280 M M 1 25 280
================================================================================
SM 1104 603 1156 0 0.33 M 235.0 M 110
================================================================================
AV 35.6 19.5 7.6 FASTST M M 4 MAX(MPH)
MISC ----> 36 310 65 340
================================================================================
NOTES:
# LAST OF SEVERAL OCCURRENCES
COLUMN 17 PEAK WIND IN M.P.H.
PRELIMINARY LOCAL CLIMATOLOGICAL DATA (WS FORM: F-6) , PAGE 2
STATION: CUSTER COUNTY AIRPORT SD
MONTH: JANUARY
YEAR: 2021
LATITUDE: 43 43 N
LONGITUDE: 103 37 W
[TEMPERATURE DATA] [PRECIPITATION DATA] SYMBOLS USED IN COLUMN 16
AVERAGE MONTHLY: 27.5 TOTAL FOR MONTH: 0.33 1 = FOG OR MIST
DPTR FM NORMAL: 3.3 DPTR FM NORMAL: -0.00 2 = FOG REDUCING VISIBILITY
HIGHEST: 48 ON 29 GRTST 24HR 0.17 ON 23-23 TO 1/4 MILE OR LESS
LOWEST: 4 ON 27 3 = THUNDER
SNOW, ICE PELLETS, HAIL 4 = ICE PELLETS
TOTAL MONTH: M 5 = HAIL
GRTST 24HR M ON M 6 = FREEZING RAIN OR DRIZZLE
GRTST DEPTH: M ON M 7 = DUSTSTORM OR SANDSTORM:
VSBY 1/2 MILE OR LESS
8 = SMOKE OR HAZE
[NO. OF DAYS WITH] [WEATHER - DAYS WITH] 9 = BLOWING SNOW
X = TORNADO
MAX 32 OR BELOW: 11 0.01 INCH OR MORE: 7
MAX 90 OR ABOVE: 0 0.10 INCH OR MORE: 1
MIN 32 OR BELOW: 31 0.50 INCH OR MORE: 0
MIN 0 OR BELOW: 0 1.00 INCH OR MORE: 0
[HDD (BASE 65) ]
TOTAL THIS MO. 1156 CLEAR (SCALE 0-3) 16
DPTR FM NORMAL -109 PTCLDY (SCALE 4-7) 10
TOTAL FM JUL 1 4201 CLOUDY (SCALE 8-10) 5
DPTR FM NORMAL -540
[CDD (BASE 65) ]
TOTAL THIS MO. 0
DPTR FM NORMAL 0 [PRESSURE DATA]
TOTAL FM JAN 1 0 HIGHEST SLP 30.44 ON 19
DPTR FM NORMAL 0 LOWEST SLP 29.51 ON 30
[REMARKS]
#FINAL-01-21#