000
CXUS51 KILN 010629
CF6CVG
PRELIMINARY LOCAL CLIMATOLOGICAL DATA (WS FORM: F-6)
STATION: CINCINNATI OH
MONTH: DECEMBER
YEAR: 2023
LATITUDE: 39 2 N
LONGITUDE: 84 40 W
TEMPERATURE IN F: :PCPN: SNOW: WIND :SUNSHINE: SKY :PK WND
================================================================================
1 2 3 4 5 6A 6B 7 8 9 10 11 12 13 14 15 16 17 18
12Z AVG MX 2MIN
DY MAX MIN AVG DEP HDD CDD WTR SNW DPTH SPD SPD DIR MIN PSBL S-S WX SPD DR
================================================================================
1 54 42 48 9 17 0 0.29 0.0 0 9.7 29 210 M M 10 1 39 220
2 54 47 51 12 14 0 0.00 0.0 0 6.3 12 30 M M 9 1 17 210
3 49 36 43 4 22 0 0.00 0.0 0 9.5 26 270 M M 9 12 32 240
4 45 31 38 0 27 0 T 0.0 0 4.7 12 320 M M 8 1 15 330
5 44 34 39 1 26 0 0.22 T 0 6.2 17 350 M M 10 135 21 350
6 43 29 36 -2 29 0 T 0.0 0 7.6 17 280 M M 8 25 340
7 55 30 43 5 22 0 0.00 0.0 0 10.8 20 220 M M 4 26 220
8 61 44 53 16 12 0 0.00 0.0 0 12.7 21 210 M M 7 27 190
9 60 42 51 14 14 0 0.37 0.0 0 12.7 21 190 M M 9 1 29 170
10 46 32 39 2 26 0 0.00 0.0 0 10.0 17 310 M M 9 22 310
11 40 28 34 -3 31 0 T T 0 7.3 13 260 M M 6 1 15 210
12 50 27 39 3 26 0 0.00 0.0 0 8.7 16 230 M M 0 21 240
13 45 27 36 0 29 0 0.00 0.0 0 2.0 9 310 M M 3 11 310
14 52 23 38 2 27 0 0.00 0.0 0 1.3 6 360 M M 0 8 210
15 55 29 42 6 23 0 0.00 0.0 0 3.7 12 150 M M 4 14 160
16 55 36 46 11 19 0 0.02 0.0 0 7.3 17 150 M M 9 21 150
17 53 40 47 12 18 0 0.55 0.0 0 8.4 16 300 M M 10 1 20 290
18 40 24 32 -3 33 0 0.02 0.8 0 17.5 31 310 M M 9 18 40 300
19 36 17 27 -8 38 0 0.00 0.0 T 7.6 18 290 M M 3 23 290
20 49 24 37 2 28 0 0.00 0.0 0 7.0 13 180 M M 3 17 180
21 50 28 39 5 26 0 0.00 0.0 0 4.5 10 190 M M 8 14 230
22 51 33 42 8 23 0 T 0.0 0 5.5 13 160 M M 9 14 170
23 49 42 46 12 19 0 0.05 0.0 0 7.6 13 200 M M 10 1 16 200
24 61 47 54 20 11 0 0.03 0.0 0 6.1 10 160 M M 8 1 13 160
25 59 47 53 19 12 0 0.34 0.0 0 13.8 29 120 M M 9 1 39 130
26 55 39 47 13 18 0 0.02 0.0 0 6.5 17 150 M M 9 12 23 140
27 51 34 43 10 22 0 0.00 0.0 0 4.0 9 350 M M 6 1 12 10
28 43 34 39 6 26 0 0.01 T 0 7.5 16 220 M M 10 1 21 230
29 37 33 35 2 30 0 0.02 0.1 0 6.9 14 270 M M 10 1 16 280
30 40 33 37 4 28 0 0.03 T 0 8.2 15 220 M M 10 1 20 210
31 40 30 35 2 30 0 T T 0 11.4 23 270 M M 10 1 27 260
================================================================================
SM 1522 1042 726 0 1.97 0.9 243.0 M 229
================================================================================
AV 49.1 33.6 7.8 FASTST M M 7 MAX(MPH)
MISC ----> 31 310 40 300
================================================================================
NOTES:
# LAST OF SEVERAL OCCURRENCES
COLUMN 17 PEAK WIND IN M.P.H.
PRELIMINARY LOCAL CLIMATOLOGICAL DATA (WS FORM: F-6) , PAGE 2
STATION: CINCINNATI OH
MONTH: DECEMBER
YEAR: 2023
LATITUDE: 39 2 N
LONGITUDE: 84 40 W
[TEMPERATURE DATA] [PRECIPITATION DATA] SYMBOLS USED IN COLUMN 16
AVERAGE MONTHLY: 41.4 TOTAL FOR MONTH: 1.97 1 = FOG OR MIST
DPTR FM NORMAL: 5.8 DPTR FM NORMAL: -1.76 2 = FOG REDUCING VISIBILITY
HIGHEST: 61 ON 24, 8 GRTST 24HR 0.57 ON 16-17 TO 1/4 MILE OR LESS
LOWEST: 17 ON 19 3 = THUNDER
SNOW, ICE PELLETS, HAIL 4 = ICE PELLETS
TOTAL MONTH: 0.9 INCH 5 = HAIL
GRTST 24HR 0.8 ON 18-18 6 = FREEZING RAIN OR DRIZZLE
GRTST DEPTH: T 7 = DUSTSTORM OR SANDSTORM:
VSBY 1/2 MILE OR LESS
8 = SMOKE OR HAZE
[NO. OF DAYS WITH] [WEATHER - DAYS WITH] 9 = BLOWING SNOW
X = TORNADO
MAX 32 OR BELOW: 0 0.01 INCH OR MORE: 13
MAX 90 OR ABOVE: 0 0.10 INCH OR MORE: 5
MIN 32 OR BELOW: 14 0.50 INCH OR MORE: 1
MIN 0 OR BELOW: 0 1.00 INCH OR MORE: 0
[HDD (BASE 65) ]
TOTAL THIS MO. 726 CLEAR (SCALE 0-3) 4
DPTR FM NORMAL -185 PTCLDY (SCALE 4-7) 9
TOTAL FM JUL 1 1562 CLOUDY (SCALE 8-10) 18
DPTR FM NORMAL -318
[CDD (BASE 65) ]
TOTAL THIS MO. 0
DPTR FM NORMAL 0 [PRESSURE DATA]
TOTAL FM JAN 1 1099 HIGHEST SLP M ON M
DPTR FM NORMAL -62 LOWEST SLP 29.02 ON 31
[REMARKS]
#FINAL-12-23#