000
CXUS54 KHGX 011410
CF6CXO
PRELIMINARY LOCAL CLIMATOLOGICAL DATA (WS FORM: F-6)
STATION: CONROE
MONTH: AUGUST
YEAR: 2021
LATITUDE: 30 21 N
LONGITUDE: 95 25 W
TEMPERATURE IN F: :PCPN: SNOW: WIND :SUNSHINE: SKY :PK WND
================================================================================
1 2 3 4 5 6A 6B 7 8 9 10 11 12 13 14 15 16 17 18
12Z AVG MX 2MIN
DY MAX MIN AVG DEP HDD CDD WTR SNW DPTH SPD SPD DIR MIN PSBL S-S WX SPD DR
================================================================================
1 96 76 86 2 0 21 0.00 0.0 0 5.2 13 150 M M 3 17 130
2 91 75 83 -1 0 18 0.00 0.0 0 5.6 16 280 M M 2 3 21 270
3 93 75 84 0 0 19 0.00 0.0 0 3.1 12 350 M M 5 1 17 10
4 92 75 84 0 0 19 0.00 0.0 0 3.8 12 50 M M 4 16 80
5 87 70 79 -5 0 14 T 0.0 0 3.2 10 130 M M 4 1 14 130
6 94 69 82 -2 0 17 0.00 0.0 0 3.1 17 170 M M 2 18 21 190
7 96 71 84 0 0 19 0.00 0.0 0 5.5 18 160 M M 2 1 23 190
8 98 73 86 2 0 21 0.06 0.0 0 8.1 20 150 M M 3 13 26 180
9 98 74 86 2 0 21 0.00 0.0 0 7.1 18 180 M M 3 1 23 180
10 98 76 87 3 0 22 0.00 0.0 0 5.0 15 150 M M 3 13 22 170
11 97 74 86 2 0 21 0.00 0.0 0 4.9 21 160 M M 2 123 26 160
12 97 72 85 1 0 20 0.00 0.0 0 3.4 15 170 M M 2 13 19 160
13 94 72 83 -1 0 18 0.00 0.0 0 2.7 12 150 M M 0 1 15 160
14 98 72 85 1 0 20 0.04 0.0 M 3.1 17 350 M M 3 13 28 30
15 95 71 83 0 0 18 0.02 0.0 0 3.6 18 280 M M 2 13 25 280
16 93 73 83 0 0 18 0.83 0.0 0 2.2 22 130 M M 1 138 27 130
17 93 75 84 1 0 19 0.74 0.0 0 2.8 26 230 M M 2 138 35 240
18 90 72 81 -2 0 16 1.06 0.0 0 2.6 24 200 M M 2 123 36 210
19 94 75 85 2 0 20 T 0.0 0 4.7 15 170 M M 2 13 20 170
20 94 73 84 1 0 19 0.00 0.0 0 5.3 16 170 M M 1 1 23 140
21 96 70 83 0 0 18 0.00 0.0 0 3.7 13 170 M M 1 1 17 200
22 95 68 82 -1 0 17 0.00 0.0 0 2.3 9 130 M M 1 1 14 210
23 95 69 82 0 0 17 T 0.0 0 2.6 9 160 M M 0 1 12 90
24 95 70 83 1 0 18 0.00 0.0 0 2.7 8 110 M M 0 1 12 250
25 95 72 84 2 0 19 0.02 0.0 0 2.8 17 80 M M 1 13 25 100
26 97 73 85 3 0 20 0.02 0.0 0 3.7 14 160 M M 1 138 21 10
27 90 74 82 0 0 17 T 0.0 0 5.0 14 130 M M 4 21 150
28 88 72 80 -2 0 15 0.45 0.0 0 2.7 17 120 M M 5 18 24 60
29 94 71 83 1 0 18 0.00 0.0 0 3.8 12 90 M M 1 14 70
30 94 72 83 2 0 18 0.00 0.0 0 4.4 16 320 M M 1 19 360
31 97 73 85 4 0 20 0.39 0.0 0 3.5 17 150 M M 1 1 21 160
================================================================================
SM 2924 2247 0 577 3.63 0.0 122.2 M 64
================================================================================
AV 94.3 72.5 3.9 FASTST M M 2 MAX(MPH)
MISC ----> 26 230 36 210
================================================================================
NOTES:
# LAST OF SEVERAL OCCURRENCES
COLUMN 17 PEAK WIND IN M.P.H.
PRELIMINARY LOCAL CLIMATOLOGICAL DATA (WS FORM: F-6) , PAGE 2
STATION: CONROE
MONTH: AUGUST
YEAR: 2021
LATITUDE: 30 21 N
LONGITUDE: 95 25 W
[TEMPERATURE DATA] [PRECIPITATION DATA] SYMBOLS USED IN COLUMN 16
AVERAGE MONTHLY: 83.4 TOTAL FOR MONTH: 3.63 1 = FOG OR MIST
DPTR FM NORMAL: 0.3 DPTR FM NORMAL: -0.22 2 = FOG REDUCING VISIBILITY
HIGHEST: 98 ON 14,10 GRTST 24HR 1.77 ON 17-18 TO 1/4 MILE OR LESS
LOWEST: 68 ON 22 3 = THUNDER
SNOW, ICE PELLETS, HAIL 4 = ICE PELLETS
TOTAL MONTH: 0.0 INCH 5 = HAIL
GRTST 24HR 0.0 6 = FREEZING RAIN OR DRIZZLE
GRTST DEPTH: 0 7 = DUSTSTORM OR SANDSTORM:
VSBY 1/2 MILE OR LESS
8 = SMOKE OR HAZE
[NO. OF DAYS WITH] [WEATHER - DAYS WITH] 9 = BLOWING SNOW
X = TORNADO
MAX 32 OR BELOW: 0 0.01 INCH OR MORE: 10
MAX 90 OR ABOVE: 29 0.10 INCH OR MORE: 5
MIN 32 OR BELOW: 0 0.50 INCH OR MORE: 3
MIN 0 OR BELOW: 0 1.00 INCH OR MORE: 1
[HDD (BASE 65) ]
TOTAL THIS MO. 0 CLEAR (SCALE 0-3) 26
DPTR FM NORMAL 0 PTCLDY (SCALE 4-7) 5
TOTAL FM JUL 1 0 CLOUDY (SCALE 8-10) 0
DPTR FM NORMAL 0
[CDD (BASE 65) ]
TOTAL THIS MO. 577
DPTR FM NORMAL 17 [PRESSURE DATA]
TOTAL FM JAN 1 2133 HIGHEST SLP 30.14 ON 13
DPTR FM NORMAL 34 LOWEST SLP 29.71 ON 31
[REMARKS]
#FINAL-08-21#