000
CXUS55 KCYS 111920
CF6CYS
PRELIMINARY LOCAL CLIMATOLOGICAL DATA (WS FORM: F-6)...CORRECTED
STATION: CHEYENNE WYOMING AIRPORT
MONTH: JULY
YEAR: 2021
LATITUDE: 41 9 N
LONGITUDE: 104 49 W
TEMPERATURE IN F: :PCPN: SNOW: WIND :SUNSHINE: SKY :PK WND
================================================================================
1 2 3 4 5 6A 6B 7 8 9 10 11 12 13 14 15 16 17 18
12Z AVG MX 2MIN
DY MAX MIN AVG DEP HDD CDD WTR SNW DPTH SPD SPD DIR MIN PSBL S-S WX SPD DR
================================================================================
1 76 57 67 -1 0 2 0.11 0.0 0 9.1 29 160 M M 6 13 36 150
2 79 56 68 0 0 3 T 0.0 0 10.8 18 170 M M 4 12 26 170
3 88 55 72 4 0 7 T 0.0 0 8.7 18 290 M M 2 3 26 300
4 88 59 74 6 0 9 T 0.0 0 10.8 30 250 M M 1 3 41 240
5 84 55 70 1 0 5 0.01 0.0 0 8.2 20 170 M M 1 28 360
6 82 58 70 1 0 5 T 0.0 0 10.5 20 20 M M 2 29 20
7 88 57 73 4 0 8 0.00 0.0 0 13.0 22 190 M M 0 30 190
8 94 62 78 9 0 13 0.00 0.0 0 10.4 24 310 M M 0 34 310
9 94 61 78 8 0 13 0.13 0.0 0 10.2 40 20 M M 1 3 60 340
10 79 54 67 -3 0 2 0.00 0.0 0 10.9 22 20 M M 1 33 350
11 84 51 68 -2 0 3 0.00 0.0 0 6.9 14 170 M M 0 22 210
12 89 53 71 1 0 6 0.00 0.0 0 8.2 20 160 M M 0 27 140
13 85 61 73 3 0 8 T 0.0 0 8.2 24 10 M M 1 37 10
14 79 56 68 -2 0 3 0.09 0.0 0 6.3 18 290 M M 3 13 27 310
15 85 56 71 1 0 6 T 0.0 0 7.8 24 220 M M 4 138 37 260
16 90 55 73 2 0 8 0.00 0.0 0 7.7 23 220 M M 1 30 180
17 92 56 74 3 0 9 0.08 0.0 0 7.0 25 290 M M 1 3 43 270
18 91 55 73 2 0 8 0.00 0.0 0 6.9 18 100 M M 0 26 120
19 93 58 76 5 0 11 0.00 0.0 0 7.1 18 90 M M 0 25 100
20 90 54 72 1 0 7 0.00 0.0 0 9.7 24 280 M M 1 33 300
21 86 63 75 4 0 10 0.08 0.0 0 5.0 16 280 M M 3 3 21 270
22 93 61 77 6 0 12 0.00 0.0 0 6.1 22 190 M M 2 3 27 220
23 85 60 73 2 0 8 T 0.0 0 8.7 22 330 M M 2 30 340
24 85 58 72 1 0 7 0.00 0.0 0 9.8 20 140 M M 0 29 140
25 90 61 76 5 0 11 0.00 0.0 0 9.3 26 160 M M 0 39 160
26 94 56 75 4 0 10 0.00 0.0 0 7.0 20 150 M M 0 26 140
27 91 56 74 3 0 9 0.00 0.0 0 8.8 18 150 M M 0 24 210
28 96 57 77 6 0 12 0.00 0.0 0 6.9 18 30 M M 1 25 30
29 87 63 75 4 0 10 0.00 0.0 0 10.7 25 90 M M 3 18 34 80
30 88 63 76 5 0 11 0.01 0.0 0 11.2 25 20 M M 4 13 38 30
31 76 58 67 -4 0 2 T 0.0 0 8.5 18 80 M M 7 8 27 40
================================================================================
SM 2701 1785 0 238 0.51 0.0 270.4 M 51
================================================================================
AV 87.1 57.6 8.7 FASTST M M 2 MAX(MPH)
MISC ----> 40 20 60 340
================================================================================
NOTES:
# LAST OF SEVERAL OCCURRENCES
COLUMN 17 PEAK WIND IN M.P.H.
PRELIMINARY LOCAL CLIMATOLOGICAL DATA (WS FORM: F-6) , PAGE 2
STATION: CHEYENNE WYOMING AIRPORT
MONTH: JULY
YEAR: 2021
LATITUDE: 41 9 N
LONGITUDE: 104 49 W
[TEMPERATURE DATA] [PRECIPITATION DATA] SYMBOLS USED IN COLUMN 16
AVERAGE MONTHLY: 72.4 TOTAL FOR MONTH: 0.51 1 = FOG OR MIST
DPTR FM NORMAL: 2.3 DPTR FM NORMAL: -1.60 2 = FOG REDUCING VISIBILITY
HIGHEST: 96 ON 28 GRTST 24HR 0.13 ON 9- 9 TO 1/4 MILE OR LESS
LOWEST: 51 ON 11 3 = THUNDER
SNOW, ICE PELLETS, HAIL 4 = ICE PELLETS
TOTAL MONTH: 0.0 INCH 5 = HAIL
GRTST 24HR 0.0 6 = FREEZING RAIN OR DRIZZLE
GRTST DEPTH: 0 7 = DUSTSTORM OR SANDSTORM:
VSBY 1/2 MILE OR LESS
8 = SMOKE OR HAZE
[NO. OF DAYS WITH] [WEATHER - DAYS WITH] 9 = BLOWING SNOW
X = TORNADO
MAX 32 OR BELOW: 0 0.01 INCH OR MORE: 7
MAX 90 OR ABOVE: 12 0.10 INCH OR MORE: 2
MIN 32 OR BELOW: 0 0.50 INCH OR MORE: 0
MIN 0 OR BELOW: 0 1.00 INCH OR MORE: 0
[HDD (BASE 65) ]
TOTAL THIS MO. 0 CLEAR (SCALE 0-3) 25
DPTR FM NORMAL -17 PTCLDY (SCALE 4-7) 6
TOTAL FM JUL 1 0 CLOUDY (SCALE 8-10) 0
DPTR FM NORMAL -10
[CDD (BASE 65) ]
TOTAL THIS MO. 238
DPTR FM NORMAL 63 [PRESSURE DATA]
TOTAL FM JAN 1 355 HIGHEST SLP 30.25 ON 31
DPTR FM NORMAL 120 LOWEST SLP 29.73 ON 8
[REMARKS]
JULY 28...RECORD HIGH 96 DEGREES (PREVIOUS 93 DEGREES IN 2006)
MEAN TEMPERATURE 72.4 DEGREES TIED 1936 FOR 6TH WARMEST JULY
MONTHLY PRECIPITATION 0.51" WAS 4TH DRIEST JULY
#FINAL-07-21#