000
CXUS56 KSGX 011245
CF6CZZ
PRELIMINARY LOCAL CLIMATOLOGICAL DATA (WS FORM: F-6)
STATION: CAMPO ASOS CA
MONTH: SEPTEMBER
YEAR: 2020
LATITUDE: 32 37 N
LONGITUDE: 116 28 W
TEMPERATURE IN F: :PCPN: SNOW: WIND :SUNSHINE: SKY :PK WND
================================================================================
1 2 3 4 5 6A 6B 7 8 9 10 11 12 13 14 15 16 17 18
12Z AVG MX 2MIN
DY MAX MIN AVG DEP HDD CDD WTR SNW DPTH SPD SPD DIR MIN PSBL S-S WX SPD DR
================================================================================
1 89 53 71 -1 0 6 0.00 0.0 0 8.5 23 210 M M 0 27 200
2 94 54 74 2 0 9 0.00 0.0 0 6.7 20 230 M M 0 26 230
3 99 57 78 6 0 13 0.00 0.0 0 6.3 18 250 M M 0 23 220
4 103 55 79 7 0 14 0.00 0.0 0 6.8 20 230 M M 0 24 220
5 108 65 87 15 0 22 0.00 0.0 0 10.3 28 40 M M 0 33 40
6 109 66 88 16 0 23 0.00 0.0 0 4.2 16 220 M M 0 22 60
7 99 62 81 10 0 16 0.00 0.0 0 6.9 17 220 M M 0 23 230
8 79 55 67 -4 0 2 0.00 0.0 0 8.4 22 50 M M 0 32 60
9 85 60 73 2 0 8 0.00 0.0 0 15.1 28 50 M M 0 38 60
10 84 48 66 -5 0 1 0.00 0.0 0 10.2 23 80 M M 0 30 80
11 86 50 68 -2 0 3 0.00 0.0 0 6.7 16 70 M M 0 21 80
12 92 47 70 0 0 5 0.00 0.0 0 6.7 17 80 M M 0 23 50
13 93 47 70 0 0 5 0.00 0.0 0 7.1 18 70 M M 0 23 90
14 96 50 73 3 0 8 0.00 0.0 0 7.6 18 220 M M 0 23 230
15 95 51 73 3 0 8 0.00 0.0 0 7.7 21 220 M M 0 24 220
16 96 53 75 6 0 10 0.00 0.0 0 M 17 50 M M M 23 50
17 99 49 74 5 0 9 0.00 0.0 0 7.1 18 250 M M 0 26 260
18 100 56 78 9 0 13 0.00 0.0 0 6.9 22 310 M M 0 27 260
19 95 54 75 7 0 10 0.00 0.0 0 7.4 18 210 M M 0 26 230
20 92 52 72 4 0 7 0.00 0.0 0 7.4 18 220 M M 0 23 220
21 93 53 73 5 0 8 0.00 0.0 0 6.5 20 240 M M 0 25 250
22 90 50 70 2 0 5 0.00 0.0 0 7.8 21 230 M M 0 26 230
23 91 46 69 2 0 4 0.00 0.0 0 6.1 17 230 M M 0 24 220
24 91 49 70 3 0 5 0.00 0.0 0 8.1 20 220 M M 0 26 220
25 89 43 66 -1 0 1 0.00 0.0 0 8.2 18 200 M M 0 24 220
26 91 47 69 3 0 4 0.00 0.0 0 7.5 18 220 M M 0 21 210
27 93 47 70 4 0 5 0.00 0.0 0 7.7 23 70 M M 0 29 70
28 97 47 72 6 0 7 0.00 0.0 0 7.1 23 50 M M 0 30 50
29 99 55 77 12 0 12 0.00 0.0 0 8.3 22 60 M M 0 25 90
30 100 56 78 13 0 13 0.00 0.0 0 7.6 20 230 M M 0 25 240
================================================================================
SM 2827 1577 0 256 0.00 0.0 222.9 M 0
================================================================================
AV 94.2 52.6 7.7 FASTST M M 0 MAX(MPH)
MISC ----> # 28 40 # 38 60
================================================================================
NOTES:
# LAST OF SEVERAL OCCURRENCES
COLUMN 17 PEAK WIND IN M.P.H.
PRELIMINARY LOCAL CLIMATOLOGICAL DATA (WS FORM: F-6) , PAGE 2
STATION: CAMPO ASOS CA
MONTH: SEPTEMBER
YEAR: 2020
LATITUDE: 32 37 N
LONGITUDE: 116 28 W
[TEMPERATURE DATA] [PRECIPITATION DATA] SYMBOLS USED IN COLUMN 16
AVERAGE MONTHLY: 73.4 TOTAL FOR MONTH: 0.00 1 = FOG OR MIST
DPTR FM NORMAL: 4.3 DPTR FM NORMAL: -0.34 2 = FOG REDUCING VISIBILITY
HIGHEST: 109 ON 6 GRTST 24HR 0.00 ON 30-30 TO 1/4 MILE OR LESS
LOWEST: 43 ON 25 3 = THUNDER
SNOW, ICE PELLETS, HAIL 4 = ICE PELLETS
TOTAL MONTH: 0.0 INCH 5 = HAIL
GRTST 24HR 0.0 6 = FREEZING RAIN OR DRIZZLE
GRTST DEPTH: 0 7 = DUSTSTORM OR SANDSTORM:
VSBY 1/2 MILE OR LESS
8 = SMOKE OR HAZE
[NO. OF DAYS WITH] [WEATHER - DAYS WITH] 9 = BLOWING SNOW
X = TORNADO
MAX 32 OR BELOW: 0 0.01 INCH OR MORE: 0
MAX 90 OR ABOVE: 24 0.10 INCH OR MORE: 0
MIN 32 OR BELOW: 0 0.50 INCH OR MORE: 0
MIN 0 OR BELOW: 0 1.00 INCH OR MORE: 0
[HDD (BASE 65) ]
TOTAL THIS MO. 0 CLEAR (SCALE 0-3) 29
DPTR FM NORMAL -36 PTCLDY (SCALE 4-7) 0
TOTAL FM JUL 1 3 CLOUDY (SCALE 8-10) 0
DPTR FM NORMAL -47
[CDD (BASE 65) ]
TOTAL THIS MO. 256
DPTR FM NORMAL 95 [PRESSURE DATA]
TOTAL FM JAN 1 1002 HIGHEST SLP 29.98 ON 16
DPTR FM NORMAL 191 LOWEST SLP 29.60 ON 8
[REMARKS]
#FINAL-09-20#