000
CXUS52 KMLB 011342
CLMDAB
CLIMATE REPORT
NATIONAL WEATHER SERVICE MELBOURNE FL
942 AM EDT TUE AUG 01 2023
...................................
...THE DAYTONA BEACH CLIMATE SUMMARY FOR THE MONTH OF JULY 2023...
CLIMATE NORMAL PERIOD 1991 TO 2020
CLIMATE RECORD PERIOD 1923 TO 2023
WEATHER OBSERVED NORMAL DEPART LAST YEAR`S
VALUE DATE(S) VALUE FROM VALUE
NORMAL
..............................................................
TEMPERATURE (F)
MONTHLY RECORD
WARMEST 84.1 2016
COOLEST 77.3 1926
DAILY RECORD
HIGH 102 07/15/1981
LOW 60 07/01/1981
JULY 2023
HIGHEST 97 07/21 97
LOWEST 71 07/31 72
AVG. MAXIMUM 91.8 90.2 1.6 91.8
AVG. MINIMUM 75.5 73.5 2.0 74.7
MEAN 83.6 81.9 1.7 83.3
DAYS MAX >= 90 25 19.5 5.5 26
DAYS MAX <= 32 0 0.0 0.0 0
DAYS MIN <= 32 0 0.0 0.0 0
DAYS MIN <= 0 0 0.0 0.0 0
PRECIPITATION (INCHES)
MONTHLY RECORD
MAXIMUM 14.58 1944
MINIMUM 0.16 1992
DAILY RECORD
MAXIMUM 6.70 07/28/1926
JULY 2023
TOTALS 9.35 6.01 3.34 5.42
DAYS >= .01 21 13.7 7.3 15
DAYS >= .10 14 9.4 4.6 13
DAYS >= .50 8 4.2 3.8 5
DAYS >= 1.00 3 1.7 1.3 0
GREATEST
24 HR. TOTAL 1.98 07/22 TO 07/23
SNOWFALL (INCHES)
TOTALS 0.0 MM MM 0.0
SINCE 7/1 0.0 MM MM MM
DAYS >= TRACE 0 0
DEGREE DAYS
HEATING TOTAL 0 0 0 0
SINCE 7/1 0 0 0 MM
COOLING TOTAL 587 522 65 574
SINCE 1/1 2065 1649 416 MM
..............................................................
WIND (MPH)
AVERAGE WIND SPEED 5.2
HIGHEST WIND SPEED/DIRECTION 36/260 DATE 07/10
HIGHEST GUST SPEED/DIRECTION 47/270 DATE 07/24
SKY COVER
POSSIBLE SUNSHINE (PERCENT) MM
AVERAGE SKY COVER 0.54
NUMBER OF DAYS FAIR 4
NUMBER OF DAYS PC 24
NUMBER OF DAYS CLOUDY 3
AVERAGE RH (PERCENT) 76
WEATHER CONDITIONS. NUMBER OF DAYS WITH
THUNDERSTORM 27 MIXED PRECIP 0
HEAVY RAIN 14 RAIN 11
LIGHT RAIN 22 LT FREEZING RAIN 0
HAIL 0 LIGHT SNOW 0
SLEET 0 FOG 21
FOG W/VIS <= 1/4 MILE 0 HAZE 13
- INDICATES NEGATIVE NUMBERS.
R INDICATES RECORD WAS SET OR TIED.
MM INDICATES DATA IS MISSING.
T INDICATES TRACE AMOUNT.
$$