000
CXUS55 KVEF 012140
CF6DAG
PRELIMINARY LOCAL CLIMATOLOGICAL DATA (WS FORM: F-6)
STATION: BARSTOW-DAGGETT CA
MONTH: JUNE
YEAR: 2022
LATITUDE: 34 51 N
LONGITUDE: 116 47 W
TEMPERATURE IN F: :PCPN: SNOW: WIND :SUNSHINE: SKY :PK WND
================================================================================
1 2 3 4 5 6A 6B 7 8 9 10 11 12 13 14 15 16 17 18
12Z AVG MX 2MIN
DY MAX MIN AVG DEP HDD CDD WTR SNW DPTH SPD SPD DIR MIN PSBL S-S WX SPD DR
================================================================================
1 92 61 77 -2 0 12 0.00 0.0 0 6.7 15 270 M M 0 18 290
2 100 66 83 3 0 18 0.00 0.0 0 14.6 29 280 M M 0 36 270
3 96 75 86 6 0 21 0.00 0.0 0 22.1 30 240 M M 0 38 250
4 95 72 84 4 0 19 0.00 0.0 0 25.7 35 240 M M 0 44 240
5 99 72 86 5 0 21 0.00 0.0 0 25.9 38 250 M M 0 48 260
6 100 74 87 6 0 22 0.00 0.0 0 18.3 35 250 M M 0 43 240
7 103 69 86 5 0 21 0.00 0.0 0 10.6 26 270 M M 0 8 34 260
8 106 70 88 6 0 23 0.00 0.0 0 12.1 23 280 M M 0 30 260
9 107 71 89 7 0 24 0.00 0.0 0 11.6 22 250 M M 0 30 270
10 109 74 92 10 0 27 0.00 0.0 0 11.9 25 250 M M 0 35 330
11 110 80 95 13 0 30 0.00 0.0 0 17.2 29 230 M M 0 40 240
12 106 80 93 10 0 28 0.00 0.0 0 27.0 37 260 M M 0 49 280
13 95 72 84 1 0 19 0.00 0.0 0 30.2 45 280 M M 1 8 55 290
14 95 63 79 -4 0 14 0.00 0.0 0 9.1 24 240 M M 0 32 240
15 102 66 84 0 0 19 0.00 0.0 0 7.3 20 270 M M 0 22 270
16 107 71 89 5 0 24 0.00 0.0 0 12.0 30 300 M M 0 39 290
17 99 65 82 -2 0 17 0.00 0.0 0 21.0 39 220 M M 0 50 230
18 88 61 75 -9 0 10 0.00 0.0 0 19.4 30 260 M M 0 44 290
19 88 63 76 -9 0 11 0.00 0.0 0 17.4 36 260 M M 0 43 260
20 95 60 78 -7 0 13 0.00 0.0 0 7.5 17 60 M M 0 25 50
21 103 62 83 -2 0 18 0.00 0.0 0 9.2 23 80 M M 0 32 70
22 93 73 83 -3 0 18 T 0.0 0 8.7 32 20 M M 3 3 41 10
23 101 67 84 -2 0 19 0.00 0.0 0 9.6 23 250 M M 1 29 240
24 103 73 88 2 0 23 0.00 0.0 0 10.5 22 280 M M 0 31 240
25 106 75 91 5 0 26 0.00 0.0 0 11.5 23 240 M M 0 28 250
26 107 77 92 5 0 27 0.00 0.0 0 10.0 22 210 M M 0 29 190
27 106 77 92 5 0 27 0.00 0.0 0 7.9 20 250 M M 0 25 110
28 109 80 95 8 0 30 0.00 0.0 0 11.8 24 250 M M 0 31 260
29 107 77 92 5 0 27 0.00 0.0 0 16.5 30 260 M M 0 38 260
30 105 79 92 4 0 27 0.00 0.0 0 17.4 31 280 M M 0 40 280
================================================================================
SM 3032 2125 0 635 T 0.0 440.7 M 5
================================================================================
AV101.1 70.8 14.7 FASTST M M 0 MAX(MPH)
MISC ----> 45 280 55 290
================================================================================
NOTES:
# LAST OF SEVERAL OCCURRENCES
COLUMN 17 PEAK WIND IN M.P.H.
PRELIMINARY LOCAL CLIMATOLOGICAL DATA (WS FORM: F-6) , PAGE 2
STATION: BARSTOW-DAGGETT CA
MONTH: JUNE
YEAR: 2022
LATITUDE: 34 51 N
LONGITUDE: 116 47 W
[TEMPERATURE DATA] [PRECIPITATION DATA] SYMBOLS USED IN COLUMN 16
AVERAGE MONTHLY: 86.0 TOTAL FOR MONTH: T 1 = FOG OR MIST
DPTR FM NORMAL: 2.3 DPTR FM NORMAL: -0.03 2 = FOG REDUCING VISIBILITY
HIGHEST: 110 ON 11 GRTST 24HR T ON 22-22 TO 1/4 MILE OR LESS
LOWEST: 60 ON 20 3 = THUNDER
SNOW, ICE PELLETS, HAIL 4 = ICE PELLETS
TOTAL MONTH: 0.0 INCH 5 = HAIL
GRTST 24HR 0.0 6 = FREEZING RAIN OR DRIZZLE
GRTST DEPTH: 0 7 = DUSTSTORM OR SANDSTORM:
VSBY 1/2 MILE OR LESS
8 = SMOKE OR HAZE
[NO. OF DAYS WITH] [WEATHER - DAYS WITH] 9 = BLOWING SNOW
X = TORNADO
MAX 32 OR BELOW: 0 0.01 INCH OR MORE: 0
MAX 90 OR ABOVE: 28 0.10 INCH OR MORE: 0
MIN 32 OR BELOW: 0 0.50 INCH OR MORE: 0
MIN 0 OR BELOW: 0 1.00 INCH OR MORE: 0
[HDD (BASE 65) ]
TOTAL THIS MO. 0 CLEAR (SCALE 0-3) 30
DPTR FM NORMAL -1 PTCLDY (SCALE 4-7) 0
TOTAL FM JUL 1 1725 CLOUDY (SCALE 8-10) 0
DPTR FM NORMAL -293
[CDD (BASE 65) ]
TOTAL THIS MO. 635
DPTR FM NORMAL 75 [PRESSURE DATA]
TOTAL FM JAN 1 1163 HIGHEST SLP 30.00 ON 27
DPTR FM NORMAL 183 LOWEST SLP 29.54 ON 16
[REMARKS]
#FINAL-06-22#