000
CXUS55 KVEF 020444
CF6DAG
PRELIMINARY LOCAL CLIMATOLOGICAL DATA (WS FORM: F-6)
STATION: BARSTOW-DAGGETT CA
MONTH: JUNE
YEAR: 2021
LATITUDE: 34 51 N
LONGITUDE: 116 47 W
TEMPERATURE IN F: :PCPN: SNOW: WIND :SUNSHINE: SKY :PK WND
================================================================================
1 2 3 4 5 6A 6B 7 8 9 10 11 12 13 14 15 16 17 18
12Z AVG MX 2MIN
DY MAX MIN AVG DEP HDD CDD WTR SNW DPTH SPD SPD DIR MIN PSBL S-S WX SPD DR
================================================================================
1 106 73 90 11 0 25 0.00 0.0 0 9.1 21 220 M M 0 26 220
2 108 76 92 12 0 27 0.00 0.0 0 13.9 29 270 M M 0 35 260
3 110 80 95 15 0 30 0.00 0.0 0 12.8 26 250 M M 0 32 250
4 110 75 93 13 0 28 0.00 0.0 0 16.5 29 240 M M 0 36 240
5 107 75 91 10 0 26 0.00 0.0 0 18.6 32 260 M M 0 40 260
6 103 71 87 6 0 22 0.00 0.0 0 15.5 26 230 M M 0 35 270
7 92 68 80 -1 0 15 0.00 0.0 0 18.1 35 240 M M 0 40 240
8 93 61 77 -5 0 12 0.00 0.0 0 17.6 32 250 M M 0 8 41 250
9 94 62 78 -4 0 13 0.00 0.0 0 18.4 36 220 M M 0 43 220
10 86 59 73 -9 0 8 0.00 0.0 0 12.8 30 270 M M 0 36 280
11 95 57 76 -6 0 11 0.00 0.0 0 11.7 21 260 M M 0 24 270
12 103 63 83 0 0 18 0.00 0.0 0 9.9 25 320 M M 0 38 320
13 107 69 88 5 0 23 0.00 0.0 0 13.8 28 260 M M 0 35 200
14 109 71 90 7 0 25 0.00 0.0 0 13.1 29 250 M M 0 40 260
15 111 73 92 8 0 27 0.00 0.0 0 11.5 21 280 M M 0 24 280
16 115 79 97 13 0 32 0.00 0.0 0 11.2 23 290 M M 0 25 290
17 117 85 101 17 0 36 T 0.0 0 10.6 29 80 M M 0 8 36 80
18 113 87 100 16 0 35 0.00 0.0 0 11.5 24 280 M M 0 30 300
19 114 84 99 14 0 34 0.00 0.0 0 14.9 29 260 M M 0 38 280
20 111 84 98 13 0 33 0.00 0.0 0 21.8 29 270 M M 0 41 270
21 107 83 95 10 0 30 0.00 0.0 0 21.9 37 280 M M 0 53 290
22 104 77 91 5 0 26 0.00 0.0 0 12.8 33 220 M M 0 8 40 220
23 91 72 82 -4 0 17 0.02 0.0 0 9.2 22 130 M M 5 3 26 80
24 102 69 86 0 0 21 0.00 0.0 0 11.9 28 260 M M 2 35 270
25 100 73 87 1 0 22 0.00 0.0 0 13.8 25 250 M M 0 30 260
26 108 72 90 3 0 25 0.00 0.0 0 10.8 18 290 M M 0 23 280
27 111 81 96 9 0 31 0.00 0.0 0 8.1 15 260 M M 0 20 60
28 111 83 97 10 0 32 0.00 0.0 0 9.3 21 100 M M 0 28 90
29 101 85 93 6 0 28 T 0.0 0 11.3 32 130 M M 1 3 41 120
30 105 81 93 5 0 28 T 0.0 0 7.8 22 140 M M 0 27 140
================================================================================
SM 3144 2228 0 740 0.02 0.0 400.2 M 8
================================================================================
AV104.8 74.3 13.3 FASTST M M 0 MAX(MPH)
MISC ----> 37 280 53 290
================================================================================
NOTES:
# LAST OF SEVERAL OCCURRENCES
COLUMN 17 PEAK WIND IN M.P.H.
PRELIMINARY LOCAL CLIMATOLOGICAL DATA (WS FORM: F-6) , PAGE 2
STATION: BARSTOW-DAGGETT CA
MONTH: JUNE
YEAR: 2021
LATITUDE: 34 51 N
LONGITUDE: 116 47 W
[TEMPERATURE DATA] [PRECIPITATION DATA] SYMBOLS USED IN COLUMN 16
AVERAGE MONTHLY: 89.5 TOTAL FOR MONTH: 0.02 1 = FOG OR MIST
DPTR FM NORMAL: 5.9 DPTR FM NORMAL: -0.01 2 = FOG REDUCING VISIBILITY
HIGHEST: 117 ON 17 GRTST 24HR 0.02 ON 23-23 TO 1/4 MILE OR LESS
LOWEST: 57 ON 11 3 = THUNDER
SNOW, ICE PELLETS, HAIL 4 = ICE PELLETS
TOTAL MONTH: 0.0 INCH 5 = HAIL
GRTST 24HR 0.0 6 = FREEZING RAIN OR DRIZZLE
GRTST DEPTH: 0 7 = DUSTSTORM OR SANDSTORM:
VSBY 1/2 MILE OR LESS
8 = SMOKE OR HAZE
[NO. OF DAYS WITH] [WEATHER - DAYS WITH] 9 = BLOWING SNOW
X = TORNADO
MAX 32 OR BELOW: 0 0.01 INCH OR MORE: 1
MAX 90 OR ABOVE: 29 0.10 INCH OR MORE: 0
MIN 32 OR BELOW: 0 0.50 INCH OR MORE: 0
MIN 0 OR BELOW: 0 1.00 INCH OR MORE: 0
[HDD (BASE 65) ]
TOTAL THIS MO. 0 CLEAR (SCALE 0-3) 29
DPTR FM NORMAL -1 PTCLDY (SCALE 4-7) 1
TOTAL FM JUL 1 1897 CLOUDY (SCALE 8-10) 0
DPTR FM NORMAL -121
[CDD (BASE 65) ]
TOTAL THIS MO. 740
DPTR FM NORMAL 180 [PRESSURE DATA]
TOTAL FM JAN 1 1277 HIGHEST SLP 30.04 ON 10
DPTR FM NORMAL 297 LOWEST SLP 29.52 ON 19
[REMARKS]
#FINAL-06-21#