000
CXUS51 KRNK 011015
CLSDAN
CLIMATE REPORT
NATIONAL WEATHER SERVICE BLACKSBURG, VA
515 AM EST FRI MAR 01 2024
...................................
...THE DANVILLE VA CLIMATE SUMMARY FOR THE SEASON, FROM
12/1/2023 TO 2/29/2024...
CLIMATE NORMAL PERIOD: 1991 TO 2020
CLIMATE RECORD PERIOD: 1916 TO 2024
WEATHER OBSERVED NORMAL DEPART LAST YEAR`S
VALUE DATE(S) VALUE FROM VALUE
NORMAL
..............................................................
TEMPERATURE (F)
RECORD
HIGH 85 02/27/1977
LOW -5 01/21/1985
HIGHEST 75 01/26 79
LOWEST 13 01/17 6
AVG. MAXIMUM 54.4 51.1 3.3 55.2
AVG. MINIMUM 31.0 29.6 1.4 33.8
MEAN 42.7 40.3 2.4 44.5
DAYS MAX >= 90 0 0.0 0.0 0
DAYS MAX <= 32 1 3.3 -2.3 1
DAYS MIN <= 32 59 59.1 -0.1 45
DAYS MIN <= 0 0 0.1 -0.1 0
PRECIPITATION (INCHES)
RECORD
MAXIMUM 18.47 1997
MINIMUM 5.01 2011
TOTALS 13.45 9.20 4.25 6.24
DAYS >= .01 33 27.7 5.3 25
DAYS >= .10 17 17.6 -0.6 13
DAYS >= .50 8 5.7 2.3 4
DAYS >= 1.00 4 1.8 2.2 0
GREATEST
24 HR. TOTAL 2.41 0.96
SNOWFALL (INCHES)
TOTALS T 6.1 -6.1 T
DAYS >= TRACE 3 2.8 0.2 3
DAYS >= 1.0 0 1.6 -1.6 0
GREATEST
24 HR TOTAL T 0.0
DEGREE DAYS
HEATING TOTAL 2007 2224 -217 1849
COOLING TOTAL 0 1 -1 3
..............................................................
WIND (MPH)
AVERAGE WIND SPEED 5.0
RESULTANT WIND SPEED/DIRECTION 2/280
HIGHEST WIND SPEED/DIRECTION 29/MM DATE 12/18
29/260 01/13
HIGHEST GUST SPEED/DIRECTION 42/MM DATE 01/10
42/290 01/19
42/MM 02/28
SKY COVER
AVERAGE SKY COVER 0.38
AVERAGE RH (PERCENT) 66
WEATHER CONDITIONS. NUMBER OF DAYS WITH
THUNDERSTORM 1 MIXED PRECIP 0
HEAVY RAIN 6 RAIN 12
LIGHT RAIN 35 FREEZING RAIN 1
LT FREEZING RAIN 2 HAIL 0
HEAVY SNOW 0 SNOW 0
LIGHT SNOW 2 SLEET 3
FOG 30 FOG W/VIS <= 1/4 MILE 8
HAZE 0
- INDICATES NEGATIVE NUMBERS.
R INDICATES RECORD WAS SET OR TIED.
MM INDICATES DATA IS MISSING.
T INDICATES TRACE AMOUNT.
$$