000
CXUS51 KRNK 010823
CLSDAN
CLIMATE REPORT
NATIONAL WEATHER SERVICE BLACKSBURG, VA
323 AM EST FRI DEC 01 2023
...................................
...THE DANVILLE VA CLIMATE SUMMARY FOR THE SEASON, FROM
9/1/2023 TO 11/30/2023...
CLIMATE NORMAL PERIOD: 1991 TO 2020
CLIMATE RECORD PERIOD: 1916 TO 2023
WEATHER OBSERVED NORMAL DEPART LAST YEAR`S
VALUE DATE(S) VALUE FROM VALUE
NORMAL
..............................................................
TEMPERATURE (F)
RECORD
HIGH 105 09/06/1954
09/01/1932
LOW 11 11/30/1929
HIGHEST 96 09/06 90
LOWEST 15 11/29 19
AVG. MAXIMUM 72.0 71.0 1.0 70.8
AVG. MINIMUM 46.4 46.9 -0.5 47.0
MEAN 59.2 58.9 0.3 58.9
DAYS MAX >= 90 6 4.9 1.1 0
DAYS MAX <= 32 0 0.0 0.0 0
DAYS MIN <= 32 14 13.7 0.3 15
DAYS MIN <= 0 0 0.0 0.0 0
PRECIPITATION (INCHES)
RECORD
MAXIMUM 26.22 2018
MINIMUM 2.31 2001
TOTALS 6.68 11.01 -4.33 7.75
DAYS >= .01 14 25.7 -11.7 15
DAYS >= .10 11 15.5 -4.5 10
DAYS >= .50 4 7.3 -3.3 5
DAYS >= 1.00 3 3.7 -0.7 3
GREATEST
24 HR. TOTAL 1.67 1.32
SNOWFALL (INCHES)
TOTALS 0.0 0.0 0.0 0.0
DAYS >= TRACE 0 0.0 0.0 0
DAYS >= 1.0 0 0.0 0.0 0
GREATEST
24 HR TOTAL 0.0 0.0
DEGREE DAYS
HEATING TOTAL 714 762 -48 729
COOLING TOTAL 213 210 3 194
..............................................................
WIND (MPH)
AVERAGE WIND SPEED 4.0
RESULTANT WIND SPEED/DIRECTION 1/340
HIGHEST WIND SPEED/DIRECTION 28/030 DATE 09/23
HIGHEST GUST SPEED/DIRECTION 41/040 DATE 09/23
SKY COVER
AVERAGE SKY COVER 0.32
AVERAGE RH (PERCENT) 68
WEATHER CONDITIONS. NUMBER OF DAYS WITH
THUNDERSTORM 3 MIXED PRECIP 0
HEAVY RAIN 6 RAIN 11
LIGHT RAIN 23 FREEZING RAIN 0
LT FREEZING RAIN 0 HAIL 0
HEAVY SNOW 0 SNOW 0
LIGHT SNOW 0 SLEET 0
FOG 32 FOG W/VIS <= 1/4 MILE 2
HAZE 0
- INDICATES NEGATIVE NUMBERS.
R INDICATES RECORD WAS SET OR TIED.
MM INDICATES DATA IS MISSING.
T INDICATES TRACE AMOUNT.
$$
PW