015
CXUS55 KDVN 011100
CF6DBQ
PRELIMINARY LOCAL CLIMATOLOGICAL DATA (WS FORM: F-6)
STATION: DUBUQUE IA
MONTH: FEBRUARY
YEAR: 2021
LATITUDE: 42 24 N
LONGITUDE: 90 42 W
TEMPERATURE IN F: :PCPN: SNOW: WIND :SUNSHINE: SKY :PK WND
================================================================================
1 2 3 4 5 6A 6B 7 8 9 10 11 12 13 14 15 16 17 18
12Z AVG MX 2MIN
DY MAX MIN AVG DEP HDD CDD WTR SNW DPTH SPD SPD DIR MIN PSBL S-S WX SPD DR
================================================================================
1 31 18 25 5 40 0 T T 12 11.2 16 340 M M 9 18 20 350
2 25 2 14 -6 51 0 0.00 0.0 12 4.1 12 20 M M 8 128 14 20
3 28 1 15 -5 50 0 0.00 0.0 11 10.3 25 150 M M 6 12 32 150
4 33 10 22 1 43 0 0.40 5.2 11 19.9 33 290 M M 8 128 44 290
5 10 2 6 -15 59 0 0.00 0.0 16 18.3 29 280 M M 2 8 39 260
6 5 -13 -4 -25 69 0 T T 16 11.4 18 270 M M 4 8 24 270
7 -3 -18 -10 -31 75 0 0.00 0.0 16 6.3 14 320 M M 3 8 19 320
8 6 -7 0 -22 65 0 T 0.1 16 5.3 14 360 M M 9 18 16 350
9 7 -10 -1 -23 66 0 0.00 0.0 16 6.8 20 350 M M 0 8 23 350
10 10 -3 4 -18 61 0 0.00 0.0 16 7.4 16 340 M M 6 8 19 340
11 4 -5 0 -22 65 0 0.11 2.8 16 9.9 16 20 M M 7 1 22 360
12 2 -8 -3 -26 68 0 0.01 T 17 13.1 18 350 M M 5 8 23 350
13 0 -9 -4 -27 69 0 0.06 2.1 18 12.7 18 330 M M 6 8 23 360
14 -4 -10 -7 -30 72 0 0.00 0.0 19 12.5 17 360 M M 7 23 350
15 2 -10 -4 -28 69 0 T 0.1 18 13.9 22 30 M M 5 8 28 30
16 16 -8 4 -20 61 0 0.03 0.3 18 8.9 18 10 M M 3 18 24 10
17 13 -17 -2 -26 67 0 0.00 0.0 18 1.8 9 210 M M 4 18 10 210
18 20 2 11 -14 54 0 T 0.1 18 6.9 13 260 M M 5 18 15 260
19 17 -5 6 -19 59 0 T T 17 5.8 16 270 M M 4 18 21 260
20 25 -11 7 -18 58 0 0.00 0.0 17 6.9 18 140 M M 4 27 130
21 30 19 25 -1 40 0 0.18 2.2 16 11.0 20 130 M M 7 128 28 130
22 38 20 29 3 36 0 0.00 0.0 18 16.9 26 250 M M 6 18 35 260
23 39 32 36 10 29 0 0.00 0.0 16 12.3 25 270 M M 2 34 260
24 40 24 32 5 33 0 0.00 0.0 13 11.6 24 330 M M 2 31 340
25 36 14 25 -2 40 0 0.00 0.0 12 5.1 14 320 M M 0 128 16 320
26 36 17 27 -1 38 0 0.00 0.0 12 10.8 18 150 M M 7 128 25 150
27 41 22 32 4 33 0 0.00 0.0 11 7.3 18 130 M M 0 1 24 130
28 39 22 31 3 34 0 0.00 0.0 9 14.4 29 270 M M 7 128 40 310
================================================================================
SM 546 71 1504 0 0.79 12.9 282.8 M 136
================================================================================
AV 19.5 2.5 10.1 FASTST M M 5 MAX(MPH)
MISC ----> 33 290 44 290
================================================================================
NOTES:
# LAST OF SEVERAL OCCURRENCES
COLUMN 17 PEAK WIND IN M.P.H.
PRELIMINARY LOCAL CLIMATOLOGICAL DATA (WS FORM: F-6) , PAGE 2
STATION: DUBUQUE IA
MONTH: FEBRUARY
YEAR: 2021
LATITUDE: 42 24 N
LONGITUDE: 90 42 W
[TEMPERATURE DATA] [PRECIPITATION DATA] SYMBOLS USED IN COLUMN 16
AVERAGE MONTHLY: 11.0 TOTAL FOR MONTH: 0.79 1 = FOG OR MIST
DPTR FM NORMAL: -12.7 DPTR FM NORMAL: -0.65 2 = FOG REDUCING VISIBILITY
HIGHEST: 41 ON 27 GRTST 24HR 0.40 ON 4- 4 TO 1/4 MILE OR LESS
LOWEST: -18 ON 7 3 = THUNDER
SNOW, ICE PELLETS, HAIL 4 = ICE PELLETS
TOTAL MONTH: 15.7 INCHES 5 = HAIL
GRTST 24HR 5.2 ON 4- 4 6 = FREEZING RAIN OR DRIZZLE
GRTST DEPTH: 19 ON 14 7 = DUSTSTORM OR SANDSTORM:
VSBY 1/2 MILE OR LESS
8 = SMOKE OR HAZE
[NO. OF DAYS WITH] [WEATHER - DAYS WITH] 9 = BLOWING SNOW
X = TORNADO
MAX 32 OR BELOW: 20 0.01 INCH OR MORE: 6
MAX 90 OR ABOVE: 0 0.10 INCH OR MORE: 3
MIN 32 OR BELOW: 28 0.50 INCH OR MORE: 0
MIN 0 OR BELOW: 14 1.00 INCH OR MORE: 0
[HDD (BASE 65) ]
TOTAL THIS MO. 1504 CLEAR (SCALE 0-3) 8
DPTR FM NORMAL 348 PTCLDY (SCALE 4-7) 17
TOTAL FM JUL 1 5458 CLOUDY (SCALE 8-10) 3
DPTR FM NORMAL 65
[CDD (BASE 65) ]
TOTAL THIS MO. 0
DPTR FM NORMAL 0 [PRESSURE DATA]
TOTAL FM JAN 1 0 HIGHEST SLP 30.67 ON 14
DPTR FM NORMAL 0 LOWEST SLP 29.34 ON 4
[REMARKS]
#FINAL-02-21#