000
CXUS55 KALY 010710
CF6DDH
PRELIMINARY LOCAL CLIMATOLOGICAL DATA (WS FORM: F-6)
STATION: BENNINGTON VT
MONTH: MARCH
YEAR: 2022
LATITUDE: 42 53 N
LONGITUDE: 73 15 W
TEMPERATURE IN F: :PCPN: SNOW: WIND :SUNSHINE: SKY :PK WND
================================================================================
1 2 3 4 5 6A 6B 7 8 9 10 11 12 13 14 15 16 17 18
12Z AVG MX 2MIN
DY MAX MIN AVG DEP HDD CDD WTR SNW DPTH SPD SPD DIR MIN PSBL S-S WX SPD DR
================================================================================
1 39 7 23 -5 42 0 0.01 M M 4.2 14 160 M M 9 1 19 180
2 39 21 30 1 35 0 0.00 M M 6.0 15 220 M M 6 21 260
3 31 13 22 -7 43 0 0.05 M M 7.9 20 280 M M 7 18 26 330
4 28 -1 14 -15 51 0 0.00 M M 4.1 15 270 M M 0 19 210
5 40 4 22 -8 43 0 0.00 M M 1.9 12 130 M M 2 18 130
6 67 39 53 23 12 0 0.02 M M 6.8 23 280 M M 5 1 34 190
7 62 35 49 19 16 0 0.77 M M 7.3 41 270 M M 8 1238 63 270
8 38 23 31 0 34 0 0.00 M M 10.1 24 280 M M 5 38 280
9 37 23 30 -1 35 0 0.21 M M 1.7 13 130 M M 6 12 16 120
10 42 23 33 2 32 0 0.00 M M 2.8 12 320 M M 5 1 17 310
11 50 22 36 4 29 0 0.00 M M 3.5 14 180 M M 3 1 19 190
12 45 16 31 -1 34 0 0.30 M M 12.1 23 280 M M 9 12 39 270
13 31 14 23 -9 42 0 0.00 M M 6.9 17 280 M M 6 24 290
14 47 25 36 4 29 0 0.00 M M 5.2 15 270 M M 5 20 260
15 52 31 42 9 23 0 0.12 M M 2.2 7 160 M M 5 12 10 250
16 57 36 47 14 18 0 0.00 M M 1.3 8 270 M M 6 12 11 70
17 59 40 50 16 15 0 0.09 M M 2.2 15 160 M M 7 12 19 170
18 71 44 58 24 7 0 0.00 M M 2.5 10 100 M M 8 128 18 110
19 64 51 58 24 7 0 0.31 M M 9.2 22 150 M M 9 1 30 140
20 53 36 45 10 20 0 0.08 M M 7.1 17 270 M M 10 1 28 270
21 54 31 43 8 22 0 0.00 M M 9.1 28 280 M M 3 40 270
22 50 25 38 3 27 0 0.00 M M 8.4 22 270 M M 0 35 280
23 50 20 35 -1 30 0 0.06 M M 4.5 18 120 M M 4 27 140
24 44 36 40 4 25 0 0.40 M M 9.8 23 120 M M 10 1 36 130
25 56 39 48 11 17 0 0.24 M M 4.7 18 280 M M 10 1 25 270
26 47 32 40 3 25 0 0.03 M M 4.4 12 260 M M 9 1 16 300
27 38 22 30 -7 35 0 T M M 11.0 22 270 M M 10 8 33 300
28 24 14 19 -19 46 0 0.01 M M 12.1 23 270 M M 8 34 270
29 35 14 25 -13 40 0 0.00 M M 9.2 18 280 M M 3 28 270
30 42 15 29 -10 36 0 0.00 M M 3.4 17 150 M M 3 22 150
31 64 39 52 13 13 0 0.76 M M 8.6 26 190 M M 6 35 160
================================================================================
SM 1456 789 883 0 3.46 M 190.2 M 187
================================================================================
AV 47.0 25.5 6.1 FASTST M M 6 MAX(MPH)
MISC ----> 41 270 63 270
================================================================================
NOTES:
# LAST OF SEVERAL OCCURRENCES
COLUMN 17 PEAK WIND IN M.P.H.
PRELIMINARY LOCAL CLIMATOLOGICAL DATA (WS FORM: F-6) , PAGE 2
STATION: BENNINGTON VT
MONTH: MARCH
YEAR: 2022
LATITUDE: 42 53 N
LONGITUDE: 73 15 W
[TEMPERATURE DATA] [PRECIPITATION DATA] SYMBOLS USED IN COLUMN 16
AVERAGE MONTHLY: 36.2 TOTAL FOR MONTH: 3.46 1 = FOG OR MIST
DPTR FM NORMAL: 2.8 DPTR FM NORMAL: 0.81 2 = FOG REDUCING VISIBILITY
HIGHEST: 71 ON 18 GRTST 24HR 0.77 ON 7- 7 TO 1/4 MILE OR LESS
LOWEST: -1 ON 4 3 = THUNDER
SNOW, ICE PELLETS, HAIL 4 = ICE PELLETS
TOTAL MONTH: M 5 = HAIL
GRTST 24HR M ON M 6 = FREEZING RAIN OR DRIZZLE
GRTST DEPTH: M ON M 7 = DUSTSTORM OR SANDSTORM:
VSBY 1/2 MILE OR LESS
8 = SMOKE OR HAZE
[NO. OF DAYS WITH] [WEATHER - DAYS WITH] 9 = BLOWING SNOW
X = TORNADO
MAX 32 OR BELOW: 4 0.01 INCH OR MORE: 16
MAX 90 OR ABOVE: 0 0.10 INCH OR MORE: 8
MIN 32 OR BELOW: 21 0.50 INCH OR MORE: 2
MIN 0 OR BELOW: 1 1.00 INCH OR MORE: 0
[HDD (BASE 65) ]
TOTAL THIS MO. 883 CLEAR (SCALE 0-3) 5
DPTR FM NORMAL -97 PTCLDY (SCALE 4-7) 18
TOTAL FM JUL 1 5621 CLOUDY (SCALE 8-10) 8
DPTR FM NORMAL -437
[CDD (BASE 65) ]
TOTAL THIS MO. 0
DPTR FM NORMAL 0 [PRESSURE DATA]
TOTAL FM JAN 1 0 HIGHEST SLP M ON M
DPTR FM NORMAL 0 LOWEST SLP 29.26 ON 7
[REMARKS]
#FINAL-03-22#