000
CXUS54 KSHV 011300
CF6DEQ
PRELIMINARY LOCAL CLIMATOLOGICAL DATA (WS FORM: F-6)
STATION: DE QUEEN
MONTH: MARCH
YEAR: 2024
LATITUDE: 34 2 N
LONGITUDE: 94 24 W
TEMPERATURE IN F: :PCPN: SNOW: WIND :SUNSHINE: SKY :PK WND
================================================================================
1 2 3 4 5 6A 6B 7 8 9 10 11 12 13 14 15 16 17 18
12Z AVG MX 2MIN
DY MAX MIN AVG DEP HDD CDD WTR SNW DPTH SPD SPD DIR MIN PSBL S-S WX SPD DR
================================================================================
1 58 33 46 -5 19 0 0.00 0.0 0 2.5 9 150 M M 4 1 13 140
2 76 36 56 5 9 0 0.00 0.0 0 5.2 14 150 M M 2 1 19 160
3 77 48 63 12 2 0 0.00 0.0 0 6.9 18 180 M M 4 25 180
4 80 58 69 17 0 4 0.00 0.0 0 6.3 16 230 M M 7 1 21 230
5 76 56 66 14 0 1 0.03 0.0 0 3.2 14 60 M M 4 13 18 120
6 78 49 64 12 1 0 0.00 0.0 0 4.7 14 100 M M 1 1 21 110
7 65 58 62 10 3 0 1.10 0.0 0 6.7 13 70 M M 8 13 19 70
8 69 52 61 8 4 0 0.41 0.0 0 4.2 21 320 M M 7 1 30 300
9 61 36 49 -4 16 0 0.00 0.0 0 6.8 15 320 M M 6 24 320
10 63 31 47 -6 18 0 0.00 0.0 0 1.2 10 180 M M 0 13 220
11 67 34 51 -3 14 0 0.00 0.0 0 3.3 12 180 M M 0 8 15 180
12 74 38 56 2 9 0 0.00 0.0 0 5.2 18 230 M M 2 29 190
13 76 61 69 15 0 4 T 0.0 0 5.8 17 170 M M 7 25 200
14 81 62 72 18 0 7 0.01 0.0 0 5.1 26 240 M M 8 3 37 230
15 69 57 63 8 2 0 0.48 0.0 0 4.4 13 90 M M 8 13 18 30
16 71 48 60 5 5 0 0.38 0.0 0 2.8 13 220 M M 6 12 19 220
17 65 45 55 0 10 0 0.00 0.0 0 2.8 14 30 M M 7 12 19 30
18 56 33 45 -10 20 0 0.00 0.0 0 5.3 20 340 M M 0 32 320
19 65 28 47 -9 18 0 0.00 0.0 0 2.4 13 220 M M 0 18 230
20 71 37 54 -2 11 0 0.00 0.0 0 1.5 13 210 M M 2 19 200
21 70 48 59 3 6 0 0.17 0.0 0 3.6 14 130 M M 6 1 20 120
22 61 53 57 1 8 0 1.21 0.0 0 3.5 12 120 M M 8 1 16 110
23 67 46 57 0 8 0 0.00 0.0 0 5.6 15 100 M M 0 22 100
24 64 46 55 -2 10 0 0.00 0.0 0 9.4 17 160 M M 3 26 160
25 63 46 55 -2 10 0 1.96 0.0 0 5.1 20 290 M M 8 13 30 310
26 58 36 47 -10 18 0 0.00 0.0 0 7.0 22 280 M M 0 30 270
27 66 33 50 -8 15 0 0.00 0.0 0 1.4 9 150 M M 2 1 13 120
28 69 38 54 -4 11 0 0.00 0.0 0 2.6 12 220 M M 1 1 18 170
29 76 43 60 2 5 0 0.00 0.0 0 5.9 18 200 M M 0 28 170
30 75 51 63 5 2 0 0.00 0.0 0 4.2 14 210 M M 8 20 230
31 72 60 66 7 0 1 0.00 0.0 0 4.4 12 190 M M 7 16 200
================================================================================
SM 2139 1400 254 17 5.75 0.0 139.0 M 126
================================================================================
AV 69.0 45.2 4.5 FASTST M M 4 MAX(MPH)
MISC ----> 26 240 37 230
================================================================================
NOTES:
# LAST OF SEVERAL OCCURRENCES
COLUMN 17 PEAK WIND IN M.P.H.
PRELIMINARY LOCAL CLIMATOLOGICAL DATA (WS FORM: F-6) , PAGE 2
STATION: DE QUEEN
MONTH: MARCH
YEAR: 2024
LATITUDE: 34 2 N
LONGITUDE: 94 24 W
[TEMPERATURE DATA] [PRECIPITATION DATA] SYMBOLS USED IN COLUMN 16
AVERAGE MONTHLY: 57.1 TOTAL FOR MONTH: 5.75 1 = FOG OR MIST
DPTR FM NORMAL: 2.3 DPTR FM NORMAL: 1.77 2 = FOG REDUCING VISIBILITY
HIGHEST: 81 ON 14 GRTST 24HR 1.96 ON 25-25 TO 1/4 MILE OR LESS
LOWEST: 28 ON 19 3 = THUNDER
SNOW, ICE PELLETS, HAIL 4 = ICE PELLETS
TOTAL MONTH: 0.0 INCH 5 = HAIL
GRTST 24HR 0.0 6 = FREEZING RAIN OR DRIZZLE
GRTST DEPTH: 0 7 = DUSTSTORM OR SANDSTORM:
VSBY 1/2 MILE OR LESS
8 = SMOKE OR HAZE
[NO. OF DAYS WITH] [WEATHER - DAYS WITH] 9 = BLOWING SNOW
X = TORNADO
MAX 32 OR BELOW: 0 0.01 INCH OR MORE: 9
MAX 90 OR ABOVE: 0 0.10 INCH OR MORE: 7
MIN 32 OR BELOW: 2 0.50 INCH OR MORE: 3
MIN 0 OR BELOW: 0 1.00 INCH OR MORE: 3
[HDD (BASE 65) ]
TOTAL THIS MO. 254 CLEAR (SCALE 0-3) 13
DPTR FM NORMAL -76 PTCLDY (SCALE 4-7) 15
TOTAL FM JUL 1 2440 CLOUDY (SCALE 8-10) 3
DPTR FM NORMAL -208
[CDD (BASE 65) ]
TOTAL THIS MO. 17
DPTR FM NORMAL 3 [PRESSURE DATA]
TOTAL FM JAN 1 19 HIGHEST SLP 30.34 ON 18
DPTR FM NORMAL 2 LOWEST SLP 29.43 ON 25
[REMARKS]
#FINAL-03-24#