808
CXUS56 KOTX 011010
CF6DEW
PRELIMINARY LOCAL CLIMATOLOGICAL DATA (WS FORM: F-6)
STATION: DEER_PARK WA AIRPORT
MONTH: OCTOBER
YEAR: 2020
LATITUDE: 47 58 N
LONGITUDE: 117 25 W
TEMPERATURE IN F: :PCPN: SNOW: WIND :SUNSHINE: SKY :PK WND
================================================================================
1 2 3 4 5 6A 6B 7 8 9 10 11 12 13 14 15 16 17 18
12Z AVG MX 2MIN
DY MAX MIN AVG DEP HDD CDD WTR SNW DPTH SPD SPD DIR MIN PSBL S-S WX SPD DR
================================================================================
1 71 38 55 5 10 0 0.00 M M 1.5 7 10 M M 0 1 9 10
2 75 43 59 9 6 0 0.00 M M 1.9 7 240 M M 0 1 9 230
3 76 40 58 9 7 0 0.00 M M 1.4 6 180 M M 1 12 9 200
4 76 36 56 7 9 0 0.00 M M 3.6 15 190 M M 1 12 19 190
5 75 35 55 7 10 0 0.00 M M 2.3 12 190 M M 0 15 220
6 80 38 59 11 6 0 0.00 M M 2.3 10 200 M M 0 15 200
7 80 41 61 14 4 0 0.00 M M 2.3 8 50 M M 0 11 50
8 74 36 55 8 10 0 0.00 M M 6.8 16 240 M M 1 12 22 250
9 72 41 57 11 8 0 0.00 M M 3.3 15 180 M M 0 19 170
10 58 40 49 3 16 0 0.58 M M 11.1 29 220 M M 6 1 36 220
11 55 37 46 0 19 0 0.51 M M 9.2 21 210 M M 5 1 25 220
12 59 36 48 3 17 0 0.05 M M 6.2 18 220 M M 6 1 26 230
13 59 40 50 5 15 0 0.44 M M 11.7 36 230 M M 7 1 46 230
14 58 28 43 -2 22 0 T M M 6.9 17 220 M M 3 1 22 240
15 55 24 40 -4 25 0 0.00 M M 3.4 14 250 M M 5 12 17 240
16 63 43 53 9 12 0 0.00 M M 8.5 22 240 M M 5 8 29 230
17 59 35 47 3 18 0 0.00 M M 4.0 16 310 M M 5 1 20 320
18 48 39 44 1 21 0 0.06 M M 3.9 15 10 M M 10 19 20
19 59 36 48 5 17 0 0.00 M M 6.5 18 240 M M 8 12 23 250
20 53 27 40 -2 25 0 0.00 M M 1.7 9 310 M M 3 1 11 300
21 48 22 35 -7 30 0 T M M 2.5 10 60 M M 4 1 11 320
22 45 22 34 -8 31 0 0.00 M M 2.0 9 10 M M 6 18 11 10
23 32 18 25 -16 40 0 0.61 M M 4.9 12 30 M M 8 128 15 30
24 32 15 24 -17 41 0 0.00 M M 13.5 25 50 M M 2 30 40
25 32 2 17 -24 48 0 0.00 M M 4.4 14 40 M M 0 19 30
26 32 9 21 -19 44 0 0.00 M M 0.9 8 180 M M 5 10 190
27 40 11 26 -14 39 0 0.00 M M 1.8 9 190 M M 3 12 200
28 49 25 37 -3 28 0 0.00 M M 1.4 6 320 M M 0 8 280
29 56 27 42 2 23 0 0.00 M M 1.1 6 60 M M 0 1 8 200
30 58 28 43 4 22 0 0.00 M M 8.7 29 240 M M 3 18 41 230
31 51 21 36 -3 29 0 0.00 M M 2.1 8 160 M M 0 11 180
================================================================================
SM 1780 933 652 0 2.25 M 141.8 M 97
================================================================================
AV 57.4 30.1 4.6 FASTST M M 3 MAX(MPH)
MISC ----> 36 230 46 230
================================================================================
NOTES:
# LAST OF SEVERAL OCCURRENCES
COLUMN 17 PEAK WIND IN M.P.H.
PRELIMINARY LOCAL CLIMATOLOGICAL DATA (WS FORM: F-6) , PAGE 2
STATION: DEER_PARK WA AIRPORT
MONTH: OCTOBER
YEAR: 2020
LATITUDE: 47 58 N
LONGITUDE: 117 25 W
[TEMPERATURE DATA] [PRECIPITATION DATA] SYMBOLS USED IN COLUMN 16
AVERAGE MONTHLY: 43.8 TOTAL FOR MONTH: 2.25 1 = FOG OR MIST
DPTR FM NORMAL: -0.3 DPTR FM NORMAL: 0.63 2 = FOG REDUCING VISIBILITY
HIGHEST: 80 ON 7, 6 GRTST 24HR 0.61 ON 23-23 TO 1/4 MILE OR LESS
LOWEST: 2 ON 25 3 = THUNDER
SNOW, ICE PELLETS, HAIL 4 = ICE PELLETS
TOTAL MONTH: M 5 = HAIL
GRTST 24HR M ON M 6 = FREEZING RAIN OR DRIZZLE
GRTST DEPTH: M ON M 7 = DUSTSTORM OR SANDSTORM:
VSBY 1/2 MILE OR LESS
8 = SMOKE OR HAZE
[NO. OF DAYS WITH] [WEATHER - DAYS WITH] 9 = BLOWING SNOW
X = TORNADO
MAX 32 OR BELOW: 4 0.01 INCH OR MORE: 6
MAX 90 OR ABOVE: 0 0.10 INCH OR MORE: 4
MIN 32 OR BELOW: 14 0.50 INCH OR MORE: 3
MIN 0 OR BELOW: 0 1.00 INCH OR MORE: 0
[HDD (BASE 65) ]
TOTAL THIS MO. 652 CLEAR (SCALE 0-3) 16
DPTR FM NORMAL 3 PTCLDY (SCALE 4-7) 14
TOTAL FM JUL 1 965 CLOUDY (SCALE 8-10) 1
DPTR FM NORMAL -104
[CDD (BASE 65) ]
TOTAL THIS MO. 0
DPTR FM NORMAL 0 [PRESSURE DATA]
TOTAL FM JAN 1 219 HIGHEST SLP M ON M
DPTR FM NORMAL 32 LOWEST SLP 29.54 ON 10
[REMARKS]
#FINAL-10-20#