000
CXUS55 KCYS 011610
CF6DGW
PRELIMINARY LOCAL CLIMATOLOGICAL DATA (WS FORM: F-6)
STATION: CONVERSE CO (DOUGLAS) WY ARPT
MONTH: AUGUST
YEAR: 2023
LATITUDE: 42 46 N
LONGITUDE: 105 22 W
TEMPERATURE IN F: :PCPN: SNOW: WIND :SUNSHINE: SKY :PK WND
================================================================================
1 2 3 4 5 6A 6B 7 8 9 10 11 12 13 14 15 16 17 18
12Z AVG MX 2MIN
DY MAX MIN AVG DEP HDD CDD WTR SNW DPTH SPD SPD DIR MIN PSBL S-S WX SPD DR
================================================================================
1 91 61 76 3 0 11 T M M 8.7 21 280 M M 2 28 300
2 77 60 69 -4 0 4 0.65 M M 7.9 18 260 M M 5 13 24 310
3 80 57 69 -4 0 4 0.56 M M 4.3 23 250 M M 4 13 30 250
4 77 57 67 -5 0 2 0.50 M M 10.3 41 280 M M 3 13 57 270
5 72 51 62 -10 3 0 T M M 12.7 26 360 M M 7 34 360
6 77 49 63 -9 2 0 0.15 M M 5.9 37 280 M M 2 13 50 290
7 77 50 64 -8 1 0 0.24 M M 5.8 33 310 M M 2 38 42 310
8 78 50 64 -8 1 0 T M M 4.2 29 280 M M 3 13 40 290
9 82 51 67 -5 0 2 0.00 M M 8.6 18 300 M M 1 23 310
10 87 51 69 -3 0 4 T M M 5.8 23 230 M M 1 3 29 230
11 87 53 70 -1 0 5 0.00 M M 8.0 18 320 M M 0 29 310
12 91 52 72 1 0 7 0.00 M M 10.2 23 270 M M 0 30 290
13 72 46 59 -12 6 0 0.03 M M 11.3 32 360 M M 5 1 43 360
14 80 41 61 -10 4 0 0.00 M M 4.2 10 300 M M 0 17 280
15 94 42 68 -2 0 3 0.00 M M 4.3 16 290 M M 0 8 22 280
16 95 50 73 3 0 8 0.00 M M 8.8 23 330 M M 0 34 10
17 95 55 75 5 0 10 0.00 M M 7.9 21 150 M M 0 27 140
18 95 62 79 9 0 14 0.00 M M 15.2 35 260 M M 0 50 250
19 90 67 79 10 0 14 T M M 9.3 28 100 M M 2 3 40 100
20 89 63 76 7 0 11 T M M 15.7 28 150 M M 0 3 35 120
21 99 54 77 8 0 12 0.00 M M 7.0 22 220 M M 0 1 30 230
22 95 59 77 8 0 12 0.17 M M 6.4 33 230 M M 2 38 48 240
23 91 57 74 6 0 9 0.00 M M 9.1 25 180 M M 1 32 190
24 91 62 77 9 0 12 T M M 5.5 16 180 M M 4 23 180
25 73 56 65 -3 0 0 0.14 M M 6.7 15 130 M M 6 1 21 130
26 81 52 67 -1 0 2 0.00 M M 13.3 25 150 M M 0 37 130
27 82 51 67 0 0 2 0.84 M M 6.1 41 290 M M 3 13 55 280
28 81 53 67 0 0 2 0.00 M M 4.6 16 60 M M 1 1 20 40
29 84 49 67 1 0 2 0.00 M M 7.7 21 140 M M 0 28 140
30 93 58 76 10 0 11 0.00 M M 13.7 29 280 M M 0 45 270
31 90 42 66 0 0 1 0.00 M M 7.6 30 290 M M 0 38 300
================================================================================
SM 2646 1661 17 164 3.28 M 256.8 M 54
================================================================================
AV 85.4 53.6 8.3 FASTST M M 2 MAX(MPH)
MISC ----> # 41 280 57 270
================================================================================
NOTES:
# LAST OF SEVERAL OCCURRENCES
COLUMN 17 PEAK WIND IN M.P.H.
PRELIMINARY LOCAL CLIMATOLOGICAL DATA (WS FORM: F-6) , PAGE 2
STATION: CONVERSE CO (DOUGLAS) WY ARPT
MONTH: AUGUST
YEAR: 2023
LATITUDE: 42 46 N
LONGITUDE: 105 22 W
[TEMPERATURE DATA] [PRECIPITATION DATA] SYMBOLS USED IN COLUMN 16
AVERAGE MONTHLY: 69.5 TOTAL FOR MONTH: 3.28 1 = FOG OR MIST
DPTR FM NORMAL: -0.4 DPTR FM NORMAL: 2.24 2 = FOG REDUCING VISIBILITY
HIGHEST: 99 ON 21 GRTST 24HR 0.84 ON 27-27 TO 1/4 MILE OR LESS
LOWEST: 41 ON 14 3 = THUNDER
SNOW, ICE PELLETS, HAIL 4 = ICE PELLETS
TOTAL MONTH: M 5 = HAIL
GRTST 24HR M ON M 6 = FREEZING RAIN OR DRIZZLE
GRTST DEPTH: M ON M 7 = DUSTSTORM OR SANDSTORM:
VSBY 1/2 MILE OR LESS
8 = SMOKE OR HAZE
[NO. OF DAYS WITH] [WEATHER - DAYS WITH] 9 = BLOWING SNOW
X = TORNADO
MAX 32 OR BELOW: 0 0.01 INCH OR MORE: 9
MAX 90 OR ABOVE: 13 0.10 INCH OR MORE: 8
MIN 32 OR BELOW: 0 0.50 INCH OR MORE: 4
MIN 0 OR BELOW: 0 1.00 INCH OR MORE: 0
[HDD (BASE 65) ]
TOTAL THIS MO. 17 CLEAR (SCALE 0-3) 25
DPTR FM NORMAL -9 PTCLDY (SCALE 4-7) 6
TOTAL FM JUL 1 37 CLOUDY (SCALE 8-10) 0
DPTR FM NORMAL 2
[CDD (BASE 65) ]
TOTAL THIS MO. 164
DPTR FM NORMAL -14 [PRESSURE DATA]
TOTAL FM JAN 1 385 HIGHEST SLP 30.32 ON 14
DPTR FM NORMAL -92 LOWEST SLP 29.61 ON 18
[REMARKS]
#FINAL-08-23#