000
CXUS54 KAMA 010710
CF6DHT
PRELIMINARY LOCAL CLIMATOLOGICAL DATA (WS FORM: F-6)
STATION: DALHART
MONTH: MAY
YEAR: 2023
LATITUDE: 36 1 N
LONGITUDE: 102 33 W
TEMPERATURE IN F: :PCPN: SNOW: WIND :SUNSHINE: SKY :PK WND
================================================================================
1 2 3 4 5 6A 6B 7 8 9 10 11 12 13 14 15 16 17 18
12Z AVG MX 2MIN
DY MAX MIN AVG DEP HDD CDD WTR SNW DPTH SPD SPD DIR MIN PSBL S-S WX SPD DR
================================================================================
1 81 41 61 2 4 0 0.00 M M 14.4 25 210 M M 0 35 200
2 77 50 64 4 1 0 0.08 M M 8.4 24 110 M M 3 3 30 120
3 84 54 69 9 0 4 0.47 M M 13.4 30 20 M M 2 13 36 40
4 83 53 68 8 0 3 0.00 M M 13.6 25 200 M M 0 34 180
5 87 46 67 6 0 2 0.00 M M 14.6 32 220 M M 0 44 210
6 86 49 68 7 0 3 0.00 M M 13.6 26 210 M M 0 8 36 250
7 90 43 67 6 0 2 0.00 M M 14.8 32 230 M M 0 8 46 220
8 83 50 67 5 0 2 0.00 M M 12.8 24 360 M M 0 32 50
9 93 49 71 9 0 6 0.00 M M 12.4 25 220 M M 0 18 40 190
10 88 59 74 12 0 9 T M M 21.7 51 150 M M 1 3 61 150
11 82 54 68 5 0 3 0.00 M M 17.0 31 240 M M 1 41 260
12 81 45 63 0 2 0 0.00 M M 10.2 28 20 M M 0 37 20
13 61 55 58 -6 7 0 0.18 M M 13.8 25 20 M M 9 1 37 10
14 66 54 60 -4 5 0 0.34 M M 17.1 28 20 M M 9 18 35 20
15 69 50 60 -4 5 0 T M M 14.7 24 10 M M 7 1 32 10
16 82 47 65 0 0 0 0.00 M M 7.4 20 260 M M 0 1 26 280
17 86 53 70 5 0 5 0.03 M M 8.8 32 330 M M 3 38 40 330
18 78 56 67 1 0 2 0.62 M M 8.9 32 20 M M 7 138 40 10
19 60 52 56 -10 9 0 0.01 M M 14.2 26 10 M M 8 18 33 20
20 71 47 59 -8 6 0 0.00 M M 7.7 18 170 M M 3 18 25 170
21 79 53 66 -1 0 1 0.02 M M 11.1 24 280 M M 3 138 33 270
22 80 50 65 -2 0 0 0.02 M M 6.4 20 360 M M 2 123 25 360
23 68 56 62 -6 3 0 0.00 M M 7.5 17 60 M M 6 128 22 70
24 79 53 66 -2 0 1 0.26 M M 11.2 36 300 M M 6 1238 51 300
25 76 53 65 -3 0 0 1.41 M M 9.6 25 350 M M 5 13 35 330
26 74 56 65 -4 0 0 0.13 M M 13.3 26 150 M M 6 1 33 130
27 76 57 67 -2 0 2 1.08 M M 15.5 32 150 M M 5 13 42 160
28 79 54 67 -3 0 2 0.74 M M 15.3 44 260 M M 2 138 55 270
29 79 53 66 -4 0 1 0.00 M M 9.9 17 230 M M 0 24 200
30 85 58 72 2 0 7 0.09 M M 12.3 35 170 M M 1 38 46 170
31 77 56 67 -4 0 2 1.14 M M 12.8 46 280 M M 4 13 60 280
================================================================================
SM 2440 1606 42 57 6.62 M 384.4 M 93
================================================================================
AV 78.7 51.8 12.4 FASTST M M 3 MAX(MPH)
MISC ----> 51 150 61 150
================================================================================
NOTES:
# LAST OF SEVERAL OCCURRENCES
COLUMN 17 PEAK WIND IN M.P.H.
PRELIMINARY LOCAL CLIMATOLOGICAL DATA (WS FORM: F-6) , PAGE 2
STATION: DALHART
MONTH: MAY
YEAR: 2023
LATITUDE: 36 1 N
LONGITUDE: 102 33 W
[TEMPERATURE DATA] [PRECIPITATION DATA] SYMBOLS USED IN COLUMN 16
AVERAGE MONTHLY: 65.3 TOTAL FOR MONTH: 6.62 1 = FOG OR MIST
DPTR FM NORMAL: 0.4 DPTR FM NORMAL: 4.93 2 = FOG REDUCING VISIBILITY
HIGHEST: 93 ON 9 GRTST 24HR 1.53 ON 25-26 TO 1/4 MILE OR LESS
LOWEST: 41 ON 1 3 = THUNDER
SNOW, ICE PELLETS, HAIL 4 = ICE PELLETS
TOTAL MONTH: M 5 = HAIL
GRTST 24HR M ON M 6 = FREEZING RAIN OR DRIZZLE
GRTST DEPTH: M ON M 7 = DUSTSTORM OR SANDSTORM:
VSBY 1/2 MILE OR LESS
8 = SMOKE OR HAZE
[NO. OF DAYS WITH] [WEATHER - DAYS WITH] 9 = BLOWING SNOW
X = TORNADO
MAX 32 OR BELOW: 0 0.01 INCH OR MORE: 16
MAX 90 OR ABOVE: 2 0.10 INCH OR MORE: 10
MIN 32 OR BELOW: 0 0.50 INCH OR MORE: 5
MIN 0 OR BELOW: 0 1.00 INCH OR MORE: 3
[HDD (BASE 65) ]
TOTAL THIS MO. 42 CLEAR (SCALE 0-3) 19
DPTR FM NORMAL -55 PTCLDY (SCALE 4-7) 10
TOTAL FM JUL 1 4312 CLOUDY (SCALE 8-10) 2
DPTR FM NORMAL -49
[CDD (BASE 65) ]
TOTAL THIS MO. 57
DPTR FM NORMAL -39 [PRESSURE DATA]
TOTAL FM JAN 1 74 HIGHEST SLP M ON M
DPTR FM NORMAL -33 LOWEST SLP 29.50 ON 11
[REMARKS]
#FINAL-05-23#