000
CXUS53 KDLH 010920
CF6DLH
PRELIMINARY LOCAL CLIMATOLOGICAL DATA (WS FORM: F-6)
STATION: DULUTH
MONTH: FEBRUARY
YEAR: 2023
LATITUDE: 46 49 N
LONGITUDE: 92 11 W
TEMPERATURE IN F: :PCPN: SNOW: WIND :SUNSHINE: SKY :PK WND
================================================================================
1 2 3 4 5 6A 6B 7 8 9 10 11 12 13 14 15 16 17 18
12Z AVG MX 2MIN
DY MAX MIN AVG DEP HDD CDD WTR SNW DPTH SPD SPD DIR MIN PSBL S-S WX SPD DR
================================================================================
1 12 -10 1 -11 64 0 0.00 0.0 23 8.1 14 250 M M 4 18 18 250
2 10 -17 -3 -15 68 0 T 0.2 23 15.7 25 320 M M 3 89 39 330
3 -2 -22 -12 -24 77 0 0.00 0.0 23 8.5 20 180 M M 6 26 190
4 22 -3 10 -2 55 0 T T 23 8.6 17 220 M M 2 23 220
5 21 4 13 1 52 0 T T 23 6.4 15 340 M M 4 8 21 340
6 31 5 18 6 47 0 0.20 2.0 25 9.9 18 120 M M 4 18 23 120
7 35 26 31 18 34 0 0.00 0.0 25 14.1 24 280 M M 5 18 32 310
8 43 20 32 19 33 0 0.00 0.0 24 7.7 15 210 M M 0 1 19 220
9 35 13 24 11 41 0 0.00 0.0 23 11.2 26 340 M M 5 128 41 350
10 25 3 14 0 51 0 0.00 0.0 23 11.2 18 210 M M 0 8 26 220
11 42 20 31 17 34 0 0.00 0.0 23 15.5 23 250 M M 0 30 250
12 43 28 36 22 29 0 0.00 0.0 23 7.2 14 290 M M 2 21 270
13 41 20 31 16 34 0 0.00 0.0 23 11.1 17 190 M M 0 25 190
14 39 31 35 20 30 0 0.67 0.0 21 11.5 20 80 M M 6 1 26 190
15 36 10 23 8 42 0 0.17 0.8 22 14.0 33 330 M M 8 19 47 340
16 15 -1 7 -9 58 0 0.00 0.0 22 7.3 17 340 M M 0 22 340
17 23 -10 7 -9 58 0 0.00 0.0 22 11.5 25 210 M M 2 34 240
18 36 17 27 11 38 0 0.00 0.0 22 8.4 16 300 M M 3 1 24 290
19 32 9 21 4 44 0 T T 21 10.3 22 300 M M 5 18 30 330
20 22 5 14 -3 51 0 0.18 2.6 23 10.2 21 330 M M 9 12 30 330
21 15 2 9 -9 56 0 T T 23 8.3 23 330 M M 7 89 34 320
22 15 1 8 -10 57 0 0.01 0.4 23 15.7 26 70 M M 7 89 35 60
23 9 -4 3 -15 62 0 0.30 6.2 28 12.0 21 40 M M 9 89 30 50
24 13 -13 0 -19 65 0 0.05 0.5 28 5.2 10 230 M M 3 18 15 360
25 21 3 12 -7 53 0 0.01 0.2 27 13.1 23 240 M M 6 8 30 250
26 22 -3 10 -10 55 0 0.00 0.0 26 9.2 22 100 M M 1 28 90
27 30 20 25 5 40 0 0.19 0.3 26 12.4 25 110 M M 8 146 36 110
28 37 17 27 7 38 0 0.00 0.0 25 9.1 21 270 M M 2 25 280
================================================================================
SM 723 171 1366 0 1.78 13.2 293.4 M 111
================================================================================
AV 25.8 6.1 10.5 FASTST M M 4 MAX(MPH)
MISC ----> 33 330 47 340
================================================================================
NOTES:
# LAST OF SEVERAL OCCURRENCES
COLUMN 17 PEAK WIND IN M.P.H.
PRELIMINARY LOCAL CLIMATOLOGICAL DATA (WS FORM: F-6) , PAGE 2
STATION: DULUTH
MONTH: FEBRUARY
YEAR: 2023
LATITUDE: 46 49 N
LONGITUDE: 92 11 W
[TEMPERATURE DATA] [PRECIPITATION DATA] SYMBOLS USED IN COLUMN 16
AVERAGE MONTHLY: 16.0 TOTAL FOR MONTH: 1.78 1 = FOG OR MIST
DPTR FM NORMAL: 0.6 DPTR FM NORMAL: 0.77 2 = FOG REDUCING VISIBILITY
HIGHEST: 43 ON 12, 8 GRTST 24HR 1.71 ON 22-23 TO 1/4 MILE OR LESS
LOWEST: -22 ON 3 3 = THUNDER
SNOW, ICE PELLETS, HAIL 4 = ICE PELLETS
TOTAL MONTH: 13.2 INCHES 5 = HAIL
GRTST 24HR 6.2 ON 23-23 6 = FREEZING RAIN OR DRIZZLE
GRTST DEPTH: 28 ON 24,23 7 = DUSTSTORM OR SANDSTORM:
VSBY 1/2 MILE OR LESS
8 = SMOKE OR HAZE
[NO. OF DAYS WITH] [WEATHER - DAYS WITH] 9 = BLOWING SNOW
X = TORNADO
MAX 32 OR BELOW: 18 0.01 INCH OR MORE: 9
MAX 90 OR ABOVE: 0 0.10 INCH OR MORE: 6
MIN 32 OR BELOW: 28 0.50 INCH OR MORE: 1
MIN 0 OR BELOW: 9 1.00 INCH OR MORE: 0
[HDD (BASE 65) ]
TOTAL THIS MO. 1366 CLEAR (SCALE 0-3) 12
DPTR FM NORMAL -23 PTCLDY (SCALE 4-7) 13
TOTAL FM JUL 1 6289 CLOUDY (SCALE 8-10) 3
DPTR FM NORMAL -321
[CDD (BASE 65) ]
TOTAL THIS MO. 0
DPTR FM NORMAL 0 [PRESSURE DATA]
TOTAL FM JAN 1 0 HIGHEST SLP 30.75 ON 24
DPTR FM NORMAL 0 LOWEST SLP 29.13 ON 15
[REMARKS]
#FINAL-02-23#