000
CXUS53 KEAX 012139
CLSDMO
CLIMATE REPORT
NATIONAL WEATHER SERVICE
412 PM CDT WED SEP 01 2021
...................................
...THE SEDALIA MO CLIMATE SUMMARY FOR THE SEASON, FROM
6/1/2021 TO 8/31/2021...
CLIMATE NORMAL PERIOD: 1991 TO 2020
CLIMATE RECORD PERIOD: 9999 TO 9999
WEATHER OBSERVED NORMAL DEPART LAST YEAR`S
VALUE DATE(S) VALUE FROM VALUE DATE(S)
NORMAL
................................................................
TEMPERATURE (F)
HIGHEST 97 06/17 98 -1 95 07/18
08/11
08/25
LOWEST 54 06/22 49 5 54 08/04
08/20
AVG. MAXIMUM 87.2 85.7 1.5 86.7
AVG. MINIMUM 68.2 65.4 2.8 66.9
MEAN 77.7 75.5 2.2 76.8
DAYS MAX >= 90 33 32.8 0.2 MM
DAYS MAX <= 32 0 0.0 0.0 MM
DAYS MIN <= 32 0 0.0 0.0 MM
DAYS MIN <= 0 0 0.0 0.0 MM
PRECIPITATION (INCHES)
TOTALS 10.99 11.82 -0.83 10.86
DAILY AVG. 0.12 0.13 -0.01 0.12
DAYS >= .01 30 26.0 4.0 MM
DAYS >= .10 20 16.2 3.8 MM
DAYS >= .50 8 7.9 0.1 MM
DAYS >= 1.00 1 3.3 -2.3 MM
GREATEST
24 HR. TOTAL 2.49
DEGREE DAYS
HEATING TOTAL 0 12 -12 0
COOLING TOTAL 1193 982 211 1115
................................................................
WIND (MPH)
AVERAGE WIND SPEED 6.8
HIGHEST WIND SPEED/DIRECTION 36/300 DATE 06/11
HIGHEST GUST SPEED/DIRECTION 53/290 DATE 06/11
SKY COVER
POSSIBLE SUNSHINE (PERCENT) MM
AVERAGE SKY COVER 0.23
NUMBER OF DAYS FAIR 73
NUMBER OF DAYS PC 15
NUMBER OF DAYS CLOUDY 4
AVERAGE RH (PERCENT) 73
WEATHER CONDITIONS. NUMBER OF DAYS WITH
THUNDERSTORM 20 MIXED PRECIP 0
HEAVY RAIN 16 RAIN 15
LIGHT RAIN 33 FREEZING RAIN 0
LT FREEZING RAIN 0 HAIL 0
HEAVY SNOW 0 SNOW 0
LIGHT SNOW 0 SLEET 0
FOG 43 FOG W/VIS <= 1/4 MILE 6
HAZE 9
- INDICATES NEGATIVE NUMBERS.
R INDICATES RECORD WAS SET OR TIED.
MM INDICATES DATA IS MISSING.
T INDICATES TRACE AMOUNT.
$$