000
CXUS52 KCAE 011400
CF6DNL
PRELIMINARY LOCAL CLIMATOLOGICAL DATA (WS FORM: F-6)
STATION: AUGUSTA DANIEL FIELD GA
MONTH: JULY
YEAR: 2022
LATITUDE: 33 28 N
LONGITUDE: 82 2 W
TEMPERATURE IN F: :PCPN: SNOW: WIND :SUNSHINE: SKY :PK WND
================================================================================
1 2 3 4 5 6A 6B 7 8 9 10 11 12 13 14 15 16 17 18
12Z AVG MX 2MIN
DY MAX MIN AVG DEP HDD CDD WTR SNW DPTH SPD SPD DIR MIN PSBL S-S WX SPD DR
================================================================================
1 85 74 80 -3 0 15 T M M 5.2 18 50 M M 5 3 22 70
2 94 70 82 -1 0 17 0.00 M M 4.8 14 320 M M 4 12 16 320
3 96 75 86 3 0 21 0.23 M M 4.2 14 130 M M 2 3 21 260
4 92 75 84 0 0 19 T M M 4.2 17 210 M M 1 38 22 210
5 96 74 85 1 0 20 0.02 M M 4.1 17 170 M M 4 13 23 180
6 95 77 86 2 0 21 0.00 M M 3.9 13 230 M M 1 3 18 210
7 99 74 87 3 0 22 1.31 M M 4.1 17 340 M M 3 13 28 340
8 97 75 86 2 0 21 T M M 4.9 20 210 M M 2 3 26 210
9 86 74 80 -4 0 15 0.01 M M 5.6 12 190 M M 6 16 230
10 89 74 82 -2 0 17 0.32 M M 5.1 17 30 M M 7 1 21 30
11 82 71 77 -7 0 12 0.01 M M 5.7 13 60 M M 9 1 16 60
12 87 73 80 -4 0 15 T M M 1.8 7 220 M M 4 10 310
13 85 72 79 -5 0 14 0.22 M M 4.7 10 300 M M 6 1 16 290
14 86 72 79 -5 0 14 0.13 M M 3.3 10 150 M M 3 1 13 140
15 89 73 81 -3 0 16 0.00 M M 4.0 17 220 M M 3 1 22 200
16 92 72 82 -2 0 17 0.00 M M 5.0 14 190 M M 1 18 160
17 93 74 84 0 0 19 0.00 M M 4.9 16 150 M M 0 20 150
18 92 74 83 -1 0 18 T M M 6.3 16 200 M M 1 21 200
19 93 74 84 0 0 19 0.16 M M 5.5 18 290 M M 2 18 26 280
20 90 73 82 -2 0 17 0.25 M M 6.9 16 210 M M 4 13 22 310
21 89 75 82 -2 0 17 T M M 7.6 15 190 M M 4 3 22 210
22 90 76 83 -1 0 18 0.09 M M 6.0 14 210 M M 5 1 16 230
23 94 74 84 0 0 19 0.00 M M 4.9 12 180 M M 2 15 160
24 95 75 85 1 0 20 0.00 M M 5.3 14 200 M M 2 3 18 200
25 93 72 83 -1 0 18 T M M 5.6 14 200 M M 2 17 190
26 95 75 85 1 0 20 0.00 M M 6.3 16 200 M M 1 21 210
27 96 76 86 2 0 21 0.00 M M 5.7 15 210 M M 2 20 220
28 96 76 86 2 0 21 0.00 M M 5.7 14 210 M M 1 19 200
29 96 77 87 3 0 22 0.00 M M 5.5 16 200 M M 2 22 200
30 95 77 86 2 0 21 T M M 4.8 13 90 M M 1 3 16 90
31 97 76 87 3 0 22 T M M 4.3 15 210 M M 1 22 220
================================================================================
SM 2854 2299 0 568 2.75 M 155.9 M 91
================================================================================
AV 92.1 74.2 5.0 FASTST M M 3 MAX(MPH)
MISC ----> 20 210 28 340
================================================================================
NOTES:
# LAST OF SEVERAL OCCURRENCES
COLUMN 17 PEAK WIND IN M.P.H.
PRELIMINARY LOCAL CLIMATOLOGICAL DATA (WS FORM: F-6) , PAGE 2
STATION: AUGUSTA DANIEL FIELD GA
MONTH: JULY
YEAR: 2022
LATITUDE: 33 28 N
LONGITUDE: 82 2 W
[TEMPERATURE DATA] [PRECIPITATION DATA] SYMBOLS USED IN COLUMN 16
AVERAGE MONTHLY: 83.1 TOTAL FOR MONTH: 2.75 1 = FOG OR MIST
DPTR FM NORMAL: -0.9 DPTR FM NORMAL: -2.05 2 = FOG REDUCING VISIBILITY
HIGHEST: 99 ON 7 GRTST 24HR 1.31 ON 7- 7 TO 1/4 MILE OR LESS
LOWEST: 70 ON 2 3 = THUNDER
SNOW, ICE PELLETS, HAIL 4 = ICE PELLETS
TOTAL MONTH: M 5 = HAIL
GRTST 24HR M ON M 6 = FREEZING RAIN OR DRIZZLE
GRTST DEPTH: M ON M 7 = DUSTSTORM OR SANDSTORM:
VSBY 1/2 MILE OR LESS
8 = SMOKE OR HAZE
[NO. OF DAYS WITH] [WEATHER - DAYS WITH] 9 = BLOWING SNOW
X = TORNADO
MAX 32 OR BELOW: 0 0.01 INCH OR MORE: 11
MAX 90 OR ABOVE: 22 0.10 INCH OR MORE: 7
MIN 32 OR BELOW: 0 0.50 INCH OR MORE: 1
MIN 0 OR BELOW: 0 1.00 INCH OR MORE: 1
[HDD (BASE 65) ]
TOTAL THIS MO. 0 CLEAR (SCALE 0-3) 19
DPTR FM NORMAL 0 PTCLDY (SCALE 4-7) 11
TOTAL FM JUL 1 0 CLOUDY (SCALE 8-10) 1
DPTR FM NORMAL 0
[CDD (BASE 65) ]
TOTAL THIS MO. 568
DPTR FM NORMAL -19 [PRESSURE DATA]
TOTAL FM JAN 1 1726 HIGHEST SLP 30.20 ON 31
DPTR FM NORMAL 177 LOWEST SLP 29.84 ON 10
[REMARKS]
#FINAL-07-22#