000
CXUS55 KCAE 011400
CF6DNL
PRELIMINARY LOCAL CLIMATOLOGICAL DATA (WS FORM: F-6)
STATION: AUGUSTA DANIEL FIELD GA
MONTH: SEPTEMBER
YEAR: 2020
LATITUDE: 33 28 N
LONGITUDE: 82 2 W
TEMPERATURE IN F: :PCPN: SNOW: WIND :SUNSHINE: SKY :PK WND
================================================================================
1 2 3 4 5 6A 6B 7 8 9 10 11 12 13 14 15 16 17 18
12Z AVG MX 2MIN
DY MAX MIN AVG DEP HDD CDD WTR SNW DPTH SPD SPD DIR MIN PSBL S-S WX SPD DR
================================================================================
1 96 77 87 8 0 22 0.00 M M 1.3 12 190 M M 2 17 210
2 95 79 87 8 0 22 0.00 M M 4.3 13 310 M M 1 16 320
3 96 77 87 8 0 22 0.00 M M 3.3 13 310 M M 0 17 280
4 97 79 88 10 0 23 0.00 M M 6.1 16 310 M M 0 23 300
5 91 75 83 5 0 18 0.00 M M 8.5 17 50 M M 1 21 50
6 90 67 79 1 0 14 0.00 M M 7.6 14 30 M M 0 19 30
7 92 64 78 0 0 13 0.00 M M 6.7 12 70 M M 0 15 50
8 91 68 80 2 0 15 0.00 M M 6.4 15 30 M M 0 18 50
9 89 73 81 4 0 16 T M M 8.0 15 30 M M 7 1 19 40
10 90 76 83 6 0 18 0.48 M M 5.5 12 320 M M 6 14 20
11 90 76 83 6 0 18 0.07 M M 6.0 14 90 M M 1 3 17 90
12 90 75 83 6 0 18 0.76 M M 7.6 18 120 M M 6 123 28 140
13 90 75 83 7 0 18 0.03 M M 5.7 13 80 M M 9 13 18 70
14 92 75 84 8 0 19 0.00 M M 5.3 20 60 M M 5 1 24 60
15 83 71 77 1 0 12 0.05 M M 10.8 18 70 M M 6 25 80
16 75 67 71 -5 0 6 1.01 M M 10.0 17 40 M M 9 1 21 50
17 83 71 77 2 0 12 4.45 M M 8.6 20 100 M M 9 1238 29 110
18 80 70 75 0 0 10 T M M 8.2 16 10 M M 8 22 10
19 74 63 69 -6 0 4 0.00 M M 11.1 20 40 M M 0 26 30
20 76 54 65 -9 0 0 0.00 M M 11.1 18 30 M M 2 26 50
21 75 54 65 -9 0 0 0.00 M M 10.7 20 60 M M 1 26 50
22 74 54 64 -10 1 0 0.00 M M 5.6 13 70 M M 0 16 70
23 78 59 69 -5 0 4 0.00 M M 2.0 10 190 M M 2 12 210
24 81 64 73 0 0 8 0.05 M M 4.3 10 90 M M 4 1 18 100
25 85 70 78 5 0 13 0.96 M M 5.8 14 350 M M 8 1 19 150
26 74 66 70 -3 0 5 0.00 M M 3.7 10 360 M M 8 1 13 360
27 73 65 69 -3 0 4 0.01 0.0 0 2.8 8 180 M M 7 128 11 190
28 82 69 76 4 0 11 T M M 6.0 14 150 M M 9 12 18 130
29 86 61 74 2 0 9 0.02 M M 8.7 25 320 M M 7 1 37 290
30 76 56 66 -5 0 1 0.00 M M 5.0 13 310 M M 0 16 300
================================================================================
SM 2544 2050 1 355 7.89 0.0 196.7 M 118
================================================================================
AV 84.8 68.3 6.6 FASTST M M 4 MAX(MPH)
MISC ----> # 25 320 # 37 290
================================================================================
NOTES:
# LAST OF SEVERAL OCCURRENCES
COLUMN 17 PEAK WIND IN M.P.H.
PRELIMINARY LOCAL CLIMATOLOGICAL DATA (WS FORM: F-6) , PAGE 2
STATION: AUGUSTA DANIEL FIELD GA
MONTH: SEPTEMBER
YEAR: 2020
LATITUDE: 33 28 N
LONGITUDE: 82 2 W
[TEMPERATURE DATA] [PRECIPITATION DATA] SYMBOLS USED IN COLUMN 16
AVERAGE MONTHLY: 76.6 TOTAL FOR MONTH: 7.89 1 = FOG OR MIST
DPTR FM NORMAL: 1.0 DPTR FM NORMAL: 4.52 2 = FOG REDUCING VISIBILITY
HIGHEST: 97 ON 4 GRTST 24HR 4.45 ON 17-17 TO 1/4 MILE OR LESS
LOWEST: 54 ON 22,21 3 = THUNDER
SNOW, ICE PELLETS, HAIL 4 = ICE PELLETS
TOTAL MONTH: 0.0 INCH 5 = HAIL
GRTST 24HR 0.0 6 = FREEZING RAIN OR DRIZZLE
GRTST DEPTH: 0 7 = DUSTSTORM OR SANDSTORM:
VSBY 1/2 MILE OR LESS
8 = SMOKE OR HAZE
[NO. OF DAYS WITH] [WEATHER - DAYS WITH] 9 = BLOWING SNOW
X = TORNADO
MAX 32 OR BELOW: 0 0.01 INCH OR MORE: 11
MAX 90 OR ABOVE: 13 0.10 INCH OR MORE: 5
MIN 32 OR BELOW: 0 0.50 INCH OR MORE: 4
MIN 0 OR BELOW: 0 1.00 INCH OR MORE: 2
[HDD (BASE 65) ]
TOTAL THIS MO. 1 CLEAR (SCALE 0-3) 15
DPTR FM NORMAL -2 PTCLDY (SCALE 4-7) 11
TOTAL FM JUL 1 1 CLOUDY (SCALE 8-10) 4
DPTR FM NORMAL -2
[CDD (BASE 65) ]
TOTAL THIS MO. 355
DPTR FM NORMAL 35 [PRESSURE DATA]
TOTAL FM JAN 1 2488 HIGHEST SLP 30.39 ON 21
DPTR FM NORMAL 357 LOWEST SLP 29.67 ON 17
[REMARKS]
#FINAL-09-20#