000
CXUS55 KVEF 010910
CF6DRA
PRELIMINARY LOCAL CLIMATOLOGICAL DATA (WS FORM: F-6)
STATION: DESERT ROCK-MERCURY NV
MONTH: APRIL
YEAR: 2023
LATITUDE: 36 37 N
LONGITUDE: 116 1 W
TEMPERATURE IN F: :PCPN: SNOW: WIND :SUNSHINE: SKY :PK WND
================================================================================
1 2 3 4 5 6A 6B 7 8 9 10 11 12 13 14 15 16 17 18
12Z AVG MX 2MIN
DY MAX MIN AVG DEP HDD CDD WTR SNW DPTH SPD SPD DIR MIN PSBL S-S WX SPD DR
================================================================================
1 67 33 50 -7 15 0 0.00 0.0 0 5.8 17 200 M M 0 24 220
2 70 39 55 -3 10 0 0.00 0.0 0 14.0 33 200 M M 0 51 200
3 58 32 45 -13 20 0 0.16 0.0 0 19.6 33 190 M M 4 1 58 40
4 51 29 40 -18 25 0 0.00 0.0 0 8.9 16 340 M M 1 38 340
5 55 31 43 -15 22 0 0.00 0.0 0 8.5 16 80 M M 0 23 80
6 63 38 51 -7 14 0 0.00 0.0 0 8.0 18 100 M M 0 30 110
7 71 38 55 -3 10 0 0.00 0.0 0 7.2 17 200 M M 0 32 200
8 72 43 58 -1 7 0 0.00 0.0 0 4.5 12 240 M M 0 17 200
9 81 44 63 4 2 0 0.00 0.0 0 5.0 18 80 M M 0 28 80
10 86 49 68 9 0 3 0.00 0.0 0 10.2 16 200 M M 0 23 200
11 86 50 68 9 0 3 0.00 0.0 0 12.5 28 210 M M 0 38 220
12 79 62 71 12 0 6 0.00 0.0 0 16.0 27 190 M M 0 44 190
13 72 50 61 1 4 0 0.00 0.0 0 10.4 18 240 M M 1 32 240
14 70 45 58 -2 7 0 0.00 0.0 0 7.0 15 40 M M 1 21 290
15 75 43 59 -1 6 0 0.00 0.0 0 5.8 15 22 M M 0 22 260
16 79 43 61 1 4 0 0.00 0.0 0 7.1 22 230 M M M 32 230
17 78 49 64 4 1 0 0.00 0.0 0 18.1 22 220 M M 1 37 210
18 72 51 62 1 3 0 0.00 0.0 0 17.6 25 230 M M 0 44 220
19 65 43 54 -7 11 0 0.00 0.0 0 9.0 21 30 M M 0 32 40
20 70 43 57 -4 8 0 0.00 0.0 0 6.3 14 20 M M 0 22 40
21 82 42 62 0 3 0 0.00 0.0 0 7.2 21 30 M M 0 32 30
22 79 56 68 6 0 3 0.00 0.0 0 9.0 18 30 M M 0 22 350
23 81 56 69 7 0 4 0.00 0.0 M 9.3 16 200 M M 3 33 200
24 85 58 72 10 0 7 0.00 0.0 M 10.1 20 270 M M 0 35 240
25 76 52 64 1 1 0 0.00 0.0 M 13.5 21 30 M M 0 40 20
26 81 53 67 4 0 2 0.00 0.0 M 9.5 17 40 M M 0 22 10
27 87 50 69 6 0 4 0.00 0.0 M 4.7 16 40 M M 0 M M
28 88 61 75 11 0 10 0.00 0.0 0 8.7 20 90 M M 0 30 110
29 91 52 72 8 0 7 0.00 0.0 0 5.1 14 180 M M 0 28 180
30 91 54 73 9 0 8 0.00 0.0 0 9.6 21 200 M M 0 36 210
================================================================================
SM 2261 1389 173 57 0.16 0.0 288.2 M 11
================================================================================
AV 75.4 46.3 9.6 FASTST M M 0 MAX(MPH)
MISC ----> # 33 200 58 40
================================================================================
NOTES:
# LAST OF SEVERAL OCCURRENCES
COLUMN 17 PEAK WIND IN M.P.H.
PRELIMINARY LOCAL CLIMATOLOGICAL DATA (WS FORM: F-6) , PAGE 2
STATION: DESERT ROCK-MERCURY NV
MONTH: APRIL
YEAR: 2023
LATITUDE: 36 37 N
LONGITUDE: 116 1 W
[TEMPERATURE DATA] [PRECIPITATION DATA] SYMBOLS USED IN COLUMN 16
AVERAGE MONTHLY: 60.8 TOTAL FOR MONTH: 0.16 1 = FOG OR MIST
DPTR FM NORMAL: 0.5 DPTR FM NORMAL: -0.20 2 = FOG REDUCING VISIBILITY
HIGHEST: 91 ON 30,29 GRTST 24HR 0.16 ON 3- 3 TO 1/4 MILE OR LESS
LOWEST: 29 ON 4 3 = THUNDER
SNOW, ICE PELLETS, HAIL 4 = ICE PELLETS
TOTAL MONTH: 0.0 INCH 5 = HAIL
GRTST 24HR 0.0 6 = FREEZING RAIN OR DRIZZLE
GRTST DEPTH: 0 7 = DUSTSTORM OR SANDSTORM:
VSBY 1/2 MILE OR LESS
8 = SMOKE OR HAZE
[NO. OF DAYS WITH] [WEATHER - DAYS WITH] 9 = BLOWING SNOW
X = TORNADO
MAX 32 OR BELOW: 0 0.01 INCH OR MORE: 1
MAX 90 OR ABOVE: 2 0.10 INCH OR MORE: 1
MIN 32 OR BELOW: 3 0.50 INCH OR MORE: 0
MIN 0 OR BELOW: 0 1.00 INCH OR MORE: 0
[HDD (BASE 65) ]
TOTAL THIS MO. 173 CLEAR (SCALE 0-3) 28
DPTR FM NORMAL 2 PTCLDY (SCALE 4-7) 1
TOTAL FM JUL 1 3237 CLOUDY (SCALE 8-10) 1
DPTR FM NORMAL 449
[CDD (BASE 65) ]
TOTAL THIS MO. 57
DPTR FM NORMAL 25 [PRESSURE DATA]
TOTAL FM JAN 1 57 HIGHEST SLP M ON M
DPTR FM NORMAL 22 LOWEST SLP M ON M
[REMARKS]
#FINAL-04-23#